{"id":95691,"date":"2025-06-15T22:33:16","date_gmt":"2025-06-15T22:33:16","guid":{"rendered":"http:\/\/recettes-gourmandes-de-joce.fr\/?page_id=95691"},"modified":"2025-06-15T22:34:32","modified_gmt":"2025-06-15T22:34:32","slug":"origan-sec-maison","status":"publish","type":"page","link":"http:\/\/recettes-gourmandes-de-joce.fr\/index.php\/index\/divers-vins-epices-herbes-deco-de-table-temps-de-cuisson-etc\/plantes-aromatiques\/origan-sec-maison\/","title":{"rendered":"Origan sec maison."},"content":{"rendered":"<div id=\"post-3091\" class=\"clearfix post post-3091 page type-page status-publish has-post-thumbnail hentry nodate item-wrap\">\n<div class=\"entry clearfix\" style=\"text-align: center;\">\n<p><span style=\"color: #808000;\"><u style=\"font-family: georgia, palatino, serif; font-size: 18pt;\"><em>Une de mes recettes<\/em><\/u><\/span><\/p>\n<p><img loading=\"lazy\" decoding=\"async\" class=\"alignnone wp-image-95637\" style=\"color: #808000; font-family: georgia, palatino, serif; font-size: 14pt;\" src=\"http:\/\/recettes-gourmandes-de-joce.fr\/wp-content\/uploads\/2025\/06\/20250613_141709.jpg\" alt=\"\" width=\"240\" height=\"180\" srcset=\"http:\/\/recettes-gourmandes-de-joce.fr\/wp-content\/uploads\/2025\/06\/20250613_141709.jpg 800w, http:\/\/recettes-gourmandes-de-joce.fr\/wp-content\/uploads\/2025\/06\/20250613_141709-768x576.jpg 768w, http:\/\/recettes-gourmandes-de-joce.fr\/wp-content\/uploads\/2025\/06\/20250613_141709-750x563.jpg 750w\" sizes=\"auto, (max-width: 240px) 100vw, 240px\" \/> <img loading=\"lazy\" decoding=\"async\" class=\"alignnone wp-image-95641\" style=\"color: #808000; font-family: georgia, palatino, serif; font-size: 14pt;\" src=\"http:\/\/recettes-gourmandes-de-joce.fr\/wp-content\/uploads\/2025\/06\/20250612_232229.jpg\" alt=\"\" width=\"167\" height=\"180\" \/><\/p>\n<div class=\"entry-content clearfix\" style=\"text-align: center;\">\n<div class=\"pf-content\">\n<p><span style=\"font-size: 18pt; font-family: georgia, palatino, serif; color: #808000;\"><u><em>Ingr\u00e9dients<\/em><\/u><\/span><\/p>\n<p><span style=\"font-size: 14pt; font-family: georgia, palatino, serif; color: #808000;\"><img loading=\"lazy\" decoding=\"async\" class=\"alignnone wp-image-95637\" src=\"http:\/\/recettes-gourmandes-de-joce.fr\/wp-content\/uploads\/2025\/06\/20250613_141709.jpg\" alt=\"\" width=\"267\" height=\"200\" srcset=\"http:\/\/recettes-gourmandes-de-joce.fr\/wp-content\/uploads\/2025\/06\/20250613_141709.jpg 800w, http:\/\/recettes-gourmandes-de-joce.fr\/wp-content\/uploads\/2025\/06\/20250613_141709-768x576.jpg 768w, http:\/\/recettes-gourmandes-de-joce.fr\/wp-content\/uploads\/2025\/06\/20250613_141709-750x563.jpg 750w\" sizes=\"auto, (max-width: 267px) 100vw, 267px\" \/><\/span><\/p>\n<p><span style=\"font-size: 14pt; font-family: georgia, palatino, serif; color: #808000;\"><em>1 bouquet d&rsquo;origan frais<\/em><\/span><\/p>\n<p><span style=\"font-size: 14pt; font-family: georgia, palatino, serif; color: #808000;\"><em>1 pot herm\u00e9tique<\/em><\/span><\/p>\n<p><span style=\"font-size: 14pt; font-family: georgia, palatino, serif; color: #808000;\"><em>1 \u00e9tiquette<\/em><\/span><\/p>\n<p><span style=\"font-size: 14pt; font-family: georgia, palatino, serif; color: #808000;\"><em>Tout sur les herbes aromatiques sur ce lien -&gt;<span style=\"color: #800080;\">\u00a0<a style=\"color: #800080;\" href=\"http:\/\/recettes-gourmandes-de-joce.fr\/index.php\/index\/divers-vins-epices-herbes-deco-de-table-temps-de-cuisson-etc\/plantes-aromatiques\/plantes-aromatiques\/\">Plantes aromatiques<\/a><\/span><\/em><span style=\"color: #800080;\"><em>\u00a0<\/em><strong><em><img decoding=\"async\" class=\"lazy-loaded\" src=\"http:\/\/s4.e-monsite.com\/2011\/03\/23\/07\/resize_250_250\/\/mon_parterre_d_herbes_aromatiques_que_j_ai_pl.jpg\" alt=\"\" border=\"0\" data-lazy-type=\"image\" data-src=\"http:\/\/s4.e-monsite.com\/2011\/03\/23\/07\/resize_250_250\/\/mon_parterre_d_herbes_aromatiques_que_j_ai_pl.jpg\" \/><\/em><\/strong><\/span><\/span><\/p>\n<p><span style=\"font-size: 14pt; font-family: georgia, palatino, serif; color: #808000;\"><img loading=\"lazy\" decoding=\"async\" class=\"alignnone wp-image-95636\" src=\"http:\/\/recettes-gourmandes-de-joce.fr\/wp-content\/uploads\/2025\/06\/20250613_141607.jpg\" alt=\"\" width=\"178\" height=\"170\" srcset=\"http:\/\/recettes-gourmandes-de-joce.fr\/wp-content\/uploads\/2025\/06\/20250613_141607.jpg 800w, http:\/\/recettes-gourmandes-de-joce.fr\/wp-content\/uploads\/2025\/06\/20250613_141607-768x733.jpg 768w, http:\/\/recettes-gourmandes-de-joce.fr\/wp-content\/uploads\/2025\/06\/20250613_141607-750x716.jpg 750w\" sizes=\"auto, (max-width: 178px) 100vw, 178px\" \/> <img loading=\"lazy\" decoding=\"async\" class=\"alignnone wp-image-95638\" src=\"http:\/\/recettes-gourmandes-de-joce.fr\/wp-content\/uploads\/2025\/06\/20250612_231352.jpg\" alt=\"\" width=\"154\" height=\"170\" \/>\u00a0<img loading=\"lazy\" decoding=\"async\" class=\"alignnone wp-image-95639\" src=\"http:\/\/recettes-gourmandes-de-joce.fr\/wp-content\/uploads\/2025\/06\/20250612_231352-001.jpg\" alt=\"\" width=\"154\" height=\"170\" \/><\/span><\/p>\n<p><span style=\"font-size: 14pt; font-family: georgia, palatino, serif; color: #808000;\"><em>Laisser s\u00e9cher\u00a0<\/em><em>l&rsquo;origan <\/em><em>\u00e0 l\u2019air libre en plein soleil et \u00e0 l\u2019abri de l\u2019humidit\u00e9 , pendant environ 2 jours en le rentrant la nuit. Lorsqu\u2019il est bien sec, l&rsquo;effeuiller et le passer au mixeur. <\/em><\/span><\/p>\n<p><span style=\"font-size: 14pt; font-family: georgia, palatino, serif; color: #808000;\">\u00a0<img loading=\"lazy\" decoding=\"async\" class=\"alignnone wp-image-95640\" src=\"http:\/\/recettes-gourmandes-de-joce.fr\/wp-content\/uploads\/2025\/06\/20250612_231818.jpg\" alt=\"\" width=\"230\" height=\"170\" srcset=\"http:\/\/recettes-gourmandes-de-joce.fr\/wp-content\/uploads\/2025\/06\/20250612_231818.jpg 800w, http:\/\/recettes-gourmandes-de-joce.fr\/wp-content\/uploads\/2025\/06\/20250612_231818-768x568.jpg 768w, http:\/\/recettes-gourmandes-de-joce.fr\/wp-content\/uploads\/2025\/06\/20250612_231818-750x555.jpg 750w\" sizes=\"auto, (max-width: 230px) 100vw, 230px\" \/> <img loading=\"lazy\" decoding=\"async\" class=\"alignnone wp-image-95641\" src=\"http:\/\/recettes-gourmandes-de-joce.fr\/wp-content\/uploads\/2025\/06\/20250612_232229.jpg\" alt=\"\" width=\"158\" height=\"170\" \/><\/span><\/p>\n<p><span style=\"font-size: 14pt; font-family: georgia, palatino, serif; color: #808000;\"><em>Remplir e pot herm\u00e9tique et \u00e9tiqueter en prenant soin d\u2019indiquer la date.<\/em><\/span><\/p>\n<p><span style=\"font-size: 14pt; font-family: georgia, palatino, serif; color: #808000;\"><em>Bonnes recettes!<\/em><\/span><\/p>\n<p><span style=\"font-size: 14pt; font-family: georgia, palatino, serif; color: #808000;\"><img decoding=\"async\" class=\"lazy-loaded\" src=\"http:\/\/recettes-gourmandes-de-joce.fr\/wp-content\/uploads\/2019\/09\/logitech-gaming-software-14112014-121223.jpg\" data-lazy-type=\"image\" data-src=\"http:\/\/recettes-gourmandes-de-joce.fr\/wp-content\/uploads\/2019\/09\/logitech-gaming-software-14112014-121223.jpg\" \/><\/span><\/p>\n<\/div>\n<\/div>\n<\/div>\n<\/div>\n","protected":false},"excerpt":{"rendered":"<p>Une de mes recettes Ingr\u00e9dients 1 bouquet d&rsquo;origan frais 1 pot herm\u00e9tique 1 \u00e9tiquette Tout sur les herbes aromatiques sur ce lien -&gt;\u00a0Plantes aromatiques\u00a0 \u00a0 Laisser s\u00e9cher\u00a0l&rsquo;origan \u00e0 l\u2019air libre en plein soleil et \u00e0 l\u2019abri de l\u2019humidit\u00e9 , pendant environ 2 jours en le rentrant la nuit. Lorsqu\u2019il est bien sec, l&rsquo;effeuiller et le &hellip; <\/p>\n<p><a class=\"more-link btn\" href=\"http:\/\/recettes-gourmandes-de-joce.fr\/index.php\/index\/divers-vins-epices-herbes-deco-de-table-temps-de-cuisson-etc\/plantes-aromatiques\/origan-sec-maison\/\">Lire la suite<\/a><\/p>\n","protected":false},"author":2,"featured_media":95641,"parent":291,"menu_order":0,"comment_status":"open","ping_status":"closed","template":"","meta":{"footnotes":""},"class_list":["post-95691","page","type-page","status-publish","has-post-thumbnail","hentry","nodate","item-wrap"],"_links":{"self":[{"href":"http:\/\/recettes-gourmandes-de-joce.fr\/index.php\/wp-json\/wp\/v2\/pages\/95691","targetHints":{"allow":["GET"]}}],"collection":[{"href":"http:\/\/recettes-gourmandes-de-joce.fr\/index.php\/wp-json\/wp\/v2\/pages"}],"about":[{"href":"http:\/\/recettes-gourmandes-de-joce.fr\/index.php\/wp-json\/wp\/v2\/types\/page"}],"author":[{"embeddable":true,"href":"http:\/\/recettes-gourmandes-de-joce.fr\/index.php\/wp-json\/wp\/v2\/users\/2"}],"replies":[{"embeddable":true,"href":"http:\/\/recettes-gourmandes-de-joce.fr\/index.php\/wp-json\/wp\/v2\/comments?post=95691"}],"version-history":[{"count":3,"href":"http:\/\/recettes-gourmandes-de-joce.fr\/index.php\/wp-json\/wp\/v2\/pages\/95691\/revisions"}],"predecessor-version":[{"id":95694,"href":"http:\/\/recettes-gourmandes-de-joce.fr\/index.php\/wp-json\/wp\/v2\/pages\/95691\/revisions\/95694"}],"up":[{"embeddable":true,"href":"http:\/\/recettes-gourmandes-de-joce.fr\/index.php\/wp-json\/wp\/v2\/pages\/291"}],"wp:featuredmedia":[{"embeddable":true,"href":"http:\/\/recettes-gourmandes-de-joce.fr\/index.php\/wp-json\/wp\/v2\/media\/95641"}],"wp:attachment":[{"href":"http:\/\/recettes-gourmandes-de-joce.fr\/index.php\/wp-json\/wp\/v2\/media?parent=95691"}],"curies":[{"name":"wp","href":"https:\/\/api.w.org\/{rel}","templated":true}]}}