{"id":9192,"date":"2019-11-05T10:57:34","date_gmt":"2019-11-05T10:57:34","guid":{"rendered":"http:\/\/recettes-gourmandes-de-joce.fr\/?page_id=9192"},"modified":"2024-07-12T09:06:22","modified_gmt":"2024-07-12T09:06:22","slug":"chocolat-chaud-ou-cafe-gourmand-de-noel","status":"publish","type":"page","link":"http:\/\/recettes-gourmandes-de-joce.fr\/index.php\/index\/desserts\/cafe-the-chocolat-gourmand\/chocolat-chaud-ou-cafe-gourmand-de-noel\/","title":{"rendered":"Chocolat chaud ou caf\u00e9 gourmand de No\u00ebl."},"content":{"rendered":"<p style=\"text-align: center;\"><span style=\"font-family: georgia,serif;\"><span style=\"color: #ff0000; font-size: x-large; text-decoration: underline;\"><em><span style=\"text-decoration: underline;\">Une de mes recettes<\/span><\/em><\/span><\/span><\/p>\n<p style=\"text-align: center;\"><img loading=\"lazy\" decoding=\"async\" class=\"alignnone wp-image-9188\" src=\"http:\/\/recettes-gourmandes-de-joce.fr\/wp-content\/uploads\/2019\/11\/P1010072-150x150.jpg\" alt=\"\" width=\"240\" height=\"180\" srcset=\"http:\/\/recettes-gourmandes-de-joce.fr\/wp-content\/uploads\/2019\/11\/P1010072-300x225.jpg 300w, http:\/\/recettes-gourmandes-de-joce.fr\/wp-content\/uploads\/2019\/11\/P1010072.jpg 640w\" sizes=\"auto, (max-width: 240px) 100vw, 240px\" \/> <img loading=\"lazy\" decoding=\"async\" class=\"alignnone wp-image-9180\" src=\"http:\/\/recettes-gourmandes-de-joce.fr\/wp-content\/uploads\/2019\/11\/P1010111-150x150.jpg\" alt=\"\" width=\"240\" height=\"180\" srcset=\"http:\/\/recettes-gourmandes-de-joce.fr\/wp-content\/uploads\/2019\/11\/P1010111-300x225.jpg 300w, http:\/\/recettes-gourmandes-de-joce.fr\/wp-content\/uploads\/2019\/11\/P1010111.jpg 640w\" sizes=\"auto, (max-width: 240px) 100vw, 240px\" \/> <img loading=\"lazy\" decoding=\"async\" class=\"alignnone wp-image-9182\" src=\"http:\/\/recettes-gourmandes-de-joce.fr\/wp-content\/uploads\/2019\/11\/P1010061-150x150.jpg\" alt=\"\" width=\"247\" height=\"180\" srcset=\"http:\/\/recettes-gourmandes-de-joce.fr\/wp-content\/uploads\/2019\/11\/P1010061-300x219.jpg 300w, http:\/\/recettes-gourmandes-de-joce.fr\/wp-content\/uploads\/2019\/11\/P1010061.jpg 640w\" sizes=\"auto, (max-width: 247px) 100vw, 247px\" \/><\/p>\n<p style=\"text-align: center;\"><span style=\"font-family: georgia,serif;\"><em><span style=\"color: #808080; font-size: 12pt;\"><span style=\"color: #ff0000; font-size: x-large; text-decoration: underline;\">Composition<\/span><\/span><\/em><\/span><\/p>\n<p style=\"text-align: center;\"><span style=\"font-family: georgia,serif;\"><span style=\"font-size: x-large;\"><em><span style=\"color: #808080;\"><span style=\"color: #ff0000; text-decoration: underline;\"><em><span style=\"color: #ff0000;\">Chocolat chaud ou Expresso<\/span><\/em><\/span><\/span><\/em><\/span><\/span><\/p>\n<p style=\"text-align: center;\"><span style=\"font-family: georgia,serif;\"><em><span style=\"color: #808080; font-size: 12pt;\"><span style=\"color: #ff0000; font-size: x-large;\"><span style=\"font-size: large;\">Chocolat chaud <img loading=\"lazy\" decoding=\"async\" class=\"alignnone size-thumbnail wp-image-9187\" src=\"http:\/\/recettes-gourmandes-de-joce.fr\/wp-content\/uploads\/2019\/11\/P1010070-150x150.jpg\" alt=\"\" width=\"150\" height=\"150\" \/> Expresso <img loading=\"lazy\" decoding=\"async\" class=\"alignnone size-thumbnail wp-image-9195\" src=\"http:\/\/recettes-gourmandes-de-joce.fr\/wp-content\/uploads\/2019\/11\/P1010109-001-150x150.jpg\" alt=\"\" width=\"150\" height=\"150\" \/><\/span><\/span><\/span><\/em><\/span><\/p>\n<p style=\"text-align: center;\"><span style=\"font-family: georgia,serif;\"><em><span style=\"color: #808080; font-size: 12pt;\"><span style=\"color: #ff0000; font-size: x-large; text-decoration: underline;\">Sabl\u00e9s de No\u00ebl <\/span><\/span><\/em><\/span><\/p>\n<p style=\"text-align: center;\"><span style=\"font-family: georgia,serif;\"><em><span style=\"color: #808080; font-size: 12pt;\"><span style=\"color: #ff0000; font-size: x-large;\"><span style=\"font-size: large;\"><em>Recette sur ce lien -&gt; <a href=\"http:\/\/recettes-gourmandes-de-joce.fr\/index.php\/index\/desserts\/biscuits-du-gouter\/sables-de-noel\/\"><span style=\"color: #333399;\"><span style=\"color: #800080;\">Sabl\u00e9s de No\u00ebl<\/span><img loading=\"lazy\" decoding=\"async\" class=\"alignnone wp-image-41341\" src=\"http:\/\/recettes-gourmandes-de-joce.fr\/wp-content\/uploads\/2022\/01\/20211229_105152-300x225.jpg\" alt=\"\" width=\"200\" height=\"150\" srcset=\"http:\/\/recettes-gourmandes-de-joce.fr\/wp-content\/uploads\/2022\/01\/20211229_105152-300x225.jpg 300w, http:\/\/recettes-gourmandes-de-joce.fr\/wp-content\/uploads\/2022\/01\/20211229_105152-768x576.jpg 768w, http:\/\/recettes-gourmandes-de-joce.fr\/wp-content\/uploads\/2022\/01\/20211229_105152-750x563.jpg 750w, http:\/\/recettes-gourmandes-de-joce.fr\/wp-content\/uploads\/2022\/01\/20211229_105152.jpg 800w\" sizes=\"auto, (max-width: 200px) 100vw, 200px\" \/><\/span><\/a><\/em><\/span><\/span><\/span><\/em><\/span><\/p>\n<p style=\"text-align: center;\"><span style=\"font-family: georgia,serif;\"><span style=\"font-size: x-large;\"><em><span style=\"color: #808080;\"><span style=\"color: #ff0000; text-decoration: underline;\"><em>Truffes aux chocolat<\/em><\/span><\/span><\/em><\/span><\/span><\/p>\n<p style=\"text-align: center;\"><span style=\"font-family: georgia,serif;\"><em><span style=\"color: #808080; font-size: 12pt;\"><span style=\"color: #ff0000; font-size: x-large;\"><span style=\"font-size: large;\"><em><span style=\"color: #ff0000; font-size: large;\"><em>Recette sur ce lien -&gt;<\/em><\/span><\/em><\/span><a href=\"http:\/\/recettes-gourmandes-de-joce.fr\/index.php\/index\/desserts\/chocolats-friandises\/4378-2\/\"><span style=\"color: #333399; font-size: large;\"><em><em><em><em><span style=\"color: #800080;\">Truffes aux chocolat<\/span><img loading=\"lazy\" decoding=\"async\" class=\"alignnone wp-image-4256\" src=\"http:\/\/recettes-gourmandes-de-joce.fr\/wp-content\/uploads\/2019\/10\/p1011897-1-300x217.jpg\" alt=\"\" width=\"208\" height=\"150\" srcset=\"http:\/\/recettes-gourmandes-de-joce.fr\/wp-content\/uploads\/2019\/10\/p1011897-1-300x217.jpg 300w, http:\/\/recettes-gourmandes-de-joce.fr\/wp-content\/uploads\/2019\/10\/p1011897-1.jpg 640w\" sizes=\"auto, (max-width: 208px) 100vw, 208px\" \/><\/em><\/em><\/em><\/em><\/span><\/a><\/span><\/span><\/em><\/span><\/p>\n<p style=\"text-align: center;\"><span style=\"font-family: georgia,serif;\"><span style=\"font-size: x-large;\"><em><span style=\"color: #808080;\"><span style=\"color: #ff0000; text-decoration: underline;\"><em><span style=\"color: #ff0000;\"><em>Chocolats divers<\/em><\/span><\/em><\/span><\/span><\/em><\/span><\/span><\/p>\n<p style=\"text-align: center;\"><span style=\"font-family: georgia,serif;\"><em><span style=\"color: #808080; font-size: 12pt;\"><span style=\"color: #ff0000; font-size: x-large;\"><span style=\"font-size: large;\"><em><span style=\"color: #ff0000; font-size: large;\"><em>Recette sur ce lien -&gt; <a href=\"http:\/\/recettes-gourmandes-de-joce.fr\/index.php\/index\/desserts\/chocolats-friandises\/\"><span style=\"color: #800080;\"><em><span style=\"font-size: 12pt;\"><span style=\"font-size: x-large;\"><span style=\"font-size: large;\"><em><span style=\"font-size: large;\"><em>Chocolats\u00a0divers<\/em><\/span><\/em><\/span><\/span><\/span><\/em><\/span><img loading=\"lazy\" decoding=\"async\" class=\"alignnone size-thumbnail wp-image-9183\" src=\"http:\/\/recettes-gourmandes-de-joce.fr\/wp-content\/uploads\/2019\/11\/P1010065-150x150.jpg\" alt=\"\" width=\"150\" height=\"150\" \/><\/a><\/em><\/span><\/em><\/span><\/span><\/span><\/em><\/span><\/p>\n<p style=\"text-align: center;\"><span style=\"font-family: georgia,serif;\"><span style=\"font-size: large;\"><em><span style=\"color: #808080;\"><span style=\"color: #ff0000;\"><em><span style=\"color: #ff0000;\"><em><em><span style=\"color: #808080;\"><span style=\"color: #ff0000;\"><em><span style=\"color: #ff0000;\"><em>Recette sur ce lien <\/em><\/span><\/em><\/span><\/span><\/em><\/em><\/span><\/em><\/span><span style=\"color: #ff0000;\"><em><span style=\"color: #ff0000;\"><em><em><span style=\"color: #808080;\"><span style=\"color: #ff0000;\"><em><span style=\"color: #ff0000;\"><em>-&gt; <\/em><\/span><\/em><\/span><\/span><\/em><\/em><\/span><\/em><\/span><a href=\"http:\/\/recettes-gourmandes-de-joce.fr\/index.php\/index\/desserts\/biscuits-du-gouter\/macarons-au-citron\/\"><span style=\"color: #800080;\"><em><em><em><em><em><span style=\"color: #800080;\">Macarons au citron<\/span> <\/em><\/em><\/em><\/em><\/em><\/span><span style=\"color: #ff0000;\"><em><span style=\"color: #ff0000;\"><em><em><span style=\"color: #808080;\"><span style=\"color: #ff0000;\"><em><span style=\"color: #ff0000;\"><em><img loading=\"lazy\" decoding=\"async\" class=\"alignnone size-thumbnail wp-image-20313\" src=\"http:\/\/recettes-gourmandes-de-joce.fr\/wp-content\/uploads\/2020\/04\/20200413_192150-150x150.jpg\" alt=\"\" width=\"150\" height=\"150\" \/><\/em><\/span><\/em><\/span><\/span><\/em><\/em><\/span><\/em><\/span><\/a><\/span><\/em><\/span><\/span><\/p>\n<p style=\"text-align: center;\"><em style=\"font-family: georgia, serif; font-size: large;\"><span style=\"color: #808080;\"><span style=\"color: #ff0000;\"><em><em><em><span style=\"color: #808080;\"><span style=\"color: #ff0000;\"><em><em>Recette sur ce lien -&gt; <a href=\"http:\/\/recettes-gourmandes-de-joce.fr\/index.php\/index\/desserts\/chocolats-friandises\/meringues\/\"><span style=\"color: #800080;\">Meringues<\/span><\/a><\/em><\/em><\/span><\/span><\/em><\/em><\/em><\/span><span style=\"color: #ff0000;\"><em><em><em><span style=\"color: #808080;\"><span style=\"color: #ff0000;\"><em><em> <img loading=\"lazy\" decoding=\"async\" class=\"alignnone wp-image-41356\" src=\"http:\/\/recettes-gourmandes-de-joce.fr\/wp-content\/uploads\/2022\/01\/20220102_133610-265x300.jpg\" alt=\"\" width=\"133\" height=\"150\" srcset=\"http:\/\/recettes-gourmandes-de-joce.fr\/wp-content\/uploads\/2022\/01\/20220102_133610-265x300.jpg 265w, http:\/\/recettes-gourmandes-de-joce.fr\/wp-content\/uploads\/2022\/01\/20220102_133610.jpg 707w\" sizes=\"auto, (max-width: 133px) 100vw, 133px\" \/><\/em><\/em><\/span><\/span><\/em><\/em><\/em><\/span><\/span><\/em><\/p>\n<p style=\"text-align: center;\"><span style=\"font-family: georgia,serif;\"><span style=\"font-size: large;\"><em><span style=\"color: #808080;\"><span style=\"color: #ff0000; text-decoration: underline;\"><em><span style=\"color: #ff0000;\"><em><em><span style=\"color: #808080;\"><span style=\"color: #ff0000; text-decoration: underline;\"><em><span style=\"color: #ff0000;\"><em>Vous pouvez aussi ajouter quelques tranches de cl\u00e9mentine pour le cot\u00e9 fruit.<img loading=\"lazy\" decoding=\"async\" class=\"alignnone size-thumbnail wp-image-9191\" src=\"http:\/\/recettes-gourmandes-de-joce.fr\/wp-content\/uploads\/2019\/11\/P1010108-150x150.jpg\" alt=\"\" width=\"150\" height=\"150\" \/><\/em><\/span><\/em><\/span><\/span><\/em><\/em><\/span><\/em><\/span><\/span><\/em><\/span><\/span><\/p>\n<p style=\"text-align: center;\"><img loading=\"lazy\" decoding=\"async\" class=\"alignnone wp-image-9193\" src=\"http:\/\/recettes-gourmandes-de-joce.fr\/wp-content\/uploads\/2019\/11\/P1010071-150x150.jpg\" alt=\"\" width=\"240\" height=\"180\" srcset=\"http:\/\/recettes-gourmandes-de-joce.fr\/wp-content\/uploads\/2019\/11\/P1010071-300x225.jpg 300w, http:\/\/recettes-gourmandes-de-joce.fr\/wp-content\/uploads\/2019\/11\/P1010071.jpg 640w\" sizes=\"auto, (max-width: 240px) 100vw, 240px\" \/> <img loading=\"lazy\" decoding=\"async\" class=\"alignnone wp-image-9194\" src=\"http:\/\/recettes-gourmandes-de-joce.fr\/wp-content\/uploads\/2019\/11\/P1010073-150x150.jpg\" alt=\"\" width=\"229\" height=\"180\" srcset=\"http:\/\/recettes-gourmandes-de-joce.fr\/wp-content\/uploads\/2019\/11\/P1010073-300x236.jpg 300w, http:\/\/recettes-gourmandes-de-joce.fr\/wp-content\/uploads\/2019\/11\/P1010073.jpg 640w\" sizes=\"auto, (max-width: 229px) 100vw, 229px\" \/><\/p>\n<p style=\"text-align: center;\"><span style=\"font-family: georgia,serif;\"><span style=\"font-size: large;\"><em><span style=\"color: #808080;\"><span style=\"color: #ff0000; text-decoration: underline;\"><em><span style=\"color: #ff0000;\"><em><em><span style=\"color: #808080;\"><span style=\"color: #ff0000; text-decoration: underline;\"><em><span style=\"color: #ff0000;\"><em>Version caf\u00e9 gourmand<\/em><\/span><\/em><\/span><\/span><\/em><\/em><\/span><\/em><\/span><\/span><\/em><\/span><\/span><\/p>\n<p style=\"text-align: center;\"><img loading=\"lazy\" decoding=\"async\" class=\"alignnone wp-image-9189\" src=\"http:\/\/recettes-gourmandes-de-joce.fr\/wp-content\/uploads\/2019\/11\/P1010103-150x150.jpg\" alt=\"\" width=\"240\" height=\"180\" srcset=\"http:\/\/recettes-gourmandes-de-joce.fr\/wp-content\/uploads\/2019\/11\/P1010103-300x225.jpg 300w, http:\/\/recettes-gourmandes-de-joce.fr\/wp-content\/uploads\/2019\/11\/P1010103.jpg 640w\" sizes=\"auto, (max-width: 240px) 100vw, 240px\" \/> <img loading=\"lazy\" decoding=\"async\" class=\"alignnone wp-image-9181\" src=\"http:\/\/recettes-gourmandes-de-joce.fr\/wp-content\/uploads\/2019\/11\/P1010112-150x150.jpg\" alt=\"\" width=\"240\" height=\"180\" srcset=\"http:\/\/recettes-gourmandes-de-joce.fr\/wp-content\/uploads\/2019\/11\/P1010112-300x225.jpg 300w, http:\/\/recettes-gourmandes-de-joce.fr\/wp-content\/uploads\/2019\/11\/P1010112.jpg 640w\" sizes=\"auto, (max-width: 240px) 100vw, 240px\" \/><\/p>\n<p style=\"text-align: center;\"><span style=\"font-family: georgia,serif;\"><span style=\"font-size: large;\"><em><span style=\"color: #808080;\"><span style=\"color: #ff0000; text-decoration: underline;\"><em><span style=\"color: #ff0000;\"><em><em><span style=\"color: #808080;\"><span style=\"color: #ff0000; text-decoration: underline;\"><em><span style=\"color: #ff0000;\"><em><span style=\"font-size: x-large;\">Bonne d\u00e9gustation!<\/span><\/em><\/span><\/em><\/span><\/span><\/em><\/em><\/span><\/em><\/span><\/span><\/em><\/span><\/span><\/p>\n<p style=\"text-align: center;\"><span style=\"font-family: book antiqua,palatino; font-size: large;\"><em><span style=\"color: #808080;\"><span style=\"color: #ff0000; text-decoration: underline;\"><span style=\"font-family: book antiqua, palatino;\"><em><span style=\"color: #ff0000;\"><span style=\"font-family: book antiqua, palatino;\"><em><span style=\"font-family: book antiqua,palatino;\"><em><span style=\"color: #808080;\"><span style=\"color: #ff0000; text-decoration: underline;\"><span style=\"font-family: book antiqua, palatino;\"><em><span style=\"color: #ff0000;\"><span style=\"font-family: book antiqua, palatino;\"><em><img loading=\"lazy\" decoding=\"async\" class=\"alignnone wp-image-9188\" src=\"http:\/\/recettes-gourmandes-de-joce.fr\/wp-content\/uploads\/2019\/11\/P1010072-300x225.jpg\" alt=\"\" width=\"347\" height=\"260\" srcset=\"http:\/\/recettes-gourmandes-de-joce.fr\/wp-content\/uploads\/2019\/11\/P1010072-300x225.jpg 300w, http:\/\/recettes-gourmandes-de-joce.fr\/wp-content\/uploads\/2019\/11\/P1010072.jpg 640w\" sizes=\"auto, (max-width: 347px) 100vw, 347px\" \/> <img loading=\"lazy\" decoding=\"async\" class=\"alignnone wp-image-9180\" src=\"http:\/\/recettes-gourmandes-de-joce.fr\/wp-content\/uploads\/2019\/11\/P1010111-300x225.jpg\" alt=\"\" width=\"347\" height=\"260\" srcset=\"http:\/\/recettes-gourmandes-de-joce.fr\/wp-content\/uploads\/2019\/11\/P1010111-300x225.jpg 300w, http:\/\/recettes-gourmandes-de-joce.fr\/wp-content\/uploads\/2019\/11\/P1010111.jpg 640w\" sizes=\"auto, (max-width: 347px) 100vw, 347px\" \/><\/em><\/span><\/span><\/em><\/span><\/span><\/span><\/em><\/span><\/em><\/span><\/span><\/em><\/span><\/span><\/span><\/em><\/span><\/p>\n<p style=\"text-align: center;\"><img loading=\"lazy\" decoding=\"async\" class=\"alignnone wp-image-41340 size-full\" src=\"http:\/\/recettes-gourmandes-de-joce.fr\/wp-content\/uploads\/2021\/12\/logitech-gaming-software-14112014-121223.jpg\" alt=\"\" width=\"640\" height=\"144\" srcset=\"http:\/\/recettes-gourmandes-de-joce.fr\/wp-content\/uploads\/2021\/12\/logitech-gaming-software-14112014-121223.jpg 640w, http:\/\/recettes-gourmandes-de-joce.fr\/wp-content\/uploads\/2021\/12\/logitech-gaming-software-14112014-121223-300x68.jpg 300w\" sizes=\"auto, (max-width: 640px) 100vw, 640px\" \/><\/p>\n","protected":false},"excerpt":{"rendered":"<p>Une de mes recettes Composition Chocolat chaud ou Expresso Chocolat chaud Expresso Sabl\u00e9s de No\u00ebl Recette sur ce lien -&gt; Sabl\u00e9s de No\u00ebl Truffes aux chocolat Recette sur ce lien -&gt;Truffes aux chocolat Chocolats divers Recette sur ce lien -&gt; Chocolats\u00a0divers Recette sur ce lien -&gt; Macarons au citron Recette sur ce lien -&gt; Meringues &hellip; <\/p>\n<p><a class=\"more-link btn\" href=\"http:\/\/recettes-gourmandes-de-joce.fr\/index.php\/index\/desserts\/cafe-the-chocolat-gourmand\/chocolat-chaud-ou-cafe-gourmand-de-noel\/\">Lire la suite<\/a><\/p>\n","protected":false},"author":2,"featured_media":87191,"parent":211,"menu_order":0,"comment_status":"open","ping_status":"closed","template":"","meta":{"footnotes":""},"class_list":["post-9192","page","type-page","status-publish","has-post-thumbnail","hentry","nodate","item-wrap"],"_links":{"self":[{"href":"http:\/\/recettes-gourmandes-de-joce.fr\/index.php\/wp-json\/wp\/v2\/pages\/9192","targetHints":{"allow":["GET"]}}],"collection":[{"href":"http:\/\/recettes-gourmandes-de-joce.fr\/index.php\/wp-json\/wp\/v2\/pages"}],"about":[{"href":"http:\/\/recettes-gourmandes-de-joce.fr\/index.php\/wp-json\/wp\/v2\/types\/page"}],"author":[{"embeddable":true,"href":"http:\/\/recettes-gourmandes-de-joce.fr\/index.php\/wp-json\/wp\/v2\/users\/2"}],"replies":[{"embeddable":true,"href":"http:\/\/recettes-gourmandes-de-joce.fr\/index.php\/wp-json\/wp\/v2\/comments?post=9192"}],"version-history":[{"count":7,"href":"http:\/\/recettes-gourmandes-de-joce.fr\/index.php\/wp-json\/wp\/v2\/pages\/9192\/revisions"}],"predecessor-version":[{"id":87192,"href":"http:\/\/recettes-gourmandes-de-joce.fr\/index.php\/wp-json\/wp\/v2\/pages\/9192\/revisions\/87192"}],"up":[{"embeddable":true,"href":"http:\/\/recettes-gourmandes-de-joce.fr\/index.php\/wp-json\/wp\/v2\/pages\/211"}],"wp:featuredmedia":[{"embeddable":true,"href":"http:\/\/recettes-gourmandes-de-joce.fr\/index.php\/wp-json\/wp\/v2\/media\/87191"}],"wp:attachment":[{"href":"http:\/\/recettes-gourmandes-de-joce.fr\/index.php\/wp-json\/wp\/v2\/media?parent=9192"}],"curies":[{"name":"wp","href":"https:\/\/api.w.org\/{rel}","templated":true}]}}