{"id":73720,"date":"2024-04-27T09:10:31","date_gmt":"2024-04-27T09:10:31","guid":{"rendered":"http:\/\/recettes-gourmandes-de-joce.fr\/?page_id=73720"},"modified":"2024-04-27T09:11:17","modified_gmt":"2024-04-27T09:11:17","slug":"petit-plat-de-blanc-de-poulet-sauce-curry-coco-puree-de-pommes-de-terre-et-brocolis","status":"publish","type":"page","link":"http:\/\/recettes-gourmandes-de-joce.fr\/index.php\/index\/repas-pour-bebes-enfants-les-ptits-plats-de-hella\/petit-plat-de-blanc-de-poulet-sauce-curry-coco-puree-de-pommes-de-terre-et-brocolis\/","title":{"rendered":"Petit plat de blanc de poulet sauce curry \/coco, pur\u00e9e de pommes de terre et brocolis."},"content":{"rendered":"<p style=\"text-align: center;\"><span style=\"color: #15ad2c;\"><em><span style=\"text-decoration: underline;\"><span style=\"font-size: 18pt; font-family: georgia, palatino, serif;\">Un de mes petits plats<\/span><\/span><\/em><\/span><\/p>\n<p style=\"text-align: center;\"><span style=\"font-family: georgia, palatino, serif; color: #15ad2c; font-size: 14pt;\"><em>Je n&rsquo;indiquerai pas de quantit\u00e9s mais simplement la composition du repas, <span style=\"text-decoration: underline;\">il sera \u00e0 adapter \u00e0 votre enfant selon son \u00e2ge<\/span>.<\/em><\/span><\/p>\n<p style=\"text-align: center;\"><span style=\"font-family: georgia, palatino, serif; color: #15ad2c; font-size: 14pt;\"><em> \u00c0 titre indicatif ce sont les repas de ma petite fille Hella depuis l&rsquo;\u00e2ge de 12 mois et valid\u00e9s pas son m\u00e9decin \ud83d\ude09<\/em><\/span><\/p>\n<p style=\"text-align: center;\"><span style=\"font-family: georgia, palatino, serif; color: #15ad2c; font-size: 14pt;\"><em>Repas \u00e0 15 mois \u2193<\/em><\/span><\/p>\n<p style=\"text-align: center;\"><span style=\"color: #15ad2c;\"><img loading=\"lazy\" decoding=\"async\" class=\"alignnone wp-image-73703\" src=\"http:\/\/recettes-gourmandes-de-joce.fr\/wp-content\/uploads\/2024\/04\/8f2cbdfa-a111-4f2e-82f3-c0300cbbfd2d.jpg\" alt=\"\" width=\"313\" height=\"300\" srcset=\"http:\/\/recettes-gourmandes-de-joce.fr\/wp-content\/uploads\/2024\/04\/8f2cbdfa-a111-4f2e-82f3-c0300cbbfd2d.jpg 800w, http:\/\/recettes-gourmandes-de-joce.fr\/wp-content\/uploads\/2024\/04\/8f2cbdfa-a111-4f2e-82f3-c0300cbbfd2d-768x737.jpg 768w, http:\/\/recettes-gourmandes-de-joce.fr\/wp-content\/uploads\/2024\/04\/8f2cbdfa-a111-4f2e-82f3-c0300cbbfd2d-750x720.jpg 750w\" sizes=\"auto, (max-width: 313px) 100vw, 313px\" \/><\/span><\/p>\n<p style=\"text-align: center;\"><span style=\"text-decoration: underline; color: #15ad2c;\"><span style=\"font-size: 18pt; font-family: georgia, palatino, serif;\"><em>Ingr\u00e9dients <\/em><\/span><\/span><\/p>\n<p style=\"text-align: center;\"><span style=\"color: #15ad2c;\"><strong><span style=\"font-size: 14pt;\"><span style=\"font-family: georgia, palatino, serif;\"><em>Pur\u00e9e de pommes de terre et brocolis \u00e0 la cr\u00e8me de coco, blanc de poulet sauce curry cr\u00e8me de coco<\/em><\/span><\/span><\/strong><\/span><\/p>\n<p style=\"text-align: center;\"><span style=\"font-family: georgia, palatino, serif; font-size: 14pt; color: #15ad2c;\"><em><strong>\u00a0Recette -&gt;<\/strong> Dans une po\u00eale, mettre du beurre \u00e0 fondre, ajouter le blanc de poulet, saler, le cuire en le retournant r\u00e9guli\u00e8rement, une fois cuit, ajouter la cr\u00e8me de coco, un peu de curry et m\u00e9langer. Le servir coup\u00e9 en petits morceaux avec la pur\u00e9e de pommes de terre brocolis.<\/em><\/span><\/p>\n<p style=\"text-align: center;\"><span style=\"font-family: georgia, palatino, serif; font-size: 14pt; color: #15ad2c;\"><em><strong>R\u00e9aliser<\/strong> la pur\u00e9e de brocolis selon la recette ci-dessous, remplacer le beurre par un peu de cr\u00e8me de coco \u2193<\/em><\/span><\/p>\n<p style=\"text-align: center;\"><span style=\"font-family: georgia, palatino, serif; font-size: 14pt; color: #15ad2c;\"><em>Recettes sur ce lien -&gt; <a style=\"color: #15ad2c;\" href=\"http:\/\/recettes-gourmandes-de-joce.fr\/index.php\/index\/legumes\/purees-diverses\/puree-de-brocolis\/\"><span style=\"color: #800080;\">Pur\u00e9e de brocolis<\/span> <img loading=\"lazy\" decoding=\"async\" class=\"alignnone wp-image-24991\" src=\"http:\/\/recettes-gourmandes-de-joce.fr\/wp-content\/uploads\/2020\/09\/20200829_202535-300x225.jpg\" alt=\"\" width=\"200\" height=\"150\" srcset=\"http:\/\/recettes-gourmandes-de-joce.fr\/wp-content\/uploads\/2020\/09\/20200829_202535-300x225.jpg 300w, http:\/\/recettes-gourmandes-de-joce.fr\/wp-content\/uploads\/2020\/09\/20200829_202535-768x576.jpg 768w, http:\/\/recettes-gourmandes-de-joce.fr\/wp-content\/uploads\/2020\/09\/20200829_202535.jpg 800w\" sizes=\"auto, (max-width: 200px) 100vw, 200px\" \/><\/a><\/em><\/span><\/p>\n<p style=\"text-align: center;\"><span style=\"color: #15ad2c;\"><img loading=\"lazy\" decoding=\"async\" class=\"alignnone size-full wp-image-59803\" src=\"http:\/\/recettes-gourmandes-de-joce.fr\/wp-content\/uploads\/2024\/01\/logitech-gaming-software-14112014-121223.jpg\" alt=\"\" width=\"640\" height=\"144\" \/><\/span><\/p>\n<p>&nbsp;<\/p>\n","protected":false},"excerpt":{"rendered":"<p>Un de mes petits plats Je n&rsquo;indiquerai pas de quantit\u00e9s mais simplement la composition du repas, il sera \u00e0 adapter \u00e0 votre enfant selon son \u00e2ge. \u00c0 titre indicatif ce sont les repas de ma petite fille Hella depuis l&rsquo;\u00e2ge de 12 mois et valid\u00e9s pas son m\u00e9decin \ud83d\ude09 Repas \u00e0 15 mois \u2193 Ingr\u00e9dients &hellip; <\/p>\n<p><a class=\"more-link btn\" href=\"http:\/\/recettes-gourmandes-de-joce.fr\/index.php\/index\/repas-pour-bebes-enfants-les-ptits-plats-de-hella\/petit-plat-de-blanc-de-poulet-sauce-curry-coco-puree-de-pommes-de-terre-et-brocolis\/\">Lire la suite<\/a><\/p>\n","protected":false},"author":2,"featured_media":73703,"parent":60448,"menu_order":0,"comment_status":"open","ping_status":"closed","template":"","meta":{"footnotes":""},"class_list":["post-73720","page","type-page","status-publish","has-post-thumbnail","hentry","nodate","item-wrap"],"_links":{"self":[{"href":"http:\/\/recettes-gourmandes-de-joce.fr\/index.php\/wp-json\/wp\/v2\/pages\/73720","targetHints":{"allow":["GET"]}}],"collection":[{"href":"http:\/\/recettes-gourmandes-de-joce.fr\/index.php\/wp-json\/wp\/v2\/pages"}],"about":[{"href":"http:\/\/recettes-gourmandes-de-joce.fr\/index.php\/wp-json\/wp\/v2\/types\/page"}],"author":[{"embeddable":true,"href":"http:\/\/recettes-gourmandes-de-joce.fr\/index.php\/wp-json\/wp\/v2\/users\/2"}],"replies":[{"embeddable":true,"href":"http:\/\/recettes-gourmandes-de-joce.fr\/index.php\/wp-json\/wp\/v2\/comments?post=73720"}],"version-history":[{"count":2,"href":"http:\/\/recettes-gourmandes-de-joce.fr\/index.php\/wp-json\/wp\/v2\/pages\/73720\/revisions"}],"predecessor-version":[{"id":73722,"href":"http:\/\/recettes-gourmandes-de-joce.fr\/index.php\/wp-json\/wp\/v2\/pages\/73720\/revisions\/73722"}],"up":[{"embeddable":true,"href":"http:\/\/recettes-gourmandes-de-joce.fr\/index.php\/wp-json\/wp\/v2\/pages\/60448"}],"wp:featuredmedia":[{"embeddable":true,"href":"http:\/\/recettes-gourmandes-de-joce.fr\/index.php\/wp-json\/wp\/v2\/media\/73703"}],"wp:attachment":[{"href":"http:\/\/recettes-gourmandes-de-joce.fr\/index.php\/wp-json\/wp\/v2\/media?parent=73720"}],"curies":[{"name":"wp","href":"https:\/\/api.w.org\/{rel}","templated":true}]}}