{"id":5829,"date":"2019-10-15T20:28:19","date_gmt":"2019-10-15T20:28:19","guid":{"rendered":"http:\/\/recettes-gourmandes-de-joce.fr\/?page_id=5829"},"modified":"2024-07-04T18:11:55","modified_gmt":"2024-07-04T18:11:55","slug":"oeufs-a-la-coque-au-jambon-coppa-et-piment-despelette","status":"publish","type":"page","link":"http:\/\/recettes-gourmandes-de-joce.fr\/index.php\/index\/oeufs-fromages-yaourts-laitages\/oeufs\/oeufs-a-la-coque-au-jambon-coppa-et-piment-despelette\/","title":{"rendered":"\u0152ufs \u00e0 la coque au jambon, coppa et piment d&rsquo;Espelette."},"content":{"rendered":"<p style=\"text-align: center;\"><span style=\"font-family: georgia, palatino, serif; color: #bf15bf;\"><em><span style=\"font-size: x-large; text-decoration: underline;\"><span style=\"font-size: large;\">Au petit d\u00e9jeuner pour bien commencer la journ\u00e9e!<\/span><\/span><\/em><\/span><\/p>\n<p style=\"text-align: center;\"><span style=\"font-family: georgia, palatino, serif; color: #bf15bf;\"><em><img loading=\"lazy\" decoding=\"async\" class=\"alignnone wp-image-5816\" src=\"http:\/\/recettes-gourmandes-de-joce.fr\/wp-content\/uploads\/2019\/10\/Oeufs-\u00e0-la-coque-au-deux-jambons-20-150x150.jpg\" alt=\"\" width=\"241\" height=\"187\" srcset=\"http:\/\/recettes-gourmandes-de-joce.fr\/wp-content\/uploads\/2019\/10\/Oeufs-\u00e0-la-coque-au-deux-jambons-20-300x233.jpg 300w, http:\/\/recettes-gourmandes-de-joce.fr\/wp-content\/uploads\/2019\/10\/Oeufs-\u00e0-la-coque-au-deux-jambons-20.jpg 640w\" sizes=\"auto, (max-width: 241px) 100vw, 241px\" \/> <img loading=\"lazy\" decoding=\"async\" class=\"alignnone wp-image-5814\" src=\"http:\/\/recettes-gourmandes-de-joce.fr\/wp-content\/uploads\/2019\/10\/Oeufs-\u00e0-la-coque-au-deux-jambons-15-150x150.jpg\" alt=\"\" width=\"234\" height=\"187\" srcset=\"http:\/\/recettes-gourmandes-de-joce.fr\/wp-content\/uploads\/2019\/10\/Oeufs-\u00e0-la-coque-au-deux-jambons-15-300x240.jpg 300w, http:\/\/recettes-gourmandes-de-joce.fr\/wp-content\/uploads\/2019\/10\/Oeufs-\u00e0-la-coque-au-deux-jambons-15.jpg 640w\" sizes=\"auto, (max-width: 234px) 100vw, 234px\" \/><\/em><\/span><\/p>\n<p style=\"text-align: center;\"><span style=\"font-family: georgia, palatino, serif; color: #bf15bf;\"><em><span style=\"font-size: x-large; text-decoration: underline;\">Ingr\u00e9dients pour 1 personne<\/span><\/em><\/span><\/p>\n<p style=\"text-align: center;\"><span style=\"font-family: georgia, palatino, serif; color: #bf15bf;\"><em><img loading=\"lazy\" decoding=\"async\" class=\"alignnone wp-image-5808\" src=\"http:\/\/recettes-gourmandes-de-joce.fr\/wp-content\/uploads\/2019\/10\/Oeufs-\u00e0-la-coque-au-deux-jambons-9-150x150.jpg\" alt=\"\" width=\"249\" height=\"187\" srcset=\"http:\/\/recettes-gourmandes-de-joce.fr\/wp-content\/uploads\/2019\/10\/Oeufs-\u00e0-la-coque-au-deux-jambons-9-300x225.jpg 300w, http:\/\/recettes-gourmandes-de-joce.fr\/wp-content\/uploads\/2019\/10\/Oeufs-\u00e0-la-coque-au-deux-jambons-9.jpg 640w\" sizes=\"auto, (max-width: 249px) 100vw, 249px\" \/><\/em><\/span><\/p>\n<p style=\"text-align: center;\"><span style=\"color: #bf15bf;\"><em><span style=\"color: #b334b3; font-family: georgia, palatino, serif; font-size: large;\">2 ou 3 \u0153ufs\u00a0frais selon l&rsquo;app\u00e9tit<\/span><\/em><\/span><\/p>\n<p style=\"text-align: center;\"><span style=\"font-family: georgia, palatino, serif; color: #bf15bf;\"><em><span style=\"font-size: large;\">1 tranche de jambon blanc<\/span><\/em><\/span><\/p>\n<p style=\"text-align: center;\"><span style=\"font-family: georgia, palatino, serif; color: #bf15bf;\"><em><span style=\"font-size: large;\">3 fines tranches de coppa ou de lard fum\u00e9<\/span><\/em><\/span><\/p>\n<p style=\"text-align: center;\"><span style=\"font-family: georgia, palatino, serif; color: #bf15bf;\"><em><span style=\"font-size: large;\">1 morceau de beurre<\/span><\/em><\/span><\/p>\n<p style=\"text-align: center;\"><span style=\"font-family: georgia, palatino, serif; color: #bf15bf;\"><em><span style=\"font-size: large;\">2 tranches de pain de campagne<\/span><\/em><\/span><\/p>\n<p style=\"text-align: center;\"><span style=\"font-family: georgia, palatino, serif; color: #bf15bf;\"><em><span style=\"font-size: large;\">Du piment d&rsquo;Espelette<\/span><\/em><\/span><\/p>\n<p style=\"text-align: center;\"><span style=\"font-family: georgia, palatino, serif; color: #bf15bf;\"><em><span style=\"font-size: large;\">Sel\u00a0<\/span><\/em><\/span><\/p>\n<p style=\"text-align: center;\"><span style=\"font-family: georgia, palatino, serif; color: #bf15bf;\"><em><img loading=\"lazy\" decoding=\"async\" class=\"alignnone wp-image-5811\" src=\"http:\/\/recettes-gourmandes-de-joce.fr\/wp-content\/uploads\/2019\/10\/Oeufs-\u00e0-la-coque-au-deux-jambons-12-150x150.jpg\" alt=\"\" width=\"206\" height=\"160\" srcset=\"http:\/\/recettes-gourmandes-de-joce.fr\/wp-content\/uploads\/2019\/10\/Oeufs-\u00e0-la-coque-au-deux-jambons-12-300x233.jpg 300w, http:\/\/recettes-gourmandes-de-joce.fr\/wp-content\/uploads\/2019\/10\/Oeufs-\u00e0-la-coque-au-deux-jambons-12.jpg 640w\" sizes=\"auto, (max-width: 206px) 100vw, 206px\" \/> <img loading=\"lazy\" decoding=\"async\" class=\"alignnone wp-image-5815\" src=\"http:\/\/recettes-gourmandes-de-joce.fr\/wp-content\/uploads\/2019\/10\/Oeufs-\u00e0-la-coque-au-deux-jambons-18-150x150.jpg\" alt=\"\" width=\"213\" height=\"160\" srcset=\"http:\/\/recettes-gourmandes-de-joce.fr\/wp-content\/uploads\/2019\/10\/Oeufs-\u00e0-la-coque-au-deux-jambons-18-300x225.jpg 300w, http:\/\/recettes-gourmandes-de-joce.fr\/wp-content\/uploads\/2019\/10\/Oeufs-\u00e0-la-coque-au-deux-jambons-18.jpg 640w\" sizes=\"auto, (max-width: 213px) 100vw, 213px\" \/> <img loading=\"lazy\" decoding=\"async\" class=\"alignnone wp-image-5813\" src=\"http:\/\/recettes-gourmandes-de-joce.fr\/wp-content\/uploads\/2019\/10\/Oeufs-\u00e0-la-coque-au-deux-jambons-13-001-150x150.jpg\" alt=\"\" width=\"224\" height=\"160\" srcset=\"http:\/\/recettes-gourmandes-de-joce.fr\/wp-content\/uploads\/2019\/10\/Oeufs-\u00e0-la-coque-au-deux-jambons-13-001-300x214.jpg 300w, http:\/\/recettes-gourmandes-de-joce.fr\/wp-content\/uploads\/2019\/10\/Oeufs-\u00e0-la-coque-au-deux-jambons-13-001.jpg 640w\" sizes=\"auto, (max-width: 224px) 100vw, 224px\" \/><\/em><\/span><\/p>\n<p style=\"text-align: center;\"><span style=\"font-family: georgia, palatino, serif; color: #bf15bf; font-size: 14pt;\"><em>\u00a0Couper des bandes de pain d&rsquo;un bon cm de largeur. Beurrez l\u00e8s et y d\u00e9poser soit des lani\u00e8res de jambon soit de coppa.\u00a0<\/em><\/span><\/p>\n<p style=\"text-align: center;\"><span style=\"font-family: georgia, palatino, serif; color: #bf15bf; font-size: 14pt;\"><em><img loading=\"lazy\" decoding=\"async\" class=\"alignnone wp-image-5809\" src=\"http:\/\/recettes-gourmandes-de-joce.fr\/wp-content\/uploads\/2019\/10\/Oeufs-\u00e0-la-coque-au-deux-jambons-10-150x150.jpg\" alt=\"\" width=\"194\" height=\"160\" srcset=\"http:\/\/recettes-gourmandes-de-joce.fr\/wp-content\/uploads\/2019\/10\/Oeufs-\u00e0-la-coque-au-deux-jambons-10-300x247.jpg 300w, http:\/\/recettes-gourmandes-de-joce.fr\/wp-content\/uploads\/2019\/10\/Oeufs-\u00e0-la-coque-au-deux-jambons-10.jpg 640w\" sizes=\"auto, (max-width: 194px) 100vw, 194px\" \/><\/em><\/span><\/p>\n<p style=\"text-align: center;\"><span style=\"font-family: georgia, palatino, serif; color: #bf15bf; font-size: 14pt;\"><em>Mettre de l&rsquo;eau \u00e0 bouillir, \u00e0 l&rsquo;\u00e9bullition y ajouter les <span style=\"font-family: georgia, serif;\">\u0153ufs<\/span>, compter ensuite 3 minutes \u00e0 la reprise de l&rsquo;\u00e9bullition.<\/em><\/span><\/p>\n<p style=\"text-align: center;\"><span style=\"font-family: georgia, palatino, serif; color: #bf15bf; font-size: 14pt;\"><em>Sortir les <span style=\"font-family: georgia, serif;\">\u0153ufs<\/span> de l&rsquo;eau d\u00e8s les 3 minutes \u00e9coul\u00e9es, casser le dessus, saler et ajouter une pinc\u00e9e de piment d&rsquo;Espelette, remuer \u00e0 l&rsquo;aide du manche de la petite cuill\u00e8re et d\u00e9guster sans attendre.<\/em><\/span><\/p>\n<p style=\"text-align: center;\"><span style=\"font-family: georgia, palatino, serif; color: #bf15bf; font-size: 14pt;\"><em>Le piment rel\u00e8ve \u00e0 merveille le go\u00fbt de <span style=\"font-family: georgia, serif;\">l\u2019\u0153uf<\/span>!<\/em><\/span><\/p>\n<p style=\"text-align: center;\"><span style=\"font-family: georgia, palatino, serif; color: #bf15bf;\"><em><span style=\"font-size: large;\">Bon app\u00e9tit!<\/span><\/em><\/span><\/p>\n<p style=\"text-align: center;\"><span style=\"font-family: georgia, palatino, serif; color: #bf15bf;\"><em><img loading=\"lazy\" decoding=\"async\" class=\"alignnone wp-image-5814\" src=\"http:\/\/recettes-gourmandes-de-joce.fr\/wp-content\/uploads\/2019\/10\/Oeufs-\u00e0-la-coque-au-deux-jambons-15-150x150.jpg\" alt=\"\" width=\"234\" height=\"187\" srcset=\"http:\/\/recettes-gourmandes-de-joce.fr\/wp-content\/uploads\/2019\/10\/Oeufs-\u00e0-la-coque-au-deux-jambons-15-300x240.jpg 300w, http:\/\/recettes-gourmandes-de-joce.fr\/wp-content\/uploads\/2019\/10\/Oeufs-\u00e0-la-coque-au-deux-jambons-15.jpg 640w\" sizes=\"auto, (max-width: 234px) 100vw, 234px\" \/> <img loading=\"lazy\" decoding=\"async\" class=\"alignnone wp-image-5816\" src=\"http:\/\/recettes-gourmandes-de-joce.fr\/wp-content\/uploads\/2019\/10\/Oeufs-\u00e0-la-coque-au-deux-jambons-20-150x150.jpg\" alt=\"\" width=\"241\" height=\"187\" srcset=\"http:\/\/recettes-gourmandes-de-joce.fr\/wp-content\/uploads\/2019\/10\/Oeufs-\u00e0-la-coque-au-deux-jambons-20-300x233.jpg 300w, http:\/\/recettes-gourmandes-de-joce.fr\/wp-content\/uploads\/2019\/10\/Oeufs-\u00e0-la-coque-au-deux-jambons-20.jpg 640w\" sizes=\"auto, (max-width: 241px) 100vw, 241px\" \/><\/em><\/span><\/p>\n<p style=\"text-align: center;\"><img loading=\"lazy\" decoding=\"async\" class=\"alignnone wp-image-24317 size-full\" src=\"http:\/\/recettes-gourmandes-de-joce.fr\/wp-content\/uploads\/2020\/07\/logitech-gaming-software-14112014-121223.jpg\" alt=\"\" width=\"640\" height=\"144\" srcset=\"http:\/\/recettes-gourmandes-de-joce.fr\/wp-content\/uploads\/2020\/07\/logitech-gaming-software-14112014-121223.jpg 640w, http:\/\/recettes-gourmandes-de-joce.fr\/wp-content\/uploads\/2020\/07\/logitech-gaming-software-14112014-121223-300x68.jpg 300w\" sizes=\"auto, (max-width: 640px) 100vw, 640px\" \/><\/p>\n","protected":false},"excerpt":{"rendered":"<p>Au petit d\u00e9jeuner pour bien commencer la journ\u00e9e! Ingr\u00e9dients pour 1 personne 2 ou 3 \u0153ufs\u00a0frais selon l&rsquo;app\u00e9tit 1 tranche de jambon blanc 3 fines tranches de coppa ou de lard fum\u00e9 1 morceau de beurre 2 tranches de pain de campagne Du piment d&rsquo;Espelette Sel\u00a0 \u00a0Couper des bandes de pain d&rsquo;un bon cm de &hellip; <\/p>\n<p><a class=\"more-link btn\" href=\"http:\/\/recettes-gourmandes-de-joce.fr\/index.php\/index\/oeufs-fromages-yaourts-laitages\/oeufs\/oeufs-a-la-coque-au-jambon-coppa-et-piment-despelette\/\">Lire la suite<\/a><\/p>\n","protected":false},"author":2,"featured_media":86796,"parent":239,"menu_order":0,"comment_status":"open","ping_status":"closed","template":"","meta":{"footnotes":""},"class_list":["post-5829","page","type-page","status-publish","has-post-thumbnail","hentry","nodate","item-wrap"],"_links":{"self":[{"href":"http:\/\/recettes-gourmandes-de-joce.fr\/index.php\/wp-json\/wp\/v2\/pages\/5829","targetHints":{"allow":["GET"]}}],"collection":[{"href":"http:\/\/recettes-gourmandes-de-joce.fr\/index.php\/wp-json\/wp\/v2\/pages"}],"about":[{"href":"http:\/\/recettes-gourmandes-de-joce.fr\/index.php\/wp-json\/wp\/v2\/types\/page"}],"author":[{"embeddable":true,"href":"http:\/\/recettes-gourmandes-de-joce.fr\/index.php\/wp-json\/wp\/v2\/users\/2"}],"replies":[{"embeddable":true,"href":"http:\/\/recettes-gourmandes-de-joce.fr\/index.php\/wp-json\/wp\/v2\/comments?post=5829"}],"version-history":[{"count":4,"href":"http:\/\/recettes-gourmandes-de-joce.fr\/index.php\/wp-json\/wp\/v2\/pages\/5829\/revisions"}],"predecessor-version":[{"id":86797,"href":"http:\/\/recettes-gourmandes-de-joce.fr\/index.php\/wp-json\/wp\/v2\/pages\/5829\/revisions\/86797"}],"up":[{"embeddable":true,"href":"http:\/\/recettes-gourmandes-de-joce.fr\/index.php\/wp-json\/wp\/v2\/pages\/239"}],"wp:featuredmedia":[{"embeddable":true,"href":"http:\/\/recettes-gourmandes-de-joce.fr\/index.php\/wp-json\/wp\/v2\/media\/86796"}],"wp:attachment":[{"href":"http:\/\/recettes-gourmandes-de-joce.fr\/index.php\/wp-json\/wp\/v2\/media?parent=5829"}],"curies":[{"name":"wp","href":"https:\/\/api.w.org\/{rel}","templated":true}]}}