{"id":32356,"date":"2021-05-22T13:45:54","date_gmt":"2021-05-22T13:45:54","guid":{"rendered":"http:\/\/recettes-gourmandes-de-joce.fr\/?page_id=32356"},"modified":"2024-06-27T13:08:31","modified_gmt":"2024-06-27T13:08:31","slug":"magrets-de-canard-aux-epices-basques-et-puree-de-brocolis","status":"publish","type":"page","link":"http:\/\/recettes-gourmandes-de-joce.fr\/index.php\/index\/viandes\/volailles\/canard-pintade\/magrets-de-canard-aux-epices-basques-et-puree-de-brocolis\/","title":{"rendered":"Magrets de canard aux \u00e9pices basques et pur\u00e9e de brocolis."},"content":{"rendered":"<div class=\"row-container page_1\">\n<div class=\"row-content\">\n<div class=\"row\">\n<div class=\"column\">\n<div class=\"column-content\">\n<div class=\"clearfix\">\n<p style=\"text-align: center;\"><span style=\"text-decoration: underline; font-size: 18pt; color: #808000;\"><em><span style=\"font-family: georgia, palatino, serif;\">Une de mes recettes<\/span><\/em><\/span><\/p>\n<p><span style=\"color: #808000;\"><img loading=\"lazy\" decoding=\"async\" class=\"alignnone wp-image-32364\" src=\"http:\/\/recettes-gourmandes-de-joce.fr\/wp-content\/uploads\/2021\/05\/magrets-de-canard-aux-epices-basques-et-puree-de-brocolis-011-300x216.jpg\" alt=\"\" width=\"250\" height=\"180\" srcset=\"http:\/\/recettes-gourmandes-de-joce.fr\/wp-content\/uploads\/2021\/05\/magrets-de-canard-aux-epices-basques-et-puree-de-brocolis-011-300x216.jpg 300w, http:\/\/recettes-gourmandes-de-joce.fr\/wp-content\/uploads\/2021\/05\/magrets-de-canard-aux-epices-basques-et-puree-de-brocolis-011.jpg 701w\" sizes=\"auto, (max-width: 250px) 100vw, 250px\" \/> <img loading=\"lazy\" decoding=\"async\" class=\"alignnone wp-image-32363\" src=\"http:\/\/recettes-gourmandes-de-joce.fr\/wp-content\/uploads\/2021\/05\/magrets-de-canard-aux-epices-basques-et-puree-de-brocolis-010-300x223.jpg\" alt=\"\" width=\"242\" height=\"180\" srcset=\"http:\/\/recettes-gourmandes-de-joce.fr\/wp-content\/uploads\/2021\/05\/magrets-de-canard-aux-epices-basques-et-puree-de-brocolis-010-300x223.jpg 300w, http:\/\/recettes-gourmandes-de-joce.fr\/wp-content\/uploads\/2021\/05\/magrets-de-canard-aux-epices-basques-et-puree-de-brocolis-010.jpg 599w\" sizes=\"auto, (max-width: 242px) 100vw, 242px\" \/> <img loading=\"lazy\" decoding=\"async\" class=\"alignnone wp-image-32362\" src=\"http:\/\/recettes-gourmandes-de-joce.fr\/wp-content\/uploads\/2021\/05\/magrets-de-canard-aux-epices-basques-et-puree-de-brocolis-010-1-300x225.jpg\" alt=\"\" width=\"240\" height=\"180\" srcset=\"http:\/\/recettes-gourmandes-de-joce.fr\/wp-content\/uploads\/2021\/05\/magrets-de-canard-aux-epices-basques-et-puree-de-brocolis-010-1-300x225.jpg 300w, http:\/\/recettes-gourmandes-de-joce.fr\/wp-content\/uploads\/2021\/05\/magrets-de-canard-aux-epices-basques-et-puree-de-brocolis-010-1.jpg 720w\" sizes=\"auto, (max-width: 240px) 100vw, 240px\" \/><\/span><\/p>\n<p style=\"text-align: center;\"><span style=\"text-decoration: underline; font-size: 18pt; color: #808000;\"><em><span style=\"font-family: georgia, palatino, serif;\">Ingr\u00e9dients pour 6 personnes<\/span><\/em><\/span><\/p>\n<p><span style=\"color: #808000;\"><img loading=\"lazy\" decoding=\"async\" class=\"alignnone wp-image-32365 aligncenter\" src=\"http:\/\/recettes-gourmandes-de-joce.fr\/wp-content\/uploads\/2021\/05\/magrets-de-canard-aux-epices-basques-et-puree-de-brocolis-001-300x212.jpg\" alt=\"\" width=\"255\" height=\"180\" srcset=\"http:\/\/recettes-gourmandes-de-joce.fr\/wp-content\/uploads\/2021\/05\/magrets-de-canard-aux-epices-basques-et-puree-de-brocolis-001-300x212.jpg 300w, http:\/\/recettes-gourmandes-de-joce.fr\/wp-content\/uploads\/2021\/05\/magrets-de-canard-aux-epices-basques-et-puree-de-brocolis-001.jpg 720w\" sizes=\"auto, (max-width: 255px) 100vw, 255px\" \/><\/span><\/p>\n<p style=\"text-align: center;\"><span style=\"color: #808000;\"><em><span style=\"font-size: 14pt; font-family: georgia, palatino, serif;\">3 magrets de canard\u00a0<\/span><\/em><\/span><\/p>\n<p style=\"text-align: center;\"><span style=\"color: #808000;\"><em><span style=\"font-size: 14pt; font-family: georgia, palatino, serif;\">15 cl de cr\u00e8me fra\u00eeche liquide<\/span><\/em><\/span><\/p>\n<p style=\"text-align: center;\"><span style=\"color: #808000;\"><em><span style=\"font-size: 14pt; font-family: georgia, palatino, serif;\">1 grosse \u00e9chalote<\/span><\/em><\/span><\/p>\n<p style=\"text-align: center;\"><span style=\"color: #808000;\"><em><span style=\"font-size: 14pt; font-family: georgia, palatino, serif;\">1 morceau de beurre<\/span><\/em><\/span><\/p>\n<p style=\"text-align: center;\"><span style=\"color: #808000;\"><em><span style=\"font-size: 14pt; font-family: georgia, palatino, serif;\">1 c \u00e0 c de fond de veau<\/span><\/em><\/span><\/p>\n<p style=\"text-align: center;\"><span style=\"color: #808000;\"><em><span style=\"font-size: 14pt; font-family: georgia, palatino, serif;\">1 c \u00e0 c d&rsquo;\u00e9pices basques \u00e0 d\u00e9faut <\/span><\/em><\/span><\/p>\n<p style=\"text-align: center;\"><span style=\"color: #808000;\"><em><span style=\"font-size: 14pt; font-family: georgia, palatino, serif;\">\u00bd c \u00e0 c de piment d&rsquo;Espelette<\/span><\/em><\/span><\/p>\n<\/div>\n<\/div>\n<\/div>\n<\/div>\n<\/div>\n<\/div>\n<div class=\"row-content\">\n<div class=\"row\">\n<div class=\"column\">\n<div class=\"column-content\">\n<div class=\"clearfix\" style=\"text-align: center;\">\n<p><span style=\"color: #808000;\"><em><span style=\"font-size: 14pt; font-family: georgia, palatino, serif;\">Sel et poivre<\/span><\/em><\/span><\/p>\n<p><span style=\"color: #808000;\"><em><span style=\"font-size: 14pt; font-family: georgia, palatino, serif;\">Pour la pur\u00e9e de brocolis cliquez sur ce lien\u00a0 -&gt; <a href=\"http:\/\/recettes-gourmandes-de-joce.fr\/index.php\/index\/legumes\/purees-diverses\/puree-de-brocolis\/\"><span style=\"color: #800080;\">Pur\u00e9e de brocolis<\/span> <\/a><\/span><\/em><\/span><\/p>\n<\/div>\n<p class=\"clearfix\" style=\"text-align: center;\"><span style=\"color: #808000;\"><em><span style=\"font-size: 14pt; font-family: georgia, palatino, serif;\"><img loading=\"lazy\" decoding=\"async\" class=\"alignnone wp-image-32366\" src=\"http:\/\/recettes-gourmandes-de-joce.fr\/wp-content\/uploads\/2021\/05\/magrets-de-canard-aux-epices-basques-et-puree-de-brocolis-002-300x201.jpg\" alt=\"\" width=\"239\" height=\"160\" srcset=\"http:\/\/recettes-gourmandes-de-joce.fr\/wp-content\/uploads\/2021\/05\/magrets-de-canard-aux-epices-basques-et-puree-de-brocolis-002-300x201.jpg 300w, http:\/\/recettes-gourmandes-de-joce.fr\/wp-content\/uploads\/2021\/05\/magrets-de-canard-aux-epices-basques-et-puree-de-brocolis-002.jpg 720w\" sizes=\"auto, (max-width: 239px) 100vw, 239px\" \/> <img loading=\"lazy\" decoding=\"async\" class=\"alignnone wp-image-32367\" src=\"http:\/\/recettes-gourmandes-de-joce.fr\/wp-content\/uploads\/2021\/05\/magrets-de-canard-aux-epices-basques-et-puree-de-brocolis-003-300x213.jpg\" alt=\"\" width=\"225\" height=\"160\" srcset=\"http:\/\/recettes-gourmandes-de-joce.fr\/wp-content\/uploads\/2021\/05\/magrets-de-canard-aux-epices-basques-et-puree-de-brocolis-003-300x213.jpg 300w, http:\/\/recettes-gourmandes-de-joce.fr\/wp-content\/uploads\/2021\/05\/magrets-de-canard-aux-epices-basques-et-puree-de-brocolis-003.jpg 720w\" sizes=\"auto, (max-width: 225px) 100vw, 225px\" \/> <img loading=\"lazy\" decoding=\"async\" class=\"alignnone wp-image-32368\" src=\"http:\/\/recettes-gourmandes-de-joce.fr\/wp-content\/uploads\/2021\/05\/magrets-de-canard-aux-epices-basques-et-puree-de-brocolis-004-300x225.jpg\" alt=\"\" width=\"213\" height=\"160\" srcset=\"http:\/\/recettes-gourmandes-de-joce.fr\/wp-content\/uploads\/2021\/05\/magrets-de-canard-aux-epices-basques-et-puree-de-brocolis-004-300x225.jpg 300w, http:\/\/recettes-gourmandes-de-joce.fr\/wp-content\/uploads\/2021\/05\/magrets-de-canard-aux-epices-basques-et-puree-de-brocolis-004.jpg 720w\" sizes=\"auto, (max-width: 213px) 100vw, 213px\" \/><br \/>\n<\/span><\/em><em><span style=\"font-size: 14pt; font-family: georgia, palatino, serif;\"><br \/>\nInciser les dos des magrets de canard (le cot\u00e9 peau) dans les deux sens voir la photo, saler et poivrer\u00a0\u00a0les deux faces, les saisir dans une po\u00eale chaude des deux c\u00f4t\u00e9s pour les colorer, les d\u00e9poser dans un plat allant au four et les enfourner selon la cuisson d\u00e9sir\u00e9e plus ou moins 20 minutes \u00e0 200\u00b0.<\/span><\/em><\/span><\/p>\n<\/div>\n<div style=\"text-align: center;\"><span style=\"color: #808000;\"><img loading=\"lazy\" decoding=\"async\" class=\"alignnone wp-image-31318\" src=\"http:\/\/recettes-gourmandes-de-joce.fr\/wp-content\/uploads\/2021\/05\/P9210101-300x225.jpg\" alt=\"\" width=\"214\" height=\"160\" srcset=\"http:\/\/recettes-gourmandes-de-joce.fr\/wp-content\/uploads\/2021\/05\/P9210101-300x225.jpg 300w, http:\/\/recettes-gourmandes-de-joce.fr\/wp-content\/uploads\/2021\/05\/P9210101.jpg 550w\" sizes=\"auto, (max-width: 214px) 100vw, 214px\" \/> <img loading=\"lazy\" decoding=\"async\" class=\"alignnone wp-image-32357\" src=\"http:\/\/recettes-gourmandes-de-joce.fr\/wp-content\/uploads\/2021\/05\/magrets-de-canard-aux-epices-basques-et-puree-de-brocolis-005-300x225.jpg\" alt=\"\" width=\"213\" height=\"160\" srcset=\"http:\/\/recettes-gourmandes-de-joce.fr\/wp-content\/uploads\/2021\/05\/magrets-de-canard-aux-epices-basques-et-puree-de-brocolis-005-300x225.jpg 300w, http:\/\/recettes-gourmandes-de-joce.fr\/wp-content\/uploads\/2021\/05\/magrets-de-canard-aux-epices-basques-et-puree-de-brocolis-005.jpg 720w\" sizes=\"auto, (max-width: 213px) 100vw, 213px\" \/> <img loading=\"lazy\" decoding=\"async\" class=\"alignnone wp-image-32358\" src=\"http:\/\/recettes-gourmandes-de-joce.fr\/wp-content\/uploads\/2021\/05\/magrets-de-canard-aux-epices-basques-et-puree-de-brocolis-006-300x225.jpg\" alt=\"\" width=\"213\" height=\"160\" srcset=\"http:\/\/recettes-gourmandes-de-joce.fr\/wp-content\/uploads\/2021\/05\/magrets-de-canard-aux-epices-basques-et-puree-de-brocolis-006-300x225.jpg 300w, http:\/\/recettes-gourmandes-de-joce.fr\/wp-content\/uploads\/2021\/05\/magrets-de-canard-aux-epices-basques-et-puree-de-brocolis-006.jpg 720w\" sizes=\"auto, (max-width: 213px) 100vw, 213px\" \/><\/span><\/div>\n<div><\/div>\n<div class=\"column-content\">\n<p class=\"clearfix\" style=\"text-align: center;\"><span style=\"color: #808000;\"><em><span style=\"font-size: 14pt; font-family: georgia, palatino, serif;\">Pendant la cuisson des magrets, r\u00e9aliser la sauce. Dans la po\u00eale mettre le beurre \u00e0 fondre, y faire blondir les \u00e9chalotes poivr\u00e9es et sal\u00e9es. Ajouter ensuite la cr\u00e8me et remuer.<\/span><\/em><\/span><\/p>\n<\/div>\n<\/div>\n<\/div>\n<\/div>\n<div class=\"row-content\" style=\"text-align: center;\">\n<div class=\"row\">\n<div class=\"column\">\n<div class=\"column-content\">\n<p class=\"clearfix\"><span style=\"color: #808000;\"><img loading=\"lazy\" decoding=\"async\" class=\"alignnone wp-image-32359\" src=\"http:\/\/recettes-gourmandes-de-joce.fr\/wp-content\/uploads\/2021\/05\/magrets-de-canard-aux-epices-basques-et-puree-de-brocolis-007-300x225.jpg\" alt=\"\" width=\"213\" height=\"160\" srcset=\"http:\/\/recettes-gourmandes-de-joce.fr\/wp-content\/uploads\/2021\/05\/magrets-de-canard-aux-epices-basques-et-puree-de-brocolis-007-300x225.jpg 300w, http:\/\/recettes-gourmandes-de-joce.fr\/wp-content\/uploads\/2021\/05\/magrets-de-canard-aux-epices-basques-et-puree-de-brocolis-007.jpg 720w\" sizes=\"auto, (max-width: 213px) 100vw, 213px\" \/> <img loading=\"lazy\" decoding=\"async\" class=\"alignnone wp-image-32360\" src=\"http:\/\/recettes-gourmandes-de-joce.fr\/wp-content\/uploads\/2021\/05\/magrets-de-canard-aux-epices-basques-et-puree-de-brocolis-008-300x225.jpg\" alt=\"\" width=\"213\" height=\"160\" srcset=\"http:\/\/recettes-gourmandes-de-joce.fr\/wp-content\/uploads\/2021\/05\/magrets-de-canard-aux-epices-basques-et-puree-de-brocolis-008-300x225.jpg 300w, http:\/\/recettes-gourmandes-de-joce.fr\/wp-content\/uploads\/2021\/05\/magrets-de-canard-aux-epices-basques-et-puree-de-brocolis-008.jpg 720w\" sizes=\"auto, (max-width: 213px) 100vw, 213px\" \/> <img loading=\"lazy\" decoding=\"async\" class=\"alignnone wp-image-32361\" src=\"http:\/\/recettes-gourmandes-de-joce.fr\/wp-content\/uploads\/2021\/05\/magrets-de-canard-aux-epices-basques-et-puree-de-brocolis-009-300x225.jpg\" alt=\"\" width=\"213\" height=\"160\" srcset=\"http:\/\/recettes-gourmandes-de-joce.fr\/wp-content\/uploads\/2021\/05\/magrets-de-canard-aux-epices-basques-et-puree-de-brocolis-009-300x225.jpg 300w, http:\/\/recettes-gourmandes-de-joce.fr\/wp-content\/uploads\/2021\/05\/magrets-de-canard-aux-epices-basques-et-puree-de-brocolis-009.jpg 720w\" sizes=\"auto, (max-width: 213px) 100vw, 213px\" \/><\/span><\/p>\n<p><span style=\"color: #808000;\"><em><span style=\"font-size: 14pt; font-family: georgia, palatino, serif;\">Ajouter les \u00e9pices basques puis<\/span><\/em><em><span style=\"font-size: 14pt; font-family: georgia, palatino, serif;\">\u00a0le fond de veau bien m\u00e9langer, laisser chauffer quelques secondes\u00a0et r\u00e9server.\u00a0<\/span><\/em><\/span><\/p>\n<p><span style=\"color: #808000;\"><em><span style=\"font-family: georgia, palatino, serif;\"><span style=\"font-size: 14pt;\">Sortir vos magrets du four, tranchez l\u00e8s et disposez l\u00e8s<\/span><span style=\"font-size: 14pt;\">\u00a0dans les assiettes accompagn\u00e9s de la pur\u00e9e de brocolis et d&rsquo;un cordon de sauce.<\/span><\/span><\/em><\/span><\/p>\n<p><span style=\"color: #808000;\"><em><span style=\"font-size: 14pt; font-family: georgia, palatino, serif;\">Un conseil, enfourner vos magrets juste avant le repas car le r\u00e9chauffage vous donnerez des magrets trop cuits. Un demi magret par personne est suffisant.<\/span><\/em><\/span><\/p>\n<p><span style=\"color: #808000;\"><em><span style=\"font-size: 14pt; font-family: georgia, palatino, serif;\">Bon app\u00e9tit!<\/span><\/em><\/span><\/p>\n<p><span style=\"color: #808000;\"><img loading=\"lazy\" decoding=\"async\" class=\"alignnone wp-image-32362\" src=\"http:\/\/recettes-gourmandes-de-joce.fr\/wp-content\/uploads\/2021\/05\/magrets-de-canard-aux-epices-basques-et-puree-de-brocolis-010-1-300x225.jpg\" alt=\"\" width=\"240\" height=\"180\" srcset=\"http:\/\/recettes-gourmandes-de-joce.fr\/wp-content\/uploads\/2021\/05\/magrets-de-canard-aux-epices-basques-et-puree-de-brocolis-010-1-300x225.jpg 300w, http:\/\/recettes-gourmandes-de-joce.fr\/wp-content\/uploads\/2021\/05\/magrets-de-canard-aux-epices-basques-et-puree-de-brocolis-010-1.jpg 720w\" sizes=\"auto, (max-width: 240px) 100vw, 240px\" \/> <img loading=\"lazy\" decoding=\"async\" class=\"alignnone wp-image-32363\" src=\"http:\/\/recettes-gourmandes-de-joce.fr\/wp-content\/uploads\/2021\/05\/magrets-de-canard-aux-epices-basques-et-puree-de-brocolis-010-300x223.jpg\" alt=\"\" width=\"242\" height=\"180\" srcset=\"http:\/\/recettes-gourmandes-de-joce.fr\/wp-content\/uploads\/2021\/05\/magrets-de-canard-aux-epices-basques-et-puree-de-brocolis-010-300x223.jpg 300w, http:\/\/recettes-gourmandes-de-joce.fr\/wp-content\/uploads\/2021\/05\/magrets-de-canard-aux-epices-basques-et-puree-de-brocolis-010.jpg 599w\" sizes=\"auto, (max-width: 242px) 100vw, 242px\" \/> <img loading=\"lazy\" decoding=\"async\" class=\"alignnone wp-image-32364\" src=\"http:\/\/recettes-gourmandes-de-joce.fr\/wp-content\/uploads\/2021\/05\/magrets-de-canard-aux-epices-basques-et-puree-de-brocolis-011-300x216.jpg\" alt=\"\" width=\"250\" height=\"180\" srcset=\"http:\/\/recettes-gourmandes-de-joce.fr\/wp-content\/uploads\/2021\/05\/magrets-de-canard-aux-epices-basques-et-puree-de-brocolis-011-300x216.jpg 300w, http:\/\/recettes-gourmandes-de-joce.fr\/wp-content\/uploads\/2021\/05\/magrets-de-canard-aux-epices-basques-et-puree-de-brocolis-011.jpg 701w\" sizes=\"auto, (max-width: 250px) 100vw, 250px\" \/><\/span><\/p>\n<p><img loading=\"lazy\" decoding=\"async\" class=\"alignnone size-full wp-image-59803\" src=\"http:\/\/recettes-gourmandes-de-joce.fr\/wp-content\/uploads\/2024\/01\/logitech-gaming-software-14112014-121223.jpg\" alt=\"\" width=\"640\" height=\"144\" \/><\/p>\n<div><\/div>\n<\/div>\n<\/div>\n<\/div>\n<\/div>\n<div class=\"plugins\">\n<div id=\"comments-pages\" class=\"plugin plugin-comments\" style=\"text-align: left;\">\n<p><span style=\"font-family: 'book antiqua', palatino, serif; color: #000000;\"><span style=\"font-size: 14pt;\">Commentaires\u00a0<small>(2)<\/small><\/span><\/span><\/p>\n<div class=\"items-container\">\n<div class=\"item item-comment media\">\n<p class=\"pull-left\"><span style=\"font-family: 'book antiqua', palatino, serif; color: #000000;\"><span style=\"font-size: 14pt;\"><img decoding=\"async\" class=\"media-object\" src=\"https:\/\/www.gravatar.com\/avatar\/ca3c764b282033c1dce9aaf1942b4cf9?d=http%3A%2F%2Frecettesgourmandesdejoce.e-monsite.com%2Fmedias%2Fstatic%2Fmanager%2Fim%2Favatar.png?s=50&amp;d=mm\" alt=\"Sylvie\" width=\"50\" \/><\/span><\/span><\/p>\n<div class=\"media-body\">\n<ul class=\"inline item-infos\">\n<li><span style=\"font-family: 'book antiqua', palatino, serif; color: #000000;\"><span style=\"font-size: 14pt;\"><span class=\"comment-number\">1.<\/span>\u00a0<span class=\"comment-author\">Sylvie<\/span>\u00a0<span class=\"comment-date\">| 15\/02\/2015<\/span><\/span><\/span><\/li>\n<\/ul>\n<p class=\"comment-content\"><span style=\"font-family: 'book antiqua', palatino, serif; color: #000000;\"><span style=\"font-size: 14pt;\">recette faite ce midi r\u00e9sultat tr\u00e8s bon<\/span><\/span><\/p>\n<div class=\"item item-comment media by-webmaster\">\n<p class=\"pull-left\"><span style=\"font-family: 'book antiqua', palatino, serif; color: #000000;\"><span style=\"font-size: 14pt;\"><img decoding=\"async\" class=\"media-object\" src=\"http:\/\/recettesgourmandesdejoce.e-monsite.com\/medias\/static\/manager\/im\/avatar.png?fx=c_50_50\" alt=\"jocelyne debon\" width=\"50\" \/><\/span><\/span><\/p>\n<div class=\"media-body\">\n<ul class=\"inline item-infos\">\n<li><span style=\"font-family: 'book antiqua', palatino, serif; color: #000000;\"><span style=\"font-size: 14pt;\"><span class=\"comment-author\">jocelyne debon<\/span>\u00a0<span class=\"comment-date\">| 15\/02\/2015<\/span><\/span><\/span><\/li>\n<\/ul>\n<p class=\"comment-content\"><span style=\"font-family: 'book antiqua', palatino, serif; color: #000000;\"><span style=\"font-size: 14pt;\">Merci pour le commentaire Bonne journ\u00e9e Amicalement Joce<\/span><\/span><\/p>\n<\/div>\n<\/div>\n<\/div>\n<\/div>\n<\/div>\n<\/div>\n<\/div>\n","protected":false},"excerpt":{"rendered":"<p>Une de mes recettes Ingr\u00e9dients pour 6 personnes 3 magrets de canard\u00a0 15 cl de cr\u00e8me fra\u00eeche liquide 1 grosse \u00e9chalote 1 morceau de beurre 1 c \u00e0 c de fond de veau 1 c \u00e0 c d&rsquo;\u00e9pices basques \u00e0 d\u00e9faut \u00bd c \u00e0 c de piment d&rsquo;Espelette Sel et poivre Pour la pur\u00e9e de &hellip; <\/p>\n<p><a class=\"more-link btn\" href=\"http:\/\/recettes-gourmandes-de-joce.fr\/index.php\/index\/viandes\/volailles\/canard-pintade\/magrets-de-canard-aux-epices-basques-et-puree-de-brocolis\/\">Lire la suite<\/a><\/p>\n","protected":false},"author":2,"featured_media":85134,"parent":988,"menu_order":0,"comment_status":"open","ping_status":"closed","template":"","meta":{"footnotes":""},"class_list":["post-32356","page","type-page","status-publish","has-post-thumbnail","hentry","nodate","item-wrap"],"_links":{"self":[{"href":"http:\/\/recettes-gourmandes-de-joce.fr\/index.php\/wp-json\/wp\/v2\/pages\/32356","targetHints":{"allow":["GET"]}}],"collection":[{"href":"http:\/\/recettes-gourmandes-de-joce.fr\/index.php\/wp-json\/wp\/v2\/pages"}],"about":[{"href":"http:\/\/recettes-gourmandes-de-joce.fr\/index.php\/wp-json\/wp\/v2\/types\/page"}],"author":[{"embeddable":true,"href":"http:\/\/recettes-gourmandes-de-joce.fr\/index.php\/wp-json\/wp\/v2\/users\/2"}],"replies":[{"embeddable":true,"href":"http:\/\/recettes-gourmandes-de-joce.fr\/index.php\/wp-json\/wp\/v2\/comments?post=32356"}],"version-history":[{"count":10,"href":"http:\/\/recettes-gourmandes-de-joce.fr\/index.php\/wp-json\/wp\/v2\/pages\/32356\/revisions"}],"predecessor-version":[{"id":85135,"href":"http:\/\/recettes-gourmandes-de-joce.fr\/index.php\/wp-json\/wp\/v2\/pages\/32356\/revisions\/85135"}],"up":[{"embeddable":true,"href":"http:\/\/recettes-gourmandes-de-joce.fr\/index.php\/wp-json\/wp\/v2\/pages\/988"}],"wp:featuredmedia":[{"embeddable":true,"href":"http:\/\/recettes-gourmandes-de-joce.fr\/index.php\/wp-json\/wp\/v2\/media\/85134"}],"wp:attachment":[{"href":"http:\/\/recettes-gourmandes-de-joce.fr\/index.php\/wp-json\/wp\/v2\/media?parent=32356"}],"curies":[{"name":"wp","href":"https:\/\/api.w.org\/{rel}","templated":true}]}}