{"id":30987,"date":"2021-05-05T13:49:43","date_gmt":"2021-05-05T13:49:43","guid":{"rendered":"http:\/\/recettes-gourmandes-de-joce.fr\/?page_id=30987"},"modified":"2024-05-27T16:57:57","modified_gmt":"2024-05-27T16:57:57","slug":"tresses-feuilletees-aperitives-garnitures-diverses","status":"publish","type":"page","link":"http:\/\/recettes-gourmandes-de-joce.fr\/index.php\/index\/aperitifs-amuses-bouches\/feuilletes-aperitifs\/tresses-feuilletees-aperitives-garnitures-diverses\/","title":{"rendered":"Tresses feuillet\u00e9es ap\u00e9ritives garnitures diverses."},"content":{"rendered":"<p style=\"text-align: center;\"><span style=\"text-decoration: underline; font-size: 18pt; color: #993300;\"><span style=\"font-family: georgia, palatino, serif;\"><em>Une de mes recettes<\/em><\/span><\/span><\/p>\n<p style=\"text-align: center;\"><span style=\"color: #993300;\"><img loading=\"lazy\" decoding=\"async\" class=\"alignnone wp-image-30991\" src=\"http:\/\/recettes-gourmandes-de-joce.fr\/wp-content\/uploads\/2021\/05\/tresses_feuilletees_et_garnitures_diverses_022-300x178.jpg\" alt=\"\" width=\"303\" height=\"180\" srcset=\"http:\/\/recettes-gourmandes-de-joce.fr\/wp-content\/uploads\/2021\/05\/tresses_feuilletees_et_garnitures_diverses_022-300x178.jpg 300w, http:\/\/recettes-gourmandes-de-joce.fr\/wp-content\/uploads\/2021\/05\/tresses_feuilletees_et_garnitures_diverses_022.jpg 546w\" sizes=\"auto, (max-width: 303px) 100vw, 303px\" \/> <img loading=\"lazy\" decoding=\"async\" class=\"alignnone wp-image-30990\" src=\"http:\/\/recettes-gourmandes-de-joce.fr\/wp-content\/uploads\/2021\/05\/tresses_feuilletees_et_garnitures_diverses_021-300x206.jpg\" alt=\"\" width=\"263\" height=\"180\" srcset=\"http:\/\/recettes-gourmandes-de-joce.fr\/wp-content\/uploads\/2021\/05\/tresses_feuilletees_et_garnitures_diverses_021-300x206.jpg 300w, http:\/\/recettes-gourmandes-de-joce.fr\/wp-content\/uploads\/2021\/05\/tresses_feuilletees_et_garnitures_diverses_021.jpg 550w\" sizes=\"auto, (max-width: 263px) 100vw, 263px\" \/><img loading=\"lazy\" decoding=\"async\" class=\"alignnone wp-image-30992\" src=\"http:\/\/recettes-gourmandes-de-joce.fr\/wp-content\/uploads\/2021\/05\/grg-300x225.jpg\" alt=\"\" width=\"240\" height=\"180\" srcset=\"http:\/\/recettes-gourmandes-de-joce.fr\/wp-content\/uploads\/2021\/05\/grg-300x225.jpg 300w, http:\/\/recettes-gourmandes-de-joce.fr\/wp-content\/uploads\/2021\/05\/grg.jpg 550w\" sizes=\"auto, (max-width: 240px) 100vw, 240px\" \/><\/span><\/p>\n<p style=\"text-align: center;\"><span style=\"text-decoration: underline; color: #993300;\"><span style=\"font-size: 18pt; font-family: georgia, palatino, serif;\"><em>Ingr\u00e9dients pour 4 tresses<\/em><\/span><\/span><\/p>\n<p style=\"text-align: center;\"><span style=\"font-size: 14pt; font-family: georgia, palatino, serif; color: #993300;\"><em><img loading=\"lazy\" decoding=\"async\" class=\"alignnone wp-image-30993\" src=\"http:\/\/recettes-gourmandes-de-joce.fr\/wp-content\/uploads\/2021\/05\/tresses_feuilletees_et_garnitures_diverses_00-225x300.jpg\" alt=\"\" width=\"150\" height=\"200\" srcset=\"http:\/\/recettes-gourmandes-de-joce.fr\/wp-content\/uploads\/2021\/05\/tresses_feuilletees_et_garnitures_diverses_00-225x300.jpg 225w, http:\/\/recettes-gourmandes-de-joce.fr\/wp-content\/uploads\/2021\/05\/tresses_feuilletees_et_garnitures_diverses_00.jpg 412w\" sizes=\"auto, (max-width: 150px) 100vw, 150px\" \/>\u00a0<\/em><\/span><\/p>\n<p style=\"text-align: center;\"><span style=\"font-size: 14pt; font-family: georgia, palatino, serif; color: #993300;\"><em>2 p\u00e2tes feuillet\u00e9es<\/em><\/span><\/p>\n<p style=\"text-align: center;\"><span style=\"font-size: 14pt; font-family: georgia, palatino, serif; color: #993300;\"><em>2 tranches de jambon blanc<\/em><\/span><\/p>\n<p style=\"text-align: center;\"><span style=\"font-size: 14pt; font-family: georgia, palatino, serif; color: #993300;\"><em>4 champignons<\/em><\/span><\/p>\n<p style=\"text-align: center;\"><span style=\"font-size: 14pt; font-family: georgia, palatino, serif; color: #993300;\"><em>4 b\u00e2tonnets de surimi<\/em><\/span><\/p>\n<p style=\"text-align: center;\"><span style=\"font-size: 14pt; font-family: georgia, palatino, serif; color: #993300;\"><em>1 oignon rouge<\/em><\/span><\/p>\n<p style=\"text-align: center;\"><span style=\"font-size: 14pt; font-family: georgia, palatino, serif; color: #993300;\"><em>1 tomate<\/em><\/span><\/p>\n<p style=\"text-align: center;\"><span style=\"font-size: 14pt; font-family: georgia, palatino, serif; color: #993300;\"><em>2 knackies<\/em><\/span><\/p>\n<p style=\"text-align: center;\"><span style=\"font-size: 14pt; font-family: georgia, palatino, serif; color: #993300;\"><em>100 g de thon<\/em><\/span><\/p>\n<p style=\"text-align: center;\"><span style=\"font-size: 14pt; font-family: georgia, palatino, serif; color: #993300;\"><em>2 tranches de Leardemmer<\/em><\/span><\/p>\n<p style=\"text-align: center;\"><span style=\"font-size: 14pt; font-family: georgia, palatino, serif; color: #993300;\"><em>2 vaches qui rit<\/em><\/span><\/p>\n<p style=\"text-align: center;\"><span style=\"font-size: 14pt; font-family: georgia, palatino, serif; color: #993300;\"><em>1 c \u00e0 s d&rsquo;herbes de Provence<\/em><\/span><\/p>\n<p style=\"text-align: center;\"><span style=\"font-size: 14pt; font-family: georgia, palatino, serif; color: #993300;\"><em>Sel et poivre<\/em><\/span><\/p>\n<p style=\"text-align: center;\"><span style=\"font-size: 14pt; font-family: georgia, palatino, serif; color: #993300;\"><em>Huile d&rsquo;olive<\/em><\/span><\/p>\n<p style=\"text-align: center;\"><span style=\"text-decoration: underline; color: #993300;\"><span style=\"font-size: 14pt; font-family: georgia, palatino, serif;\"><em>Pour la finition<\/em><\/span><\/span><\/p>\n<p style=\"text-align: center;\"><span style=\"font-size: 14pt; color: #993300;\"><span style=\"font-family: georgia, palatino, serif;\"><em>1\u00a0<\/em><\/span><span style=\"font-family: georgia, palatino, serif;\"><i>\u0153uf<\/i><\/span><\/span><\/p>\n<p style=\"text-align: center;\"><span style=\"font-size: 14pt; color: #993300;\"><span style=\"font-family: georgia, palatino, serif;\"><em>Graines de s\u00e9same, pavot, ail <\/em><\/span><span style=\"font-family: georgia, palatino, serif;\"><em>semoule, gruy\u00e8re r\u00e2p\u00e9, etc.<\/em><\/span><\/span><\/p>\n<p style=\"text-align: center;\"><span style=\"font-size: 14pt; font-family: georgia, palatino, serif; color: #993300;\"><em>Les photos sont l\u00e0 pour vous donner des id\u00e9es de garniture, laisser votre imagination faire selon vos go\u00fbts!<\/em><\/span><\/p>\n<p style=\"text-align: center;\"><span style=\"color: #993300;\"><img loading=\"lazy\" decoding=\"async\" class=\"alignnone wp-image-30853\" src=\"http:\/\/recettes-gourmandes-de-joce.fr\/wp-content\/uploads\/2021\/05\/p5220466-300x225.jpg\" alt=\"\" width=\"213\" height=\"160\" srcset=\"http:\/\/recettes-gourmandes-de-joce.fr\/wp-content\/uploads\/2021\/05\/p5220466-300x225.jpg 300w, http:\/\/recettes-gourmandes-de-joce.fr\/wp-content\/uploads\/2021\/05\/p5220466-768x576.jpg 768w, http:\/\/recettes-gourmandes-de-joce.fr\/wp-content\/uploads\/2021\/05\/p5220466-750x563.jpg 750w, http:\/\/recettes-gourmandes-de-joce.fr\/wp-content\/uploads\/2021\/05\/p5220466.jpg 800w\" sizes=\"auto, (max-width: 213px) 100vw, 213px\" \/> <img loading=\"lazy\" decoding=\"async\" class=\"alignnone wp-image-30801\" src=\"http:\/\/recettes-gourmandes-de-joce.fr\/wp-content\/uploads\/2021\/05\/p2250023-300x196.jpg\" alt=\"\" width=\"245\" height=\"160\" srcset=\"http:\/\/recettes-gourmandes-de-joce.fr\/wp-content\/uploads\/2021\/05\/p2250023-300x196.jpg 300w, http:\/\/recettes-gourmandes-de-joce.fr\/wp-content\/uploads\/2021\/05\/p2250023-750x490.jpg 750w, http:\/\/recettes-gourmandes-de-joce.fr\/wp-content\/uploads\/2021\/05\/p2250023.jpg 761w\" sizes=\"auto, (max-width: 245px) 100vw, 245px\" \/> <img loading=\"lazy\" decoding=\"async\" class=\"alignnone wp-image-30970\" src=\"http:\/\/recettes-gourmandes-de-joce.fr\/wp-content\/uploads\/2021\/05\/100-7908-1-300x210.jpg\" alt=\"\" width=\"228\" height=\"160\" srcset=\"http:\/\/recettes-gourmandes-de-joce.fr\/wp-content\/uploads\/2021\/05\/100-7908-1-300x210.jpg 300w, http:\/\/recettes-gourmandes-de-joce.fr\/wp-content\/uploads\/2021\/05\/100-7908-1.jpg 724w\" sizes=\"auto, (max-width: 228px) 100vw, 228px\" \/><\/span><\/p>\n<p style=\"text-align: center;\"><span style=\"font-size: 14pt; color: #993300;\"><em style=\"font-family: georgia, palatino, serif; text-align: center;\">Peler et \u00e9mincer l&rsquo;oignon, nettoyer et \u00e9mincer les champignons\u00a0<\/em><em style=\"font-family: georgia, palatino, serif; text-align: center;\">couper le jambon, les knackies et le Leardemmer en deux <\/em><em style=\"font-family: georgia, palatino, serif; text-align: center;\">dans le sens de la longueur.\u00a0<\/em><em style=\"font-family: georgia, palatino, serif; text-align: center;\">Couper le ch\u00e8vre et la tomate en 5 tranches. Aidez vous<\/em><em style=\"font-family: georgia, palatino, serif; text-align: center;\">\u00a0des photos.<\/em><\/span><\/p>\n<p style=\"text-align: center;\"><span style=\"font-size: 14pt; color: #993300;\"><span style=\"font-family: georgia, palatino, serif;\"><img loading=\"lazy\" decoding=\"async\" class=\"alignnone wp-image-30994\" style=\"font-family: Lato, sans-serif;\" src=\"http:\/\/recettes-gourmandes-de-joce.fr\/wp-content\/uploads\/2021\/05\/tresses_feuilletees_et_garnitures_diverses_001-225x300.jpg\" alt=\"\" width=\"120\" height=\"160\" srcset=\"http:\/\/recettes-gourmandes-de-joce.fr\/wp-content\/uploads\/2021\/05\/tresses_feuilletees_et_garnitures_diverses_001-225x300.jpg 225w, http:\/\/recettes-gourmandes-de-joce.fr\/wp-content\/uploads\/2021\/05\/tresses_feuilletees_et_garnitures_diverses_001.jpg 412w\" sizes=\"auto, (max-width: 120px) 100vw, 120px\" \/><img loading=\"lazy\" decoding=\"async\" class=\"alignnone wp-image-30997\" style=\"font-family: Lato, sans-serif;\" src=\"http:\/\/recettes-gourmandes-de-joce.fr\/wp-content\/uploads\/2021\/05\/tresses_feuilletees_et_garnitures_diverses_002-225x300.jpg\" alt=\"\" width=\"120\" height=\"160\" srcset=\"http:\/\/recettes-gourmandes-de-joce.fr\/wp-content\/uploads\/2021\/05\/tresses_feuilletees_et_garnitures_diverses_002-225x300.jpg 225w, http:\/\/recettes-gourmandes-de-joce.fr\/wp-content\/uploads\/2021\/05\/tresses_feuilletees_et_garnitures_diverses_002.jpg 412w\" sizes=\"auto, (max-width: 120px) 100vw, 120px\" \/>\u00a0<\/span><img loading=\"lazy\" decoding=\"async\" class=\"alignnone wp-image-30998\" src=\"http:\/\/recettes-gourmandes-de-joce.fr\/wp-content\/uploads\/2021\/05\/tresses_feuilletees_et_garnitures_diverses_003-225x300.jpg\" alt=\"\" width=\"120\" height=\"160\" srcset=\"http:\/\/recettes-gourmandes-de-joce.fr\/wp-content\/uploads\/2021\/05\/tresses_feuilletees_et_garnitures_diverses_003-225x300.jpg 225w, http:\/\/recettes-gourmandes-de-joce.fr\/wp-content\/uploads\/2021\/05\/tresses_feuilletees_et_garnitures_diverses_003.jpg 412w\" sizes=\"auto, (max-width: 120px) 100vw, 120px\" \/><em style=\"font-family: georgia, palatino, serif;\">\u00a0<\/em><\/span><\/p>\n<p style=\"text-align: center;\"><span style=\"font-size: 14pt; color: #993300;\"><span style=\"font-family: georgia, palatino, serif;\"><em>\u00a0<\/em><\/span><span style=\"font-family: georgia, palatino, serif;\"><em>\u00a0<\/em><em>Etaler vos p\u00e2tes feuillet\u00e9es et coupez l\u00e8s en deux. <\/em><em>Commencer par une demi p\u00e2te. <\/em><em>D\u00e9poser au centre et dans le sens de la longueur\u00a0<\/em><em>en laissant 2 cm en haut et en bas de libre\u00a0<\/em><em>deux demi tranches de Leardemmer, ajouter dessus <\/em><em>des lamelles de champignon, saler et poivrer et r\u00e9partir\u00a0<\/em><em>le thon dessus.<\/em><\/span><\/span><\/p>\n<p style=\"text-align: center;\"><span style=\"font-size: 14pt; font-family: georgia, palatino, serif; color: #993300;\"><img loading=\"lazy\" decoding=\"async\" class=\"alignnone wp-image-30999\" style=\"font-family: Lato, sans-serif;\" src=\"http:\/\/recettes-gourmandes-de-joce.fr\/wp-content\/uploads\/2021\/05\/tresses_feuilletees_et_garnitures_diverses_004-225x300.jpg\" alt=\"\" width=\"120\" height=\"160\" srcset=\"http:\/\/recettes-gourmandes-de-joce.fr\/wp-content\/uploads\/2021\/05\/tresses_feuilletees_et_garnitures_diverses_004-225x300.jpg 225w, http:\/\/recettes-gourmandes-de-joce.fr\/wp-content\/uploads\/2021\/05\/tresses_feuilletees_et_garnitures_diverses_004.jpg 412w\" sizes=\"auto, (max-width: 120px) 100vw, 120px\" \/> <img loading=\"lazy\" decoding=\"async\" class=\"alignnone wp-image-31000\" style=\"font-family: Lato, sans-serif;\" src=\"http:\/\/recettes-gourmandes-de-joce.fr\/wp-content\/uploads\/2021\/05\/tresses_feuilletees_et_garnitures_diverses_005-225x300.jpg\" alt=\"\" width=\"120\" height=\"160\" srcset=\"http:\/\/recettes-gourmandes-de-joce.fr\/wp-content\/uploads\/2021\/05\/tresses_feuilletees_et_garnitures_diverses_005-225x300.jpg 225w, http:\/\/recettes-gourmandes-de-joce.fr\/wp-content\/uploads\/2021\/05\/tresses_feuilletees_et_garnitures_diverses_005.jpg 412w\" sizes=\"auto, (max-width: 120px) 100vw, 120px\" \/> <img loading=\"lazy\" decoding=\"async\" class=\"alignnone wp-image-30995\" src=\"http:\/\/recettes-gourmandes-de-joce.fr\/wp-content\/uploads\/2021\/05\/tresses_feuilletees_et_garnitures_diverses_01-225x300.jpg\" alt=\"\" width=\"120\" height=\"160\" srcset=\"http:\/\/recettes-gourmandes-de-joce.fr\/wp-content\/uploads\/2021\/05\/tresses_feuilletees_et_garnitures_diverses_01-225x300.jpg 225w, http:\/\/recettes-gourmandes-de-joce.fr\/wp-content\/uploads\/2021\/05\/tresses_feuilletees_et_garnitures_diverses_01.jpg 412w\" sizes=\"auto, (max-width: 120px) 100vw, 120px\" \/><\/span><\/p>\n<p style=\"text-align: center;\"><span style=\"font-size: 14pt; font-family: georgia, palatino, serif; color: #993300;\"><em>D\u00e9rouler le surimi recouvrir le thon,<\/em><em> ajouter un peu d&rsquo;herbes de Provence.\u00a0<\/em><em>Couper \u00e0 l&rsquo;aide d&rsquo;un couteau chaque c\u00f4t\u00e9 de la p\u00e2te <\/em><em>jusqu&rsquo;\u00e0 ras de la farce en bandes de 1 cm environ.\u00a0<\/em><em>Laisser la largeur de la farce en haut et en bas sans <\/em><em>la couper afin de fermer chaque bout herm\u00e9tiquement. <\/em><em>Replier le premier bout sur la farce et\u00a0<\/em><em>rabattre les lani\u00e8res en les croisant, terminer en rabattant\u00a0<\/em><em>le dernier bout, r\u00e9server.\u00a0<\/em><\/span><\/p>\n<p style=\"text-align: center;\"><span style=\"font-size: 14pt; color: #993300;\"><img loading=\"lazy\" decoding=\"async\" class=\"alignnone wp-image-30988\" src=\"http:\/\/recettes-gourmandes-de-joce.fr\/wp-content\/uploads\/2021\/05\/tresses_feuilletees_et_garnitures_diverses_011-001-225x300.jpg\" alt=\"\" width=\"120\" height=\"160\" srcset=\"http:\/\/recettes-gourmandes-de-joce.fr\/wp-content\/uploads\/2021\/05\/tresses_feuilletees_et_garnitures_diverses_011-001-225x300.jpg 225w, http:\/\/recettes-gourmandes-de-joce.fr\/wp-content\/uploads\/2021\/05\/tresses_feuilletees_et_garnitures_diverses_011-001.jpg 412w\" sizes=\"auto, (max-width: 120px) 100vw, 120px\" \/> <img loading=\"lazy\" decoding=\"async\" class=\"alignnone wp-image-30995\" src=\"http:\/\/recettes-gourmandes-de-joce.fr\/wp-content\/uploads\/2021\/05\/tresses_feuilletees_et_garnitures_diverses_01-225x300.jpg\" alt=\"\" width=\"120\" height=\"160\" srcset=\"http:\/\/recettes-gourmandes-de-joce.fr\/wp-content\/uploads\/2021\/05\/tresses_feuilletees_et_garnitures_diverses_01-225x300.jpg 225w, http:\/\/recettes-gourmandes-de-joce.fr\/wp-content\/uploads\/2021\/05\/tresses_feuilletees_et_garnitures_diverses_01.jpg 412w\" sizes=\"auto, (max-width: 120px) 100vw, 120px\" \/><\/span><\/p>\n<p style=\"text-align: center;\"><span style=\"font-size: 14pt; font-family: georgia, palatino, serif; color: #993300;\"><em>R\u00e9aliser la deuxi\u00e8me tresse, sur une autre demi\u00a0<\/em><em>p\u00e2te feuillet\u00e9e, \u00e9taler dessus au centre les vaches\u00a0<\/em><em>qui rit, ajouter les champignons, saler et poivrer, verser\u00a0<\/em><em>un filet d&rsquo;huile d&rsquo;olive et ajouter des rondelles d&rsquo;oignon <\/em><em>ajouter un peu d&rsquo;herbes de Provence.\u00a0<\/em><em>Disposer les rondelles de tomate et les 4 morceaux\u00a0<\/em><em>de knackies, fermer de la m\u00eame fa\u00e7on que la pr\u00e9c\u00e9dente\u00a0<\/em><em>r\u00e9server.<\/em><\/span><\/p>\n<p style=\"text-align: center;\"><span style=\"font-size: 14pt; color: #993300;\"><img loading=\"lazy\" decoding=\"async\" class=\"alignnone wp-image-31001\" src=\"http:\/\/recettes-gourmandes-de-joce.fr\/wp-content\/uploads\/2021\/05\/tresses_feuilletees_et_garnitures_diverses_011-225x300.jpg\" alt=\"\" width=\"120\" height=\"160\" srcset=\"http:\/\/recettes-gourmandes-de-joce.fr\/wp-content\/uploads\/2021\/05\/tresses_feuilletees_et_garnitures_diverses_011-225x300.jpg 225w, http:\/\/recettes-gourmandes-de-joce.fr\/wp-content\/uploads\/2021\/05\/tresses_feuilletees_et_garnitures_diverses_011.jpg 412w\" sizes=\"auto, (max-width: 120px) 100vw, 120px\" \/> <em style=\"font-family: georgia, palatino, serif;\"><img loading=\"lazy\" decoding=\"async\" class=\"alignnone wp-image-30996\" src=\"http:\/\/recettes-gourmandes-de-joce.fr\/wp-content\/uploads\/2021\/05\/tresses_feuilletees_et_garnitures_diverses_01-001-225x300.jpg\" alt=\"\" width=\"120\" height=\"160\" srcset=\"http:\/\/recettes-gourmandes-de-joce.fr\/wp-content\/uploads\/2021\/05\/tresses_feuilletees_et_garnitures_diverses_01-001-225x300.jpg 225w, http:\/\/recettes-gourmandes-de-joce.fr\/wp-content\/uploads\/2021\/05\/tresses_feuilletees_et_garnitures_diverses_01-001.jpg 412w\" sizes=\"auto, (max-width: 120px) 100vw, 120px\" \/> \u00a0\u00a0<\/em>\u00a0<\/span><\/p>\n<p style=\"text-align: center;\"><span style=\"font-size: 14pt; color: #993300;\"><em style=\"font-family: georgia, palatino, serif;\">R\u00e9aliser la 3\u00e9me,\u00a0<\/em><em style=\"font-family: georgia, palatino, serif;\">d\u00e9poser au centre les 5 rondelles de\u00a0<\/em><em style=\"font-family: georgia, palatino, serif;\">ch\u00e8vre, ajouter un peu d&rsquo;herbes de Provence, ajouter les\u00a0<\/em><em style=\"font-family: georgia, palatino, serif;\">champignons, les oignons, saler et poivrer, <\/em><em style=\"font-family: georgia, palatino, serif;\">ajouter un peu d&rsquo;herbes\u00a0<\/em><em style=\"font-family: georgia, palatino, serif;\">de Provence, <\/em><em style=\"font-family: georgia, palatino, serif;\">ajouter\u00a0<\/em><em style=\"font-family: georgia, palatino, serif;\">le jambon et fermer \u00e0 nouveau comme les autres.<\/em><\/span><\/p>\n<p style=\"text-align: center;\"><span style=\"font-size: 14pt; color: #993300;\"><em style=\"font-family: georgia, palatino, serif;\">Pr\u00e9chauffer le four \u00e0 200\u00b0.\u00a0<\/em><em style=\"font-family: georgia, palatino, serif;\">\u00a0<\/em><\/span><\/p>\n<p style=\"text-align: center;\"><span style=\"text-align: center; font-size: 14pt; color: #993300;\">\u00a0<img loading=\"lazy\" decoding=\"async\" class=\"alignnone wp-image-30954\" src=\"http:\/\/recettes-gourmandes-de-joce.fr\/wp-content\/uploads\/2021\/05\/petits_coeurs_feuilletes_aperitif_au_chevre_e3-300x198.jpg\" alt=\"\" width=\"242\" height=\"160\" srcset=\"http:\/\/recettes-gourmandes-de-joce.fr\/wp-content\/uploads\/2021\/05\/petits_coeurs_feuilletes_aperitif_au_chevre_e3-300x198.jpg 300w, http:\/\/recettes-gourmandes-de-joce.fr\/wp-content\/uploads\/2021\/05\/petits_coeurs_feuilletes_aperitif_au_chevre_e3.jpg 512w\" sizes=\"auto, (max-width: 242px) 100vw, 242px\" \/> <img loading=\"lazy\" decoding=\"async\" class=\"alignnone wp-image-30989\" src=\"http:\/\/recettes-gourmandes-de-joce.fr\/wp-content\/uploads\/2021\/05\/tresses_feuilletees_et_garnitures_diverses_012-300x225.jpg\" alt=\"\" width=\"214\" height=\"160\" srcset=\"http:\/\/recettes-gourmandes-de-joce.fr\/wp-content\/uploads\/2021\/05\/tresses_feuilletees_et_garnitures_diverses_012-300x225.jpg 300w, http:\/\/recettes-gourmandes-de-joce.fr\/wp-content\/uploads\/2021\/05\/tresses_feuilletees_et_garnitures_diverses_012.jpg 550w\" sizes=\"auto, (max-width: 214px) 100vw, 214px\" \/> <img loading=\"lazy\" decoding=\"async\" class=\"alignnone wp-image-30990\" src=\"http:\/\/recettes-gourmandes-de-joce.fr\/wp-content\/uploads\/2021\/05\/tresses_feuilletees_et_garnitures_diverses_021-300x206.jpg\" alt=\"\" width=\"233\" height=\"160\" srcset=\"http:\/\/recettes-gourmandes-de-joce.fr\/wp-content\/uploads\/2021\/05\/tresses_feuilletees_et_garnitures_diverses_021-300x206.jpg 300w, http:\/\/recettes-gourmandes-de-joce.fr\/wp-content\/uploads\/2021\/05\/tresses_feuilletees_et_garnitures_diverses_021.jpg 550w\" sizes=\"auto, (max-width: 233px) 100vw, 233px\" \/><\/span><\/p>\n<p style=\"text-align: center;\"><span style=\"font-size: 14pt; color: #993300;\"><em><span style=\"font-family: georgia, palatino, serif;\">Battre l&rsquo;\u0153uf\u00a0en omelette et passer vos 4 tresses \u00e0\u00a0<\/span><\/em><em><span style=\"font-family: georgia, palatino, serif;\">l&rsquo;\u0153ufs pour les dorer. <\/span><\/em><span style=\"font-family: georgia, palatino, serif;\"><em>Sur l&rsquo;une parsemer de graines de s\u00e9same, la 2\u00e8me de\u00a0<\/em><em>graines de pavot, la troisi\u00e8me d&rsquo;herbe de Provence, la 4\u00e9me <\/em><em>d&rsquo;ail semoule et ou gruy\u00e8re r\u00e2p\u00e9 si vous en r\u00e9alisez 4 par exemple.<\/em><\/span><\/span><\/p>\n<p style=\"text-align: center;\"><span style=\"font-size: 14pt; font-family: georgia, palatino, serif; color: #993300;\"> <em>Enfourner environ 35 minutes \u00e0 200\u00b0 selon les fours.\u00a0<\/em><em>Surveiller la coloration et la cuisson. <\/em><em>\u00a0Les couper en tranches d&rsquo;un bon cm et les servir en <\/em><em>feuillet\u00e9s ap\u00e9ritifs chauds ou froids<\/em><\/span><\/p>\n<p style=\"text-align: center;\"><span style=\"font-size: 14pt; font-family: georgia, palatino, serif; color: #993300;\"><em>Varier les garnitures selon vos go\u00fbts, bon ap\u00e9ritif!<\/em><\/span><\/p>\n<p style=\"text-align: center;\"><span style=\"color: #993300;\"><img loading=\"lazy\" decoding=\"async\" class=\"alignnone wp-image-30991\" src=\"http:\/\/recettes-gourmandes-de-joce.fr\/wp-content\/uploads\/2021\/05\/tresses_feuilletees_et_garnitures_diverses_022-300x178.jpg\" alt=\"\" width=\"303\" height=\"180\" srcset=\"http:\/\/recettes-gourmandes-de-joce.fr\/wp-content\/uploads\/2021\/05\/tresses_feuilletees_et_garnitures_diverses_022-300x178.jpg 300w, http:\/\/recettes-gourmandes-de-joce.fr\/wp-content\/uploads\/2021\/05\/tresses_feuilletees_et_garnitures_diverses_022.jpg 546w\" sizes=\"auto, (max-width: 303px) 100vw, 303px\" \/> <img loading=\"lazy\" decoding=\"async\" class=\"alignnone wp-image-30992\" src=\"http:\/\/recettes-gourmandes-de-joce.fr\/wp-content\/uploads\/2021\/05\/grg-300x225.jpg\" alt=\"\" width=\"240\" height=\"180\" srcset=\"http:\/\/recettes-gourmandes-de-joce.fr\/wp-content\/uploads\/2021\/05\/grg-300x225.jpg 300w, http:\/\/recettes-gourmandes-de-joce.fr\/wp-content\/uploads\/2021\/05\/grg.jpg 550w\" sizes=\"auto, (max-width: 240px) 100vw, 240px\" \/><\/span><\/p>\n<p style=\"text-align: center;\"><span style=\"color: #993300;\"><img loading=\"lazy\" decoding=\"async\" class=\"alignnone wp-image-24317 size-full\" src=\"http:\/\/recettes-gourmandes-de-joce.fr\/wp-content\/uploads\/2020\/07\/logitech-gaming-software-14112014-121223.jpg\" alt=\"\" width=\"640\" height=\"144\" srcset=\"http:\/\/recettes-gourmandes-de-joce.fr\/wp-content\/uploads\/2020\/07\/logitech-gaming-software-14112014-121223.jpg 640w, http:\/\/recettes-gourmandes-de-joce.fr\/wp-content\/uploads\/2020\/07\/logitech-gaming-software-14112014-121223-300x68.jpg 300w\" sizes=\"auto, (max-width: 640px) 100vw, 640px\" \/><\/span><\/p>\n","protected":false},"excerpt":{"rendered":"<p>Une de mes recettes Ingr\u00e9dients pour 4 tresses \u00a0 2 p\u00e2tes feuillet\u00e9es 2 tranches de jambon blanc 4 champignons 4 b\u00e2tonnets de surimi 1 oignon rouge 1 tomate 2 knackies 100 g de thon 2 tranches de Leardemmer 2 vaches qui rit 1 c \u00e0 s d&rsquo;herbes de Provence Sel et poivre Huile d&rsquo;olive Pour &hellip; <\/p>\n<p><a class=\"more-link btn\" href=\"http:\/\/recettes-gourmandes-de-joce.fr\/index.php\/index\/aperitifs-amuses-bouches\/feuilletes-aperitifs\/tresses-feuilletees-aperitives-garnitures-diverses\/\">Lire la suite<\/a><\/p>\n","protected":false},"author":2,"featured_media":83225,"parent":920,"menu_order":0,"comment_status":"open","ping_status":"closed","template":"","meta":{"footnotes":""},"class_list":["post-30987","page","type-page","status-publish","has-post-thumbnail","hentry","nodate","item-wrap"],"_links":{"self":[{"href":"http:\/\/recettes-gourmandes-de-joce.fr\/index.php\/wp-json\/wp\/v2\/pages\/30987","targetHints":{"allow":["GET"]}}],"collection":[{"href":"http:\/\/recettes-gourmandes-de-joce.fr\/index.php\/wp-json\/wp\/v2\/pages"}],"about":[{"href":"http:\/\/recettes-gourmandes-de-joce.fr\/index.php\/wp-json\/wp\/v2\/types\/page"}],"author":[{"embeddable":true,"href":"http:\/\/recettes-gourmandes-de-joce.fr\/index.php\/wp-json\/wp\/v2\/users\/2"}],"replies":[{"embeddable":true,"href":"http:\/\/recettes-gourmandes-de-joce.fr\/index.php\/wp-json\/wp\/v2\/comments?post=30987"}],"version-history":[{"count":3,"href":"http:\/\/recettes-gourmandes-de-joce.fr\/index.php\/wp-json\/wp\/v2\/pages\/30987\/revisions"}],"predecessor-version":[{"id":83224,"href":"http:\/\/recettes-gourmandes-de-joce.fr\/index.php\/wp-json\/wp\/v2\/pages\/30987\/revisions\/83224"}],"up":[{"embeddable":true,"href":"http:\/\/recettes-gourmandes-de-joce.fr\/index.php\/wp-json\/wp\/v2\/pages\/920"}],"wp:featuredmedia":[{"embeddable":true,"href":"http:\/\/recettes-gourmandes-de-joce.fr\/index.php\/wp-json\/wp\/v2\/media\/83225"}],"wp:attachment":[{"href":"http:\/\/recettes-gourmandes-de-joce.fr\/index.php\/wp-json\/wp\/v2\/media?parent=30987"}],"curies":[{"name":"wp","href":"https:\/\/api.w.org\/{rel}","templated":true}]}}