{"id":3091,"date":"2019-10-05T13:14:43","date_gmt":"2019-10-05T13:14:43","guid":{"rendered":"http:\/\/recettes-gourmandes-de-joce.fr\/?page_id=3091"},"modified":"2024-04-25T21:59:59","modified_gmt":"2024-04-25T21:59:59","slug":"melange-dherbes-aromatiques-maison-pour-plats-mijotes","status":"publish","type":"page","link":"http:\/\/recettes-gourmandes-de-joce.fr\/index.php\/index\/divers-vins-epices-herbes-deco-de-table-temps-de-cuisson-etc\/plantes-aromatiques\/melange-dherbes-aromatiques-maison-pour-plats-mijotes\/","title":{"rendered":"M\u00e9lange d&rsquo;herbes aromatiques maison pour plats mijot\u00e9s."},"content":{"rendered":"<p style=\"text-align: center;\"><span style=\"font-size: 24px;\"><span style=\"color: #666600;\"><span style=\"font-family: georgia,serif;\"><u><em>Une de mes recettes<\/em><\/u><\/span><\/span><\/span><\/p>\n<p style=\"text-align: center;\"><img loading=\"lazy\" decoding=\"async\" class=\"alignnone wp-image-66038\" src=\"http:\/\/recettes-gourmandes-de-joce.fr\/wp-content\/uploads\/2024\/04\/herbes-aromatiques1.jpg\" alt=\"\" width=\"164\" height=\"200\" \/> <img loading=\"lazy\" decoding=\"async\" class=\"alignnone wp-image-66039\" src=\"http:\/\/recettes-gourmandes-de-joce.fr\/wp-content\/uploads\/2024\/04\/herbes-aromatiques2.jpg\" alt=\"\" width=\"300\" height=\"200\" \/><\/p>\n<p style=\"text-align: center;\"><span style=\"font-size: 24px;\"><span style=\"color: #666600;\"><span style=\"font-family: georgia,serif;\"><u><em>Ingr\u00e9dients\u00a0<\/em><\/u><\/span><\/span><\/span><\/p>\n<p style=\"text-align: center;\"><img loading=\"lazy\" decoding=\"async\" class=\"alignnone wp-image-66040\" src=\"http:\/\/recettes-gourmandes-de-joce.fr\/wp-content\/uploads\/2024\/04\/herbes-aromatiques3.jpg\" alt=\"\" width=\"300\" height=\"200\" \/><\/p>\n<p style=\"text-align: center;\"><span style=\"font-size: 14pt;\"><span style=\"font-family: georgia,serif;\"><em><span style=\"color: #666600;\">1 bouquet de sauge<\/span><\/em><\/span><\/span><\/p>\n<p style=\"text-align: center;\"><span style=\"font-size: 14pt;\"><span style=\"font-family: georgia,serif;\"><em><span style=\"color: #666600;\">1 bouquet de sarriette<\/span><\/em><\/span><\/span><\/p>\n<p style=\"text-align: center;\"><span style=\"font-size: 14pt;\"><span style=\"font-family: georgia,serif;\"><em><span style=\"color: #666600;\">1 pot herm\u00e9tique<\/span><\/em><\/span><\/span><\/p>\n<p style=\"text-align: center;\"><span style=\"font-size: 14pt;\"><span style=\"font-family: georgia,serif;\"><em><span style=\"color: #666600;\">1 \u00e9tiquette<\/span><\/em><\/span><\/span><\/p>\n<p style=\"text-align: center;\"><span style=\"font-size: 14pt;\"><span style=\"color: #666600;\"><span style=\"font-family: georgia,serif;\"><em>Tout sur les herbes aromatiques sur ce lien -&gt; <a href=\"http:\/\/recettes-gourmandes-de-joce.fr\/index.php\/index\/divers-vins-epices-herbes-deco-de-table-temps-de-cuisson-etc\/plantes-aromatiques\/plantes-aromatiques\/\">Plantes aromatiques<\/a><\/em><\/span><\/span><span style=\"color: #666633;\"><span style=\"font-family: georgia,serif;\"><em>\u00a0<\/em><\/span><\/span><strong><em><img decoding=\"async\" src=\"http:\/\/s4.e-monsite.com\/2011\/03\/23\/07\/resize_250_250\/\/mon_parterre_d_herbes_aromatiques_que_j_ai_pl.jpg\" alt=\"\" border=\"0\" \/><\/em><\/strong><\/span><\/p>\n<p style=\"text-align: center;\"><img loading=\"lazy\" decoding=\"async\" class=\"alignnone wp-image-66041\" src=\"http:\/\/recettes-gourmandes-de-joce.fr\/wp-content\/uploads\/2024\/04\/herbes-aromatiques4.jpg\" alt=\"\" width=\"270\" height=\"180\" \/> <img loading=\"lazy\" decoding=\"async\" class=\"alignnone wp-image-66037\" src=\"http:\/\/recettes-gourmandes-de-joce.fr\/wp-content\/uploads\/2024\/04\/herbes-aromatiques5.jpg\" alt=\"\" width=\"270\" height=\"180\" \/><\/p>\n<p style=\"text-align: center;\"><span style=\"font-size: 14pt;\"><span style=\"font-family: georgia,serif;\"><em><span style=\"color: #666600;\">Laisser s\u00e9cher \u00e0 l&rsquo;air libre et \u00e0 l&rsquo;abri\u00a0de l&rsquo;humidit\u00e9 la sauge et la sarriette environ 1 mois. Lorsqu&rsquo;elles sont bien s\u00e8ches, les effeuiller et les passer au mixeur. Remplir e pot herm\u00e9tique et \u00e9tiqueter en prenant soin d&rsquo;indiquer la date et la composition.<\/span><\/em><\/span><\/span><\/p>\n<p style=\"text-align: center;\"><span style=\"color: #666600; font-size: 14pt;\"><span style=\"font-family: georgia,serif;\"><em>Bonnes recettes!<\/em><\/span><\/span><\/p>\n<p style=\"text-align: center;\"><img loading=\"lazy\" decoding=\"async\" class=\"alignnone wp-image-66039\" src=\"http:\/\/recettes-gourmandes-de-joce.fr\/wp-content\/uploads\/2024\/04\/herbes-aromatiques2.jpg\" alt=\"\" width=\"300\" height=\"200\" \/> <img loading=\"lazy\" decoding=\"async\" class=\"alignnone wp-image-66038\" src=\"http:\/\/recettes-gourmandes-de-joce.fr\/wp-content\/uploads\/2024\/04\/herbes-aromatiques1.jpg\" alt=\"\" width=\"164\" height=\"200\" \/><\/p>\n<p style=\"text-align: center;\"><span style=\"font-size: 14pt;\"><img decoding=\"async\" src=\"http:\/\/recettes-gourmandes-de-joce.fr\/wp-content\/uploads\/2019\/09\/logitech-gaming-software-14112014-121223.jpg\" \/><\/span><\/p>\n<p style=\"text-align: center;\">\n","protected":false},"excerpt":{"rendered":"<p>Une de mes recettes Ingr\u00e9dients\u00a0 1 bouquet de sauge 1 bouquet de sarriette 1 pot herm\u00e9tique 1 \u00e9tiquette Tout sur les herbes aromatiques sur ce lien -&gt; Plantes aromatiques\u00a0 Laisser s\u00e9cher \u00e0 l&rsquo;air libre et \u00e0 l&rsquo;abri\u00a0de l&rsquo;humidit\u00e9 la sauge et la sarriette environ 1 mois. Lorsqu&rsquo;elles sont bien s\u00e8ches, les effeuiller et les passer &hellip; <\/p>\n<p><a class=\"more-link btn\" href=\"http:\/\/recettes-gourmandes-de-joce.fr\/index.php\/index\/divers-vins-epices-herbes-deco-de-table-temps-de-cuisson-etc\/plantes-aromatiques\/melange-dherbes-aromatiques-maison-pour-plats-mijotes\/\">Lire la suite<\/a><\/p>\n","protected":false},"author":2,"featured_media":73366,"parent":291,"menu_order":0,"comment_status":"open","ping_status":"closed","template":"","meta":{"footnotes":""},"class_list":["post-3091","page","type-page","status-publish","has-post-thumbnail","hentry","nodate","item-wrap"],"_links":{"self":[{"href":"http:\/\/recettes-gourmandes-de-joce.fr\/index.php\/wp-json\/wp\/v2\/pages\/3091","targetHints":{"allow":["GET"]}}],"collection":[{"href":"http:\/\/recettes-gourmandes-de-joce.fr\/index.php\/wp-json\/wp\/v2\/pages"}],"about":[{"href":"http:\/\/recettes-gourmandes-de-joce.fr\/index.php\/wp-json\/wp\/v2\/types\/page"}],"author":[{"embeddable":true,"href":"http:\/\/recettes-gourmandes-de-joce.fr\/index.php\/wp-json\/wp\/v2\/users\/2"}],"replies":[{"embeddable":true,"href":"http:\/\/recettes-gourmandes-de-joce.fr\/index.php\/wp-json\/wp\/v2\/comments?post=3091"}],"version-history":[{"count":5,"href":"http:\/\/recettes-gourmandes-de-joce.fr\/index.php\/wp-json\/wp\/v2\/pages\/3091\/revisions"}],"predecessor-version":[{"id":66293,"href":"http:\/\/recettes-gourmandes-de-joce.fr\/index.php\/wp-json\/wp\/v2\/pages\/3091\/revisions\/66293"}],"up":[{"embeddable":true,"href":"http:\/\/recettes-gourmandes-de-joce.fr\/index.php\/wp-json\/wp\/v2\/pages\/291"}],"wp:featuredmedia":[{"embeddable":true,"href":"http:\/\/recettes-gourmandes-de-joce.fr\/index.php\/wp-json\/wp\/v2\/media\/73366"}],"wp:attachment":[{"href":"http:\/\/recettes-gourmandes-de-joce.fr\/index.php\/wp-json\/wp\/v2\/media?parent=3091"}],"curies":[{"name":"wp","href":"https:\/\/api.w.org\/{rel}","templated":true}]}}