{"id":28029,"date":"2021-01-26T23:15:15","date_gmt":"2021-01-26T23:15:15","guid":{"rendered":"http:\/\/recettes-gourmandes-de-joce.fr\/?page_id=28029"},"modified":"2024-07-30T20:14:40","modified_gmt":"2024-07-30T20:14:40","slug":"menu-de-la-st-valentin","status":"publish","type":"page","link":"http:\/\/recettes-gourmandes-de-joce.fr\/index.php\/index\/menus-buffet-courses\/menu-a-theme\/menu-de-la-st-valentin\/","title":{"rendered":"Menu de la St Valentin."},"content":{"rendered":"<p style=\"text-align: center;\"><em><span style=\"text-decoration: underline; color: #ff0000;\"><span style=\"font-size: 18pt; font-family: georgia, palatino, serif;\">Menu de St Valentin.<\/span><\/span><\/em><\/p>\n<p style=\"text-align: center;\"><em><img loading=\"lazy\" decoding=\"async\" class=\"alignnone wp-image-28030\" src=\"http:\/\/recettes-gourmandes-de-joce.fr\/wp-content\/uploads\/2021\/01\/Recettes-transferees-en-janvier-2021-300x233.jpg\" alt=\"\" width=\"348\" height=\"270\" srcset=\"http:\/\/recettes-gourmandes-de-joce.fr\/wp-content\/uploads\/2021\/01\/Recettes-transferees-en-janvier-2021-300x233.jpg 300w, http:\/\/recettes-gourmandes-de-joce.fr\/wp-content\/uploads\/2021\/01\/Recettes-transferees-en-janvier-2021-768x595.jpg 768w, http:\/\/recettes-gourmandes-de-joce.fr\/wp-content\/uploads\/2021\/01\/Recettes-transferees-en-janvier-2021-750x581.jpg 750w, http:\/\/recettes-gourmandes-de-joce.fr\/wp-content\/uploads\/2021\/01\/Recettes-transferees-en-janvier-2021.jpg 800w\" sizes=\"auto, (max-width: 348px) 100vw, 348px\" \/><\/em><\/p>\n<p style=\"text-align: center;\"><em><span style=\"color: #000000;\"><span style=\"font-size: 14pt; font-family: georgia, palatino, serif;\">Voici une id\u00e9e de menu pour un repas en amoureux, vous trouverez les recettes en cliquant sur les photos ou titres de recettes<\/span><\/span><\/em><\/p>\n<p style=\"text-align: center;\"><em><span style=\"text-decoration: underline; color: #ff0000;\"><span style=\"font-size: 14pt; font-family: georgia, palatino, serif;\">Ap\u00e9ritif et amuses bouches<\/span><\/span><\/em><\/p>\n<p style=\"text-align: center;\"><em><a href=\"http:\/\/recettes-gourmandes-de-joce.fr\/index.php\/index\/aperitifs-amuses-bouches\/aperitifs-sans-alcool\/cocktail-lumiere-rouge-a-ma-facon-sans-alcool\/\"><img loading=\"lazy\" decoding=\"async\" class=\"alignnone wp-image-16783\" src=\"http:\/\/recettes-gourmandes-de-joce.fr\/wp-content\/uploads\/2020\/02\/coctail-joce-et-poisson-34-267x300.jpg\" alt=\"\" width=\"178\" height=\"200\" srcset=\"http:\/\/recettes-gourmandes-de-joce.fr\/wp-content\/uploads\/2020\/02\/coctail-joce-et-poisson-34-267x300.jpg 267w, http:\/\/recettes-gourmandes-de-joce.fr\/wp-content\/uploads\/2020\/02\/coctail-joce-et-poisson-34-768x862.jpg 768w, http:\/\/recettes-gourmandes-de-joce.fr\/wp-content\/uploads\/2020\/02\/coctail-joce-et-poisson-34-912x1024.jpg 912w, http:\/\/recettes-gourmandes-de-joce.fr\/wp-content\/uploads\/2020\/02\/coctail-joce-et-poisson-34.jpg 1425w\" sizes=\"auto, (max-width: 178px) 100vw, 178px\" \/><\/a><\/em><\/p>\n<ul>\n<li><em><span style=\"font-size: 14pt; font-family: georgia, palatino, serif;\"><span style=\"color: #800080;\">Cocktail<\/span> <span style=\"color: #800080;\">\u00ab Lumi\u00e8re rouge \u00bb \u00e0 ma fa\u00e7on sans alcool, avec alcool ajouter 30ml de rhum blanc par verre.<\/span><\/span><\/em><\/li>\n<\/ul>\n<p style=\"text-align: center;\"><em><a href=\"http:\/\/recettes-gourmandes-de-joce.fr\/index.php\/index\/aperitifs-amuses-bouches\/verrines-froides\/verrines-aperitives-tomate-olives-chevre-frais-aux-saveurs-provencales\/\"><img loading=\"lazy\" decoding=\"async\" class=\"alignnone wp-image-24207\" src=\"http:\/\/recettes-gourmandes-de-joce.fr\/wp-content\/uploads\/2020\/07\/20200724_143245-300x225.jpg\" alt=\"\" width=\"267\" height=\"200\" srcset=\"http:\/\/recettes-gourmandes-de-joce.fr\/wp-content\/uploads\/2020\/07\/20200724_143245-300x225.jpg 300w, http:\/\/recettes-gourmandes-de-joce.fr\/wp-content\/uploads\/2020\/07\/20200724_143245-768x576.jpg 768w, http:\/\/recettes-gourmandes-de-joce.fr\/wp-content\/uploads\/2020\/07\/20200724_143245.jpg 800w\" sizes=\"auto, (max-width: 267px) 100vw, 267px\" \/><\/a>\u00a0<a href=\"http:\/\/recettes-gourmandes-de-joce.fr\/index.php\/index\/aperitifs-amuses-bouches\/verrines-chaudes\/verrines-de-veloute-de-mais-et-brochette-de-magret-seche\/\"><img loading=\"lazy\" decoding=\"async\" class=\"alignnone wp-image-24172\" src=\"http:\/\/recettes-gourmandes-de-joce.fr\/wp-content\/uploads\/2020\/07\/20200724_140221-300x213.jpg\" alt=\"\" width=\"282\" height=\"200\" srcset=\"http:\/\/recettes-gourmandes-de-joce.fr\/wp-content\/uploads\/2020\/07\/20200724_140221-300x213.jpg 300w, http:\/\/recettes-gourmandes-de-joce.fr\/wp-content\/uploads\/2020\/07\/20200724_140221-768x545.jpg 768w, http:\/\/recettes-gourmandes-de-joce.fr\/wp-content\/uploads\/2020\/07\/20200724_140221.jpg 800w\" sizes=\"auto, (max-width: 282px) 100vw, 282px\" \/><\/a><\/em><\/p>\n<ul>\n<li class=\"post-title entry-title\"><em><a href=\"http:\/\/recettes-gourmandes-de-joce.fr\/index.php\/index\/aperitifs-amuses-bouches\/verrines-froides\/verrines-aperitives-tomate-olives-chevre-frais-aux-saveurs-provencales\/\"><span style=\"color: #800080;\"><span style=\"font-size: 14pt; font-family: georgia, palatino, serif;\">Verrines ap\u00e9ritives tomate, olives, ch\u00e8vre frais aux saveurs proven\u00e7ales<\/span><\/span><\/a><\/em><\/li>\n<li><em><a href=\"http:\/\/recettes-gourmandes-de-joce.fr\/index.php\/index\/aperitifs-amuses-bouches\/verrines-chaudes\/verrines-de-veloute-de-mais-et-brochette-de-magret-seche\/\"><span style=\"font-size: 14pt; font-family: georgia, palatino, serif; color: #800080;\">Verrines de velout\u00e9 de ma\u00efs et brochette de magret s\u00e9ch\u00e9<\/span><\/a><\/em><\/li>\n<\/ul>\n<p style=\"text-align: center;\"><em><span style=\"font-size: 14pt; font-family: georgia, palatino, serif; color: #ff0000;\"><span style=\"text-decoration: underline;\">Entr\u00e9e<\/span><\/span><\/em><\/p>\n<p style=\"text-align: center;\"><em><a href=\"http:\/\/recettes-gourmandes-de-joce.fr\/index.php\/index\/entrees\/tartes-et-quiches-salees\/tartelettes-en-forme-de-coeur-facon-pizza-aux-deux-fromages\/\"><img loading=\"lazy\" decoding=\"async\" class=\"alignnone wp-image-19944\" src=\"http:\/\/recettes-gourmandes-de-joce.fr\/wp-content\/uploads\/2020\/04\/ttretrete-020-300x255.jpg\" alt=\"\" width=\"235\" height=\"200\" srcset=\"http:\/\/recettes-gourmandes-de-joce.fr\/wp-content\/uploads\/2020\/04\/ttretrete-020-300x255.jpg 300w, http:\/\/recettes-gourmandes-de-joce.fr\/wp-content\/uploads\/2020\/04\/ttretrete-020.jpg 384w\" sizes=\"auto, (max-width: 235px) 100vw, 235px\" \/><\/a><\/em><\/p>\n<ul>\n<li class=\"post-title entry-title\"><em><a href=\"http:\/\/recettes-gourmandes-de-joce.fr\/index.php\/index\/entrees\/tartes-et-quiches-salees\/tartelettes-en-forme-de-coeur-facon-pizza-aux-deux-fromages\/\"><span style=\"color: #800080;\"><span style=\"font-size: 14pt; font-family: georgia, palatino, serif;\">Tartelettes en forme de c\u0153ur \u00ab fa\u00e7on pizza \u00bb aux deux fromages<\/span><\/span><\/a><\/em><\/li>\n<\/ul>\n<p style=\"text-align: center;\"><em><span style=\"text-decoration: underline; color: #ff0000;\"><span style=\"font-family: georgia, palatino, serif;\"><span style=\"font-size: 14pt;\">Plat soit poisson, soit viande au choix<\/span><\/span><\/span><\/em><\/p>\n<p style=\"text-align: center;\"><em><a href=\"http:\/\/recettes-gourmandes-de-joce.fr\/index.php\/index\/poissons-coquillages\/coquillages-crustaces\/dos-de-cabillaud-sauce-cremee-aux-st-jacques-carpaccio-de-st-jacques-et-citron-caviar\/\"><img loading=\"lazy\" decoding=\"async\" class=\"alignnone wp-image-28022\" src=\"http:\/\/recettes-gourmandes-de-joce.fr\/wp-content\/uploads\/2021\/01\/IMG_1143-300x200.jpg\" alt=\"\" width=\"300\" height=\"200\" srcset=\"http:\/\/recettes-gourmandes-de-joce.fr\/wp-content\/uploads\/2021\/01\/IMG_1143-300x200.jpg 300w, http:\/\/recettes-gourmandes-de-joce.fr\/wp-content\/uploads\/2021\/01\/IMG_1143-768x513.jpg 768w, http:\/\/recettes-gourmandes-de-joce.fr\/wp-content\/uploads\/2021\/01\/IMG_1143-750x501.jpg 750w, http:\/\/recettes-gourmandes-de-joce.fr\/wp-content\/uploads\/2021\/01\/IMG_1143.jpg 800w\" sizes=\"auto, (max-width: 300px) 100vw, 300px\" \/><\/a> <a href=\"http:\/\/recettes-gourmandes-de-joce.fr\/index.php\/index\/viandes\/porc\/filet-mignon-de-porc-a-la-moutarde-et-aux-cepes\/\"><img loading=\"lazy\" decoding=\"async\" class=\"alignnone wp-image-1629\" src=\"http:\/\/recettes-gourmandes-de-joce.fr\/wp-content\/uploads\/2019\/09\/mignon-epice3-300x213.jpg\" alt=\"\" width=\"282\" height=\"200\" srcset=\"http:\/\/recettes-gourmandes-de-joce.fr\/wp-content\/uploads\/2019\/09\/mignon-epice3-300x213.jpg 300w, http:\/\/recettes-gourmandes-de-joce.fr\/wp-content\/uploads\/2019\/09\/mignon-epice3-768x545.jpg 768w, http:\/\/recettes-gourmandes-de-joce.fr\/wp-content\/uploads\/2019\/09\/mignon-epice3.jpg 800w\" sizes=\"auto, (max-width: 282px) 100vw, 282px\" \/><\/a><\/em><\/p>\n<ul>\n<li><em><span style=\"font-family: georgia, palatino, serif; font-size: 14pt; color: #800080;\"><a href=\"http:\/\/recettes-gourmandes-de-joce.fr\/index.php\/index\/poissons-coquillages\/coquillages-crustaces\/dos-de-cabillaud-sauce-cremee-aux-st-jacques-carpaccio-de-st-jacques-et-citron-caviar\/\">Dos de cabillaud, sauce cr\u00e9m\u00e9e aux St Jacques, carpaccio de St Jacques et citron caviar<\/a>.<\/span><\/em><\/li>\n<li>\n<p class=\"post-title entry-title\" style=\"text-align: left;\"><em><a href=\"http:\/\/recettes-gourmandes-de-joce.fr\/index.php\/index\/viandes\/porc\/filet-mignon-de-porc-a-la-moutarde-et-aux-cepes\/\"><span style=\"color: #800080;\"><span style=\"font-size: 14pt;\"><span style=\"font-family: georgia, palatino, serif;\">Filet mignon de porc \u00e0 la moutarde et aux c\u00e8pes<\/span><\/span><\/span><\/a><\/em><\/p>\n<\/li>\n<\/ul>\n<p style=\"text-align: center;\"><em><span style=\"text-decoration: underline; color: #ff0000;\"><span style=\"font-size: 14pt; font-family: georgia, palatino, serif;\">L\u00e9gumes accompagnant tr\u00e8s bien soit le poisson soit la viande<\/span><\/span><\/em><\/p>\n<p style=\"text-align: center;\"><em><a href=\"http:\/\/recettes-gourmandes-de-joce.fr\/index.php\/index\/legumes\/riz-semoule\/risotto-aux-feves\/\"><img loading=\"lazy\" decoding=\"async\" class=\"alignnone wp-image-3725\" src=\"http:\/\/recettes-gourmandes-de-joce.fr\/wp-content\/uploads\/2019\/10\/risotto-feves2-300x222.jpg\" alt=\"\" width=\"271\" height=\"200\" srcset=\"http:\/\/recettes-gourmandes-de-joce.fr\/wp-content\/uploads\/2019\/10\/risotto-feves2-300x222.jpg 300w, http:\/\/recettes-gourmandes-de-joce.fr\/wp-content\/uploads\/2019\/10\/risotto-feves2.jpg 640w\" sizes=\"auto, (max-width: 271px) 100vw, 271px\" \/><\/a><\/em><\/p>\n<ul>\n<li style=\"text-align: left;\"><em><a href=\"http:\/\/recettes-gourmandes-de-joce.fr\/index.php\/index\/legumes\/riz-semoule\/risotto-aux-feves\/\"><span style=\"color: #800080;\"><span style=\"font-size: 14pt; font-family: georgia, palatino, serif;\">Risotto aux f\u00e8ves<\/span><\/span><\/a><\/em><\/li>\n<\/ul>\n<p style=\"text-align: center;\"><em><span style=\"text-decoration: underline; color: #ff0000;\"><span style=\"font-family: georgia, palatino, serif; font-size: 14pt;\">Desserts<\/span><\/span><\/em><\/p>\n<p style=\"text-align: center;\"><em><a href=\"http:\/\/recettes-gourmandes-de-joce.fr\/index.php\/index\/desserts\/fruits\/crumble-poires-et-chocolat-aux-fruits-secs\/\"><img loading=\"lazy\" decoding=\"async\" class=\"alignnone wp-image-2890\" src=\"http:\/\/recettes-gourmandes-de-joce.fr\/wp-content\/uploads\/2019\/10\/crumble-poires-choco2-300x225.jpg\" alt=\"\" width=\"267\" height=\"200\" srcset=\"http:\/\/recettes-gourmandes-de-joce.fr\/wp-content\/uploads\/2019\/10\/crumble-poires-choco2-300x225.jpg 300w, http:\/\/recettes-gourmandes-de-joce.fr\/wp-content\/uploads\/2019\/10\/crumble-poires-choco2-768x576.jpg 768w, http:\/\/recettes-gourmandes-de-joce.fr\/wp-content\/uploads\/2019\/10\/crumble-poires-choco2.jpg 1024w\" sizes=\"auto, (max-width: 267px) 100vw, 267px\" \/><\/a> <a href=\"http:\/\/recettes-gourmandes-de-joce.fr\/index.php\/index\/desserts\/tartes-et-tartelettes-sucrees\/tartelettes-amandines\/\"><img loading=\"lazy\" decoding=\"async\" class=\"alignnone wp-image-6843\" src=\"http:\/\/recettes-gourmandes-de-joce.fr\/wp-content\/uploads\/2019\/10\/101_0938-300x235.jpg\" alt=\"\" width=\"255\" height=\"200\" srcset=\"http:\/\/recettes-gourmandes-de-joce.fr\/wp-content\/uploads\/2019\/10\/101_0938-300x235.jpg 300w, http:\/\/recettes-gourmandes-de-joce.fr\/wp-content\/uploads\/2019\/10\/101_0938.jpg 640w\" sizes=\"auto, (max-width: 255px) 100vw, 255px\" \/><\/a><\/em><\/p>\n<ul>\n<li><em><a href=\"http:\/\/recettes-gourmandes-de-joce.fr\/index.php\/index\/desserts\/fruits\/crumble-poires-et-chocolat-aux-fruits-secs\/\"><span style=\"color: #800080;\"><span style=\"font-size: 14pt; font-family: georgia, palatino, serif;\">Crumble aux poires, chocolat et fruits secs<\/span><\/span><\/a><\/em><\/li>\n<li class=\"post-title entry-title\"><em><a href=\"http:\/\/recettes-gourmandes-de-joce.fr\/index.php\/index\/desserts\/tartes-et-tartelettes-sucrees\/tartelettes-amandines\/\"><span style=\"color: #800080;\"><span style=\"font-size: 14pt; font-family: georgia, palatino, serif;\">Tartelettes amandines<\/span><\/span><\/a><\/em><\/li>\n<\/ul>\n<p style=\"text-align: center;\"><em><span style=\"color: #ff0000;\"><span style=\"text-decoration: underline; font-size: 14pt; font-family: georgia, palatino, serif;\">D\u00e9coration de table et pliage de serviette en cliquant sur les photos \u2193<\/span><\/span><\/em><\/p>\n<p style=\"text-align: center;\"><em><a href=\"http:\/\/recettes-gourmandes-de-joce.fr\/index.php\/index-divers\/decorations-de-table\/decorations-de-table\/decoration-de-table-de-la-st-valentin-n2\/\"><img loading=\"lazy\" decoding=\"async\" class=\"alignnone wp-image-27624\" src=\"http:\/\/recettes-gourmandes-de-joce.fr\/wp-content\/uploads\/2021\/01\/p2090073-300x212.jpg\" alt=\"\" width=\"283\" height=\"200\" srcset=\"http:\/\/recettes-gourmandes-de-joce.fr\/wp-content\/uploads\/2021\/01\/p2090073-300x212.jpg 300w, http:\/\/recettes-gourmandes-de-joce.fr\/wp-content\/uploads\/2021\/01\/p2090073-768x543.jpg 768w, http:\/\/recettes-gourmandes-de-joce.fr\/wp-content\/uploads\/2021\/01\/p2090073-750x530.jpg 750w, http:\/\/recettes-gourmandes-de-joce.fr\/wp-content\/uploads\/2021\/01\/p2090073.jpg 795w\" sizes=\"auto, (max-width: 283px) 100vw, 283px\" \/><\/a> <a href=\"http:\/\/recettes-gourmandes-de-joce.fr\/index.php\/index-divers\/decorations-de-table\/pliage-de-serviette-de-table\/pliage-de-serviettes-de-table-en-forme-de-coeur\/\"><img loading=\"lazy\" decoding=\"async\" class=\"alignnone wp-image-24875\" src=\"http:\/\/recettes-gourmandes-de-joce.fr\/wp-content\/uploads\/2020\/08\/P21105501-300x244.jpg\" alt=\"\" width=\"246\" height=\"200\" srcset=\"http:\/\/recettes-gourmandes-de-joce.fr\/wp-content\/uploads\/2020\/08\/P21105501-300x244.jpg 300w, http:\/\/recettes-gourmandes-de-joce.fr\/wp-content\/uploads\/2020\/08\/P21105501.jpg 436w\" sizes=\"auto, (max-width: 246px) 100vw, 246px\" \/><\/a><\/em><\/p>\n<p style=\"text-align: center;\"><em><img loading=\"lazy\" decoding=\"async\" class=\"alignnone wp-image-24317 size-full\" src=\"http:\/\/recettes-gourmandes-de-joce.fr\/wp-content\/uploads\/2020\/07\/logitech-gaming-software-14112014-121223.jpg\" alt=\"\" width=\"640\" height=\"144\" srcset=\"http:\/\/recettes-gourmandes-de-joce.fr\/wp-content\/uploads\/2020\/07\/logitech-gaming-software-14112014-121223.jpg 640w, http:\/\/recettes-gourmandes-de-joce.fr\/wp-content\/uploads\/2020\/07\/logitech-gaming-software-14112014-121223-300x68.jpg 300w\" sizes=\"auto, (max-width: 640px) 100vw, 640px\" \/><\/em><\/p>\n","protected":false},"excerpt":{"rendered":"<p>Menu de St Valentin. Voici une id\u00e9e de menu pour un repas en amoureux, vous trouverez les recettes en cliquant sur les photos ou titres de recettes Ap\u00e9ritif et amuses bouches Cocktail \u00ab Lumi\u00e8re rouge \u00bb \u00e0 ma fa\u00e7on sans alcool, avec alcool ajouter 30ml de rhum blanc par verre. \u00a0 Verrines ap\u00e9ritives tomate, olives, &hellip; <\/p>\n<p><a class=\"more-link btn\" href=\"http:\/\/recettes-gourmandes-de-joce.fr\/index.php\/index\/menus-buffet-courses\/menu-a-theme\/menu-de-la-st-valentin\/\">Lire la suite<\/a><\/p>\n","protected":false},"author":2,"featured_media":88170,"parent":253,"menu_order":0,"comment_status":"open","ping_status":"closed","template":"","meta":{"footnotes":""},"class_list":["post-28029","page","type-page","status-publish","has-post-thumbnail","hentry","nodate","item-wrap"],"_links":{"self":[{"href":"http:\/\/recettes-gourmandes-de-joce.fr\/index.php\/wp-json\/wp\/v2\/pages\/28029","targetHints":{"allow":["GET"]}}],"collection":[{"href":"http:\/\/recettes-gourmandes-de-joce.fr\/index.php\/wp-json\/wp\/v2\/pages"}],"about":[{"href":"http:\/\/recettes-gourmandes-de-joce.fr\/index.php\/wp-json\/wp\/v2\/types\/page"}],"author":[{"embeddable":true,"href":"http:\/\/recettes-gourmandes-de-joce.fr\/index.php\/wp-json\/wp\/v2\/users\/2"}],"replies":[{"embeddable":true,"href":"http:\/\/recettes-gourmandes-de-joce.fr\/index.php\/wp-json\/wp\/v2\/comments?post=28029"}],"version-history":[{"count":12,"href":"http:\/\/recettes-gourmandes-de-joce.fr\/index.php\/wp-json\/wp\/v2\/pages\/28029\/revisions"}],"predecessor-version":[{"id":88171,"href":"http:\/\/recettes-gourmandes-de-joce.fr\/index.php\/wp-json\/wp\/v2\/pages\/28029\/revisions\/88171"}],"up":[{"embeddable":true,"href":"http:\/\/recettes-gourmandes-de-joce.fr\/index.php\/wp-json\/wp\/v2\/pages\/253"}],"wp:featuredmedia":[{"embeddable":true,"href":"http:\/\/recettes-gourmandes-de-joce.fr\/index.php\/wp-json\/wp\/v2\/media\/88170"}],"wp:attachment":[{"href":"http:\/\/recettes-gourmandes-de-joce.fr\/index.php\/wp-json\/wp\/v2\/media?parent=28029"}],"curies":[{"name":"wp","href":"https:\/\/api.w.org\/{rel}","templated":true}]}}