{"id":22261,"date":"2020-05-24T14:38:54","date_gmt":"2020-05-24T14:38:54","guid":{"rendered":"http:\/\/recettes-gourmandes-de-joce.fr\/?page_id=22261"},"modified":"2024-07-14T20:15:20","modified_gmt":"2024-07-14T20:15:20","slug":"confiture-de-mures","status":"publish","type":"page","link":"http:\/\/recettes-gourmandes-de-joce.fr\/index.php\/index\/conserves-paniers-gourmands\/confitures\/confiture-de-mures\/","title":{"rendered":"Confiture de m\u00fbres."},"content":{"rendered":"<p style=\"text-align: center;\"><span style=\"font-family: georgia, serif; color: #941094;\"><span style=\"text-decoration: underline;\"><span style=\"font-size: x-large;\"><em>Confiture de m\u00fbres<\/em><\/span><\/span><\/span><\/p>\n<p style=\"text-align: center;\"><span style=\"color: #941094;\"><img loading=\"lazy\" decoding=\"async\" class=\"alignnone wp-image-22255\" src=\"http:\/\/recettes-gourmandes-de-joce.fr\/wp-content\/uploads\/2020\/05\/P8130752-150x150.jpg\" alt=\"\" width=\"205\" height=\"200\" srcset=\"http:\/\/recettes-gourmandes-de-joce.fr\/wp-content\/uploads\/2020\/05\/P8130752-300x292.jpg 300w, http:\/\/recettes-gourmandes-de-joce.fr\/wp-content\/uploads\/2020\/05\/P8130752.jpg 451w\" sizes=\"auto, (max-width: 205px) 100vw, 205px\" \/><\/span><\/p>\n<p style=\"text-align: center;\"><span style=\"font-family: georgia, serif; color: #941094;\"><span style=\"text-decoration: underline;\"><span style=\"font-size: x-large;\"><em>Ingr\u00e9dients pour 8 bocaux<\/em><\/span><\/span><\/span><\/p>\n<p style=\"text-align: center;\"><span style=\"color: #941094;\"><img loading=\"lazy\" decoding=\"async\" class=\"alignnone wp-image-22256\" src=\"http:\/\/recettes-gourmandes-de-joce.fr\/wp-content\/uploads\/2020\/05\/P8120729-150x150.jpg\" alt=\"\" width=\"266\" height=\"180\" srcset=\"http:\/\/recettes-gourmandes-de-joce.fr\/wp-content\/uploads\/2020\/05\/P8120729-300x203.jpg 300w, http:\/\/recettes-gourmandes-de-joce.fr\/wp-content\/uploads\/2020\/05\/P8120729.jpg 533w\" sizes=\"auto, (max-width: 266px) 100vw, 266px\" \/><\/span><\/p>\n<p style=\"text-align: center;\"><span style=\"font-family: georgia, serif; color: #941094;\"><span style=\"font-size: large;\"><em>\u00a02 kg 400 de m\u00fbres<\/em><\/span><\/span><\/p>\n<p style=\"text-align: center;\"><span style=\"font-family: georgia, serif; color: #941094;\"><span style=\"font-size: large;\"><em>1 kg 500 de sucre en poudre<\/em><\/span><\/span><\/p>\n<p style=\"text-align: center;\"><span style=\"font-family: georgia, serif; color: #941094;\"><span style=\"font-size: large;\"><em>1 jus de citron<\/em><\/span><\/span><\/p>\n<p style=\"text-align: center;\"><span style=\"color: #941094;\"><img loading=\"lazy\" decoding=\"async\" class=\"alignnone\" src=\"http:\/\/recettes-gourmandes-de-joce.fr\/wp-content\/uploads\/2019\/10\/100_9768-150x150.jpg\" alt=\"\" width=\"150\" height=\"150\" \/> <img loading=\"lazy\" decoding=\"async\" class=\"alignnone wp-image-22262\" src=\"http:\/\/recettes-gourmandes-de-joce.fr\/wp-content\/uploads\/2020\/05\/P8120729-001-150x150.jpg\" alt=\"\" width=\"207\" height=\"153\" srcset=\"http:\/\/recettes-gourmandes-de-joce.fr\/wp-content\/uploads\/2020\/05\/P8120729-001-300x222.jpg 300w, http:\/\/recettes-gourmandes-de-joce.fr\/wp-content\/uploads\/2020\/05\/P8120729-001.jpg 384w\" sizes=\"auto, (max-width: 207px) 100vw, 207px\" \/> <em><img loading=\"lazy\" decoding=\"async\" class=\"lazy-loaded alignnone wp-image-18516\" src=\"http:\/\/recettes-gourmandes-de-joce.fr\/wp-content\/uploads\/2020\/03\/Confiture-de-prunes-amandes-et-sirop-d%C3%A9rable-N3a-150x150.jpg\" alt=\"\" width=\"159\" height=\"146\" data-lazy-type=\"image\" data-src=\"http:\/\/recettes-gourmandes-de-joce.fr\/wp-content\/uploads\/2020\/03\/Confiture-de-prunes-amandes-et-sirop-d\u00e9rable-N3a-150x150.jpg\" data-srcset=\"\" \/><\/em><em> \u00a0<\/em><\/span><\/p>\n<p style=\"text-align: center;\"><span style=\"color: #941094;\"><span style=\"font-family: georgia, palatino, serif; font-size: 14pt;\"><em><em>La veille mettre vos m\u00fbres nettoy\u00e9es dans un saladier avec le sucre, remuer et r\u00e9server.\u00a0<\/em><\/em><\/span><em><em><em><em><span style=\"font-family: georgia, serif; font-size: large;\">\u00c9bouillanter vos bocaux\u00a0et couvercles\u00a0dans une marmite d\u2019eau \u00e0 \u00e9bullition et laisser les bouillir\u00a020 minutes.<\/span><\/em><\/em><\/em><\/em><\/span><\/p>\n<p style=\"text-align: center;\"><span style=\"color: #941094;\"><img loading=\"lazy\" decoding=\"async\" class=\"lazy-loaded alignnone wp-image-18560\" src=\"http:\/\/recettes-gourmandes-de-joce.fr\/wp-content\/uploads\/2020\/03\/Copie-de-P9070254-1-150x150.jpg\" alt=\"\" width=\"224\" height=\"160\" data-lazy-type=\"image\" data-src=\"http:\/\/recettes-gourmandes-de-joce.fr\/wp-content\/uploads\/2020\/03\/Copie-de-P9070254-1-150x150.jpg\" data-srcset=\"\" srcset=\"http:\/\/recettes-gourmandes-de-joce.fr\/wp-content\/uploads\/2020\/03\/Copie-de-P9070254-1-300x214.jpg 300w, http:\/\/recettes-gourmandes-de-joce.fr\/wp-content\/uploads\/2020\/03\/Copie-de-P9070254-1.jpg 550w\" sizes=\"auto, (max-width: 224px) 100vw, 224px\" \/>\u00a0<img loading=\"lazy\" decoding=\"async\" class=\"alignnone wp-image-22257\" src=\"http:\/\/recettes-gourmandes-de-joce.fr\/wp-content\/uploads\/2020\/05\/P8120732-150x150.jpg\" alt=\"\" width=\"251\" height=\"160\" srcset=\"http:\/\/recettes-gourmandes-de-joce.fr\/wp-content\/uploads\/2020\/05\/P8120732-300x191.jpg 300w, http:\/\/recettes-gourmandes-de-joce.fr\/wp-content\/uploads\/2020\/05\/P8120732.jpg 538w\" sizes=\"auto, (max-width: 251px) 100vw, 251px\" \/> <img loading=\"lazy\" decoding=\"async\" class=\"alignnone wp-image-22258\" src=\"http:\/\/recettes-gourmandes-de-joce.fr\/wp-content\/uploads\/2020\/05\/P8120734-150x150.jpg\" alt=\"\" width=\"209\" height=\"160\" srcset=\"http:\/\/recettes-gourmandes-de-joce.fr\/wp-content\/uploads\/2020\/05\/P8120734-300x230.jpg 300w, http:\/\/recettes-gourmandes-de-joce.fr\/wp-content\/uploads\/2020\/05\/P8120734.jpg 476w\" sizes=\"auto, (max-width: 209px) 100vw, 209px\" \/><\/span><\/p>\n<p style=\"text-align: center;\"><span style=\"color: #941094;\"><span style=\"font-family: georgia,serif;\"><span style=\"font-size: large;\"><em style=\"font-family: Lato, sans-serif; font-size: 16px;\"><em><em><em><span style=\"font-family: georgia, serif; font-size: large;\">Retournez l\u00e8s ensuite sur un torchon propre. <\/span><\/em><\/em><\/em><\/em><\/span><\/span><span style=\"font-family: georgia, palatino, serif; font-size: 14pt;\"><em><em>Le lendemain, <\/em><\/em><em><em>mettre une petite assiette dans le r\u00e9frig\u00e9rateur.\u00a0 Verser les m\u00fbres dans une bassine \u00e0 confiture, ajouter un jus de citron, m\u00e9langer.<\/em><\/em><\/span><\/span><\/p>\n<p style=\"text-align: center;\"><span style=\"font-family: georgia, serif; color: #941094;\"><span style=\"font-size: large;\"><img loading=\"lazy\" decoding=\"async\" class=\"alignnone wp-image-22259\" style=\"font-family: Lato, sans-serif; font-size: 16px;\" src=\"http:\/\/recettes-gourmandes-de-joce.fr\/wp-content\/uploads\/2020\/05\/P8120735-150x150.jpg\" alt=\"\" width=\"221\" height=\"160\" srcset=\"http:\/\/recettes-gourmandes-de-joce.fr\/wp-content\/uploads\/2020\/05\/P8120735-300x217.jpg 300w, http:\/\/recettes-gourmandes-de-joce.fr\/wp-content\/uploads\/2020\/05\/P8120735.jpg 519w\" sizes=\"auto, (max-width: 221px) 100vw, 221px\" \/><em><span style=\"font-size: large;\"><em>\u00a0<img loading=\"lazy\" decoding=\"async\" class=\"alignnone wp-image-22254\" src=\"http:\/\/recettes-gourmandes-de-joce.fr\/wp-content\/uploads\/2020\/05\/P8120741-150x150.jpg\" alt=\"\" width=\"214\" height=\"160\" srcset=\"http:\/\/recettes-gourmandes-de-joce.fr\/wp-content\/uploads\/2020\/05\/P8120741-300x225.jpg 300w, http:\/\/recettes-gourmandes-de-joce.fr\/wp-content\/uploads\/2020\/05\/P8120741.jpg 550w\" sizes=\"auto, (max-width: 214px) 100vw, 214px\" \/> <img loading=\"lazy\" decoding=\"async\" class=\"alignnone wp-image-22253\" src=\"http:\/\/recettes-gourmandes-de-joce.fr\/wp-content\/uploads\/2020\/05\/P8120738-150x150.jpg\" alt=\"\" width=\"186\" height=\"160\" srcset=\"http:\/\/recettes-gourmandes-de-joce.fr\/wp-content\/uploads\/2020\/05\/P8120738-300x258.jpg 300w, http:\/\/recettes-gourmandes-de-joce.fr\/wp-content\/uploads\/2020\/05\/P8120738.jpg 524w\" sizes=\"auto, (max-width: 186px) 100vw, 186px\" \/><\/em><\/span><\/em><\/span><\/span><\/p>\n<p style=\"text-align: center;\"><span style=\"font-family: georgia, serif; color: #941094;\"><span style=\"font-size: large;\"><em><em>Laisser cuire \u00e0 petits bouillons en remuant de temps en temps. <\/em><\/em><em><span style=\"font-size: large;\"><em><span style=\"font-size: large;\"><em><span style=\"font-size: large;\"><em><span style=\"font-family: georgia, serif; font-size: large;\">Lorsque la confiture fige rapidement dans l&rsquo;assiette bien froide arr\u00eater la cuisson. Remplir les bocaux, les fermer et les retourner, laissez l\u00e8s refroidir ainsi. Lorsqu&rsquo;ils sont froids mettre les \u00e9tiquettes avec le nom et la date.<\/span><\/em><\/span><\/em><\/span><\/em><\/span><\/em><\/span><\/span><\/p>\n<p><span style=\"color: #941094;\"><em><a style=\"color: #941094;\" title=\"titre de l'image\" href=\"http:\/\/jocelyne.debon.free.fr\/confitures-fraises\/confiture-fraises17.JPG\" rel=\"iframe\"><img loading=\"lazy\" decoding=\"async\" class=\"lazy-loaded aligncenter\" src=\"http:\/\/jocelyne.debon.free.fr\/confitures-fraises\/confiture-fraises17.JPG\" alt=\"\" width=\"230\" height=\"844\" data-lazy-type=\"image\" data-src=\"http:\/\/jocelyne.debon.free.fr\/confitures-fraises\/confiture-fraises17.JPG\" \/><\/a><\/em><\/span><\/p>\n<p style=\"text-align: center;\"><span style=\"font-family: georgia, serif; color: #941094;\"><span style=\"font-size: large;\"><em><span style=\"font-size: large;\"><em><span style=\"font-size: large;\"><em><span style=\"font-size: large;\"><em>Si vos \u00e9tiquettes ne sont pas adh\u00e9sives, pas besoin de colle un peu de lait fera l\u2019affaire, trempez-les l\u00e9g\u00e8rement dedans et appliquer sur le pot c\u2019est coll\u00e9.<\/em><\/span><\/em><\/span><\/em><\/span><\/em><\/span><\/span><\/p>\n<p style=\"text-align: center;\"><span style=\"font-family: georgia, serif; color: #941094;\"><span style=\"font-size: large;\"><em><span style=\"font-size: large;\"><em><span style=\"font-size: large;\"><em><span style=\"font-size: large;\"><em>Bonne d\u00e9gustation!<\/em><\/span><\/em><\/span><\/em><\/span><\/em><\/span><\/span><\/p>\n<p style=\"text-align: center;\"><span style=\"font-family: georgia, serif; color: #941094;\"><span style=\"font-size: large;\"><em><span style=\"font-size: large;\"><em><span style=\"font-size: large;\"><em><span style=\"font-size: large;\"><em><img loading=\"lazy\" decoding=\"async\" class=\"alignnone wp-image-22255\" src=\"http:\/\/recettes-gourmandes-de-joce.fr\/wp-content\/uploads\/2020\/05\/P8130752-150x150.jpg\" alt=\"\" width=\"205\" height=\"200\" srcset=\"http:\/\/recettes-gourmandes-de-joce.fr\/wp-content\/uploads\/2020\/05\/P8130752-300x292.jpg 300w, http:\/\/recettes-gourmandes-de-joce.fr\/wp-content\/uploads\/2020\/05\/P8130752.jpg 451w\" sizes=\"auto, (max-width: 205px) 100vw, 205px\" \/>\u00a0<\/em><\/span><\/em><\/span><\/em><\/span><\/em><\/span><\/span><\/p>\n<p style=\"text-align: center;\"><span style=\"font-family: georgia, serif; color: #941094;\"><span style=\"font-size: large;\"><em><span style=\"font-size: large;\"><em> <img loading=\"lazy\" decoding=\"async\" class=\"alignnone wp-image-16654 size-full\" src=\"http:\/\/recettes-gourmandes-de-joce.fr\/wp-content\/uploads\/2020\/01\/logitech-gaming-software-14112014-121223.jpg\" alt=\"\" width=\"640\" height=\"144\" srcset=\"http:\/\/recettes-gourmandes-de-joce.fr\/wp-content\/uploads\/2020\/01\/logitech-gaming-software-14112014-121223.jpg 640w, http:\/\/recettes-gourmandes-de-joce.fr\/wp-content\/uploads\/2020\/01\/logitech-gaming-software-14112014-121223-300x68.jpg 300w\" sizes=\"auto, (max-width: 640px) 100vw, 640px\" \/><\/em><\/span><\/em><\/span><\/span><\/p>\n","protected":false},"excerpt":{"rendered":"<p>Confiture de m\u00fbres Ingr\u00e9dients pour 8 bocaux \u00a02 kg 400 de m\u00fbres 1 kg 500 de sucre en poudre 1 jus de citron \u00a0 La veille mettre vos m\u00fbres nettoy\u00e9es dans un saladier avec le sucre, remuer et r\u00e9server.\u00a0\u00c9bouillanter vos bocaux\u00a0et couvercles\u00a0dans une marmite d\u2019eau \u00e0 \u00e9bullition et laisser les bouillir\u00a020 minutes. \u00a0 Retournez l\u00e8s &hellip; <\/p>\n<p><a class=\"more-link btn\" href=\"http:\/\/recettes-gourmandes-de-joce.fr\/index.php\/index\/conserves-paniers-gourmands\/confitures\/confiture-de-mures\/\">Lire la suite<\/a><\/p>\n","protected":false},"author":2,"featured_media":87652,"parent":270,"menu_order":0,"comment_status":"open","ping_status":"closed","template":"","meta":{"footnotes":""},"class_list":["post-22261","page","type-page","status-publish","has-post-thumbnail","hentry","nodate","item-wrap"],"_links":{"self":[{"href":"http:\/\/recettes-gourmandes-de-joce.fr\/index.php\/wp-json\/wp\/v2\/pages\/22261","targetHints":{"allow":["GET"]}}],"collection":[{"href":"http:\/\/recettes-gourmandes-de-joce.fr\/index.php\/wp-json\/wp\/v2\/pages"}],"about":[{"href":"http:\/\/recettes-gourmandes-de-joce.fr\/index.php\/wp-json\/wp\/v2\/types\/page"}],"author":[{"embeddable":true,"href":"http:\/\/recettes-gourmandes-de-joce.fr\/index.php\/wp-json\/wp\/v2\/users\/2"}],"replies":[{"embeddable":true,"href":"http:\/\/recettes-gourmandes-de-joce.fr\/index.php\/wp-json\/wp\/v2\/comments?post=22261"}],"version-history":[{"count":6,"href":"http:\/\/recettes-gourmandes-de-joce.fr\/index.php\/wp-json\/wp\/v2\/pages\/22261\/revisions"}],"predecessor-version":[{"id":87653,"href":"http:\/\/recettes-gourmandes-de-joce.fr\/index.php\/wp-json\/wp\/v2\/pages\/22261\/revisions\/87653"}],"up":[{"embeddable":true,"href":"http:\/\/recettes-gourmandes-de-joce.fr\/index.php\/wp-json\/wp\/v2\/pages\/270"}],"wp:featuredmedia":[{"embeddable":true,"href":"http:\/\/recettes-gourmandes-de-joce.fr\/index.php\/wp-json\/wp\/v2\/media\/87652"}],"wp:attachment":[{"href":"http:\/\/recettes-gourmandes-de-joce.fr\/index.php\/wp-json\/wp\/v2\/media?parent=22261"}],"curies":[{"name":"wp","href":"https:\/\/api.w.org\/{rel}","templated":true}]}}