{"id":20809,"date":"2020-04-20T15:09:17","date_gmt":"2020-04-20T15:09:17","guid":{"rendered":"http:\/\/recettes-gourmandes-de-joce.fr\/?page_id=20809"},"modified":"2024-06-28T16:12:34","modified_gmt":"2024-06-28T16:12:34","slug":"truites-au-four-sauce-aux-poivrons-et-ses-pommes-de-terre","status":"publish","type":"page","link":"http:\/\/recettes-gourmandes-de-joce.fr\/index.php\/index\/poissons-coquillages\/poissons-entiers\/truites-au-four-sauce-aux-poivrons-et-ses-pommes-de-terre\/","title":{"rendered":"Truites au four, sauce aux poivrons et ses pommes de terre."},"content":{"rendered":"<p style=\"text-align: center;\"><span style=\"color: #ff0000; font-family: georgia, palatino, serif;\"><span style=\"font-size: 24px;\"><u><em>Une de mes recettes<\/em><\/u><\/span><\/span><\/p>\n<p style=\"text-align: center;\"><span style=\"color: #ff0000; font-family: georgia, palatino, serif;\"><img loading=\"lazy\" decoding=\"async\" class=\"alignnone wp-image-20807\" src=\"http:\/\/recettes-gourmandes-de-joce.fr\/wp-content\/uploads\/2020\/04\/truites_aux_poivrons_piment_ail_et_huile_d_ol13-150x150.jpg\" alt=\"\" width=\"240\" height=\"180\" srcset=\"http:\/\/recettes-gourmandes-de-joce.fr\/wp-content\/uploads\/2020\/04\/truites_aux_poivrons_piment_ail_et_huile_d_ol13-300x225.jpg 300w, http:\/\/recettes-gourmandes-de-joce.fr\/wp-content\/uploads\/2020\/04\/truites_aux_poivrons_piment_ail_et_huile_d_ol13.jpg 550w\" sizes=\"auto, (max-width: 240px) 100vw, 240px\" \/> \u00a0<img loading=\"lazy\" decoding=\"async\" class=\"alignnone wp-image-20795\" src=\"http:\/\/recettes-gourmandes-de-joce.fr\/wp-content\/uploads\/2020\/04\/truites_aux_poivrons_piment_ail_et_huile_d_ol14-150x150.jpg\" alt=\"\" width=\"268\" height=\"180\" srcset=\"http:\/\/recettes-gourmandes-de-joce.fr\/wp-content\/uploads\/2020\/04\/truites_aux_poivrons_piment_ail_et_huile_d_ol14-300x202.jpg 300w, http:\/\/recettes-gourmandes-de-joce.fr\/wp-content\/uploads\/2020\/04\/truites_aux_poivrons_piment_ail_et_huile_d_ol14.jpg 550w\" sizes=\"auto, (max-width: 268px) 100vw, 268px\" \/><img loading=\"lazy\" decoding=\"async\" class=\"alignnone wp-image-20806\" src=\"http:\/\/recettes-gourmandes-de-joce.fr\/wp-content\/uploads\/2020\/04\/truites_aux_poivrons_piment_ail_et_huile_d_ol12-150x150.jpg\" alt=\"\" width=\"251\" height=\"180\" srcset=\"http:\/\/recettes-gourmandes-de-joce.fr\/wp-content\/uploads\/2020\/04\/truites_aux_poivrons_piment_ail_et_huile_d_ol12-300x215.jpg 300w, http:\/\/recettes-gourmandes-de-joce.fr\/wp-content\/uploads\/2020\/04\/truites_aux_poivrons_piment_ail_et_huile_d_ol12.jpg 550w\" sizes=\"auto, (max-width: 251px) 100vw, 251px\" \/><\/span><\/p>\n<p style=\"text-align: center;\"><span style=\"font-family: georgia, palatino, serif; color: #ff0000;\"><span style=\"text-decoration: underline;\"><span style=\"font-size: x-large;\"><em>Ingr\u00e9dients pour deux personnes<\/em><\/span><\/span><\/span><\/p>\n<p style=\"text-align: center;\"><span style=\"color: #ff0000; font-family: georgia, palatino, serif;\"><img loading=\"lazy\" decoding=\"async\" class=\"alignnone wp-image-20801\" src=\"http:\/\/recettes-gourmandes-de-joce.fr\/wp-content\/uploads\/2020\/04\/truites_aux_poivrons_piment_ail_et_huile_d_ol7-150x150.jpg\" alt=\"\" width=\"235\" height=\"175\" srcset=\"http:\/\/recettes-gourmandes-de-joce.fr\/wp-content\/uploads\/2020\/04\/truites_aux_poivrons_piment_ail_et_huile_d_ol7-300x223.jpg 300w, http:\/\/recettes-gourmandes-de-joce.fr\/wp-content\/uploads\/2020\/04\/truites_aux_poivrons_piment_ail_et_huile_d_ol7.jpg 550w\" sizes=\"auto, (max-width: 235px) 100vw, 235px\" \/> <img loading=\"lazy\" decoding=\"async\" class=\"alignnone wp-image-15107\" src=\"http:\/\/recettes-gourmandes-de-joce.fr\/wp-content\/uploads\/2020\/01\/P6230469-3-150x150.jpg\" alt=\"\" width=\"206\" height=\"175\" srcset=\"http:\/\/recettes-gourmandes-de-joce.fr\/wp-content\/uploads\/2020\/01\/P6230469-3-300x255.jpg 300w, http:\/\/recettes-gourmandes-de-joce.fr\/wp-content\/uploads\/2020\/01\/P6230469-3.jpg 640w\" sizes=\"auto, (max-width: 206px) 100vw, 206px\" \/><\/span><\/p>\n<p style=\"text-align: center;\"><span style=\"font-family: georgia, palatino, serif; color: #ff0000;\"><em><span style=\"font-size: large;\">2 belles truites<\/span><\/em><\/span><\/p>\n<p style=\"text-align: center;\"><span style=\"font-family: georgia, palatino, serif; color: #ff0000;\"><em><span style=\"font-size: large;\">6 pommes de terre<\/span><\/em><\/span><\/p>\n<p style=\"text-align: center;\"><span style=\"font-family: georgia, palatino, serif; color: #ff0000;\"><em><span style=\"font-size: large;\">1 oignon<\/span><\/em><\/span><\/p>\n<p style=\"text-align: center;\"><span style=\"font-family: georgia, palatino, serif; color: #ff0000;\"><em><span style=\"font-size: large;\">1 c \u00e0 s de fumet de poisson<\/span><\/em><\/span><\/p>\n<p style=\"text-align: center;\"><span style=\"font-family: georgia, palatino, serif; color: #ff0000;\"><em><span style=\"font-size: large;\">1 c \u00e0 s rase d&rsquo;herbes de Provence<\/span><\/em><\/span><\/p>\n<p style=\"text-align: center;\"><span style=\"font-family: georgia, palatino, serif; color: #ff0000;\"><em><span style=\"font-size: large;\">100ml de vin blanc<\/span><\/em><\/span><\/p>\n<p style=\"text-align: center;\"><span style=\"font-family: georgia, palatino, serif; color: #ff0000;\"><em><span style=\"font-size: large;\">100ml d&rsquo;eau<\/span><\/em><\/span><\/p>\n<p style=\"text-align: center;\"><span style=\"font-family: georgia, palatino, serif; color: #ff0000;\"><em><span style=\"font-size: large;\">Sel et poivre<\/span><\/em><em><span style=\"font-size: large;\">\u00a0<\/span><\/em><\/span><\/p>\n<p style=\"text-align: center;\"><span style=\"color: #ff0000; font-family: georgia, palatino, serif;\"><span style=\"font-size: 14pt;\"><em>Recette de la sauce sur ce lien -&gt; <\/em><\/span><a href=\"http:\/\/recettes-gourmandes-de-joce.fr\/index.php\/index\/sauces-assaisonnements\/sauces-froides\/sauces-pour-barbecue-ou-pour-dip\/\"><em><span style=\"font-size: 14pt;\">Sauce aux trois poivrons et \u00e0 l\u2019ail <img loading=\"lazy\" decoding=\"async\" class=\"alignnone\" src=\"http:\/\/recettes-gourmandes-de-joce.fr\/wp-content\/uploads\/2020\/01\/P6230480-150x150.jpg\" alt=\"\" width=\"150\" height=\"150\" \/><\/span><\/em><\/a><\/span><\/p>\n<p style=\"text-align: center;\"><span style=\"color: #ff0000; font-family: georgia, palatino, serif;\"><img loading=\"lazy\" decoding=\"async\" class=\"alignnone wp-image-20800\" src=\"http:\/\/recettes-gourmandes-de-joce.fr\/wp-content\/uploads\/2020\/04\/truites_aux_poivrons_piment_ail_et_huile_d_ol4-150x150.jpg\" alt=\"\" width=\"214\" height=\"160\" srcset=\"http:\/\/recettes-gourmandes-de-joce.fr\/wp-content\/uploads\/2020\/04\/truites_aux_poivrons_piment_ail_et_huile_d_ol4-300x225.jpg 300w, http:\/\/recettes-gourmandes-de-joce.fr\/wp-content\/uploads\/2020\/04\/truites_aux_poivrons_piment_ail_et_huile_d_ol4.jpg 550w\" sizes=\"auto, (max-width: 214px) 100vw, 214px\" \/> <img loading=\"lazy\" decoding=\"async\" class=\"alignnone wp-image-18909\" src=\"http:\/\/recettes-gourmandes-de-joce.fr\/wp-content\/uploads\/2020\/03\/P6160025-150x150.jpg\" alt=\"\" width=\"209\" height=\"160\" srcset=\"http:\/\/recettes-gourmandes-de-joce.fr\/wp-content\/uploads\/2020\/03\/P6160025-300x230.jpg 300w, http:\/\/recettes-gourmandes-de-joce.fr\/wp-content\/uploads\/2020\/03\/P6160025.jpg 550w\" sizes=\"auto, (max-width: 209px) 100vw, 209px\" \/>\u00a0<img loading=\"lazy\" decoding=\"async\" class=\"alignnone wp-image-20802\" src=\"http:\/\/recettes-gourmandes-de-joce.fr\/wp-content\/uploads\/2020\/04\/truites_aux_poivrons_piment_ail_et_huile_d_ol8-150x150.jpg\" alt=\"\" width=\"214\" height=\"160\" srcset=\"http:\/\/recettes-gourmandes-de-joce.fr\/wp-content\/uploads\/2020\/04\/truites_aux_poivrons_piment_ail_et_huile_d_ol8-300x225.jpg 300w, http:\/\/recettes-gourmandes-de-joce.fr\/wp-content\/uploads\/2020\/04\/truites_aux_poivrons_piment_ail_et_huile_d_ol8.jpg 550w\" sizes=\"auto, (max-width: 214px) 100vw, 214px\" \/> \u00a0<\/span><\/p>\n<p style=\"text-align: center;\"><span style=\"color: #ff0000; font-family: georgia, palatino, serif;\"><em><span style=\"font-size: large;\">Pr\u00e9parer votre sauce (r\u00e9server \u2153 des d\u00e9s de poivrons pour la cuisson des truites) et laisser mac\u00e9rer (1h environ). Pendant ce temps, peler et \u00e9mincer l&rsquo;oignon, <\/span><\/em><em><span style=\"font-size: large;\">mettre les truites dans un plat allant au four, les saler et poivrer parsemer des d\u00e9s de poivrons r\u00e9serv\u00e9s, ajouter les herbes de Provence et l&rsquo;oignon \u00e9minc\u00e9.\u00a0<\/span><\/em><\/span><\/p>\n<p style=\"text-align: center;\"><span style=\"color: #ff0000; font-family: georgia, palatino, serif;\"><img loading=\"lazy\" decoding=\"async\" class=\"alignnone wp-image-20803\" src=\"http:\/\/recettes-gourmandes-de-joce.fr\/wp-content\/uploads\/2020\/04\/truites_aux_poivrons_piment_ail_et_huile_d_ol9-150x150.jpg\" alt=\"\" width=\"175\" height=\"160\" srcset=\"http:\/\/recettes-gourmandes-de-joce.fr\/wp-content\/uploads\/2020\/04\/truites_aux_poivrons_piment_ail_et_huile_d_ol9-300x275.jpg 300w, http:\/\/recettes-gourmandes-de-joce.fr\/wp-content\/uploads\/2020\/04\/truites_aux_poivrons_piment_ail_et_huile_d_ol9.jpg 550w\" sizes=\"auto, (max-width: 175px) 100vw, 175px\" \/> <img loading=\"lazy\" decoding=\"async\" class=\"alignnone wp-image-20804\" src=\"http:\/\/recettes-gourmandes-de-joce.fr\/wp-content\/uploads\/2020\/04\/truites_aux_poivrons_piment_ail_et_huile_d_ol10-150x150.jpg\" alt=\"\" width=\"218\" height=\"163\" srcset=\"http:\/\/recettes-gourmandes-de-joce.fr\/wp-content\/uploads\/2020\/04\/truites_aux_poivrons_piment_ail_et_huile_d_ol10-300x225.jpg 300w, http:\/\/recettes-gourmandes-de-joce.fr\/wp-content\/uploads\/2020\/04\/truites_aux_poivrons_piment_ail_et_huile_d_ol10.jpg 550w\" sizes=\"auto, (max-width: 218px) 100vw, 218px\" \/><\/span><\/p>\n<p style=\"text-align: center;\"><span style=\"font-family: georgia, palatino, serif; color: #ff0000;\"><em><span style=\"font-size: large;\">M\u00e9langer dans un pichet l&rsquo;eau, le vin blanc et le fumet de poisson.\u00a0<\/span><\/em><em><span style=\"font-size: large;\">Verser le m\u00e9lange autour des truites et enfourner les<\/span><\/em><em><span style=\"font-size: large;\"> 25 minutes environ \u00e0 200\u00b0, surveiller la cuisson.<\/span><\/em><\/span><\/p>\n<p style=\"text-align: center;\"><span style=\"font-family: georgia, palatino, serif; color: #ff0000;\"><em><span style=\"font-size: large;\"><a class=\"mb\" style=\"color: #ff0000;\" href=\"http:\/\/s3.e-monsite.com\/2011\/02\/25\/11\/resize_550_550\/\/truites_aux_poivrons_piment_ail_et_huile_d_ol11.jpg\"> \u00a0<\/a><a class=\"mb\" href=\"http:\/\/s3.e-monsite.com\/2011\/02\/25\/11\/resize_550_550\/\/truites_aux_poivrons_piment_ail_et_huile_d_ol11.jpg\"><img loading=\"lazy\" decoding=\"async\" class=\"alignnone wp-image-18879\" src=\"http:\/\/recettes-gourmandes-de-joce.fr\/wp-content\/uploads\/2020\/03\/potee-10-150x150.jpg\" alt=\"\" width=\"211\" height=\"160\" srcset=\"http:\/\/recettes-gourmandes-de-joce.fr\/wp-content\/uploads\/2020\/03\/potee-10-300x228.jpg 300w, http:\/\/recettes-gourmandes-de-joce.fr\/wp-content\/uploads\/2020\/03\/potee-10.jpg 550w\" sizes=\"auto, (max-width: 211px) 100vw, 211px\" \/><\/a><\/span><\/em><\/span><span style=\"font-family: georgia, palatino, serif; color: #ff0000;\"><em><span style=\"font-size: large;\"> <img loading=\"lazy\" decoding=\"async\" class=\"alignnone wp-image-20817\" src=\"http:\/\/recettes-gourmandes-de-joce.fr\/wp-content\/uploads\/2020\/04\/hareng-purees10-150x150.jpg\" alt=\"\" width=\"199\" height=\"160\" srcset=\"http:\/\/recettes-gourmandes-de-joce.fr\/wp-content\/uploads\/2020\/04\/hareng-purees10-300x241.jpg 300w, http:\/\/recettes-gourmandes-de-joce.fr\/wp-content\/uploads\/2020\/04\/hareng-purees10-768x616.jpg 768w, http:\/\/recettes-gourmandes-de-joce.fr\/wp-content\/uploads\/2020\/04\/hareng-purees10.jpg 800w\" sizes=\"auto, (max-width: 199px) 100vw, 199px\" \/><\/span><\/em><\/span><\/p>\n<p style=\"text-align: center;\"><span style=\"color: #ff0000; font-family: georgia, palatino, serif;\"><em><span style=\"font-size: large;\">Pendant la cuisson des truites pr\u00e9parer votre accompagnement pour moi des pommes de terre. Peler, <\/span><\/em><em><span style=\"font-size: large;\">laver <\/span><\/em><em><span style=\"font-size: large;\">et couper les pommes de terre les mettre \u00e0 cuire dans de l&rsquo;eau sal\u00e9e avec un petit oignon \u00e9minc\u00e9. Lorsque les pommes de terre sont cuites, \u00e9gouttez l\u00e8s.\u00a0<\/span><\/em><\/span><\/p>\n<p style=\"text-align: center;\"><span style=\"color: #ff0000; font-family: georgia, palatino, serif;\"><a class=\"mb\" style=\"color: #ff0000;\" href=\"http:\/\/s3.e-monsite.com\/2011\/02\/25\/11\/resize_550_550\/\/truites_aux_poivrons_piment_ail_et_huile_d_ol11.jpg\"><img loading=\"lazy\" decoding=\"async\" class=\"alignnone wp-image-20805\" src=\"http:\/\/recettes-gourmandes-de-joce.fr\/wp-content\/uploads\/2020\/04\/truites_aux_poivrons_piment_ail_et_huile_d_ol11-150x150.jpg\" alt=\"\" width=\"214\" height=\"160\" srcset=\"http:\/\/recettes-gourmandes-de-joce.fr\/wp-content\/uploads\/2020\/04\/truites_aux_poivrons_piment_ail_et_huile_d_ol11-300x225.jpg 300w, http:\/\/recettes-gourmandes-de-joce.fr\/wp-content\/uploads\/2020\/04\/truites_aux_poivrons_piment_ail_et_huile_d_ol11.jpg 550w\" sizes=\"auto, (max-width: 214px) 100vw, 214px\" \/><\/a>\u00a0<img loading=\"lazy\" decoding=\"async\" class=\"alignnone wp-image-20806\" src=\"http:\/\/recettes-gourmandes-de-joce.fr\/wp-content\/uploads\/2020\/04\/truites_aux_poivrons_piment_ail_et_huile_d_ol12-150x150.jpg\" alt=\"\" width=\"223\" height=\"160\" srcset=\"http:\/\/recettes-gourmandes-de-joce.fr\/wp-content\/uploads\/2020\/04\/truites_aux_poivrons_piment_ail_et_huile_d_ol12-300x215.jpg 300w, http:\/\/recettes-gourmandes-de-joce.fr\/wp-content\/uploads\/2020\/04\/truites_aux_poivrons_piment_ail_et_huile_d_ol12.jpg 550w\" sizes=\"auto, (max-width: 223px) 100vw, 223px\" \/><\/span><\/p>\n<p style=\"text-align: center;\"><span style=\"color: #ff0000; font-family: georgia, palatino, serif;\"><em><span style=\"font-size: large;\">Sortir les truites du four, <\/span><\/em><em><span style=\"font-size: large;\">les servir accompagn\u00e9es de pommes de terre et de la sauce aux po<\/span><\/em><em><span style=\"font-size: large;\">ivrons.<\/span><\/em><\/span><\/p>\n<p style=\"text-align: center;\"><span style=\"color: #ff0000; font-family: georgia, palatino, serif;\">\u00a0<em><span style=\"font-size: large;\">Un plat plein de saveurs<\/span><\/em><em><span style=\"font-size: large;\">\u00a0\u00e0 d\u00e9couvrir!<\/span><\/em><\/span><\/p>\n<p style=\"text-align: center;\"><span style=\"font-family: georgia, palatino, serif; color: #ff0000;\"><em><span style=\"font-size: large;\">Bon app\u00e9tit!<\/span><\/em><\/span><\/p>\n<p style=\"text-align: center;\"><span style=\"color: #ff0000; font-family: georgia, palatino, serif;\"><img loading=\"lazy\" decoding=\"async\" class=\"alignnone wp-image-20807\" src=\"http:\/\/recettes-gourmandes-de-joce.fr\/wp-content\/uploads\/2020\/04\/truites_aux_poivrons_piment_ail_et_huile_d_ol13-150x150.jpg\" alt=\"\" width=\"234\" height=\"175\" srcset=\"http:\/\/recettes-gourmandes-de-joce.fr\/wp-content\/uploads\/2020\/04\/truites_aux_poivrons_piment_ail_et_huile_d_ol13-300x225.jpg 300w, http:\/\/recettes-gourmandes-de-joce.fr\/wp-content\/uploads\/2020\/04\/truites_aux_poivrons_piment_ail_et_huile_d_ol13.jpg 550w\" sizes=\"auto, (max-width: 234px) 100vw, 234px\" \/> <img loading=\"lazy\" decoding=\"async\" class=\"alignnone wp-image-20806\" src=\"http:\/\/recettes-gourmandes-de-joce.fr\/wp-content\/uploads\/2020\/04\/truites_aux_poivrons_piment_ail_et_huile_d_ol12-150x150.jpg\" alt=\"\" width=\"244\" height=\"175\" srcset=\"http:\/\/recettes-gourmandes-de-joce.fr\/wp-content\/uploads\/2020\/04\/truites_aux_poivrons_piment_ail_et_huile_d_ol12-300x215.jpg 300w, http:\/\/recettes-gourmandes-de-joce.fr\/wp-content\/uploads\/2020\/04\/truites_aux_poivrons_piment_ail_et_huile_d_ol12.jpg 550w\" sizes=\"auto, (max-width: 244px) 100vw, 244px\" \/>\u00a0<img loading=\"lazy\" decoding=\"async\" class=\"alignnone wp-image-20796\" src=\"http:\/\/recettes-gourmandes-de-joce.fr\/wp-content\/uploads\/2020\/04\/truites_aux_poivrons_piment_ail_et_huile_d_ol15-150x150.jpg\" alt=\"\" width=\"257\" height=\"175\" srcset=\"http:\/\/recettes-gourmandes-de-joce.fr\/wp-content\/uploads\/2020\/04\/truites_aux_poivrons_piment_ail_et_huile_d_ol15-300x204.jpg 300w, http:\/\/recettes-gourmandes-de-joce.fr\/wp-content\/uploads\/2020\/04\/truites_aux_poivrons_piment_ail_et_huile_d_ol15.jpg 496w\" sizes=\"auto, (max-width: 257px) 100vw, 257px\" \/><\/span><\/p>\n<p style=\"text-align: center;\"><span style=\"color: #ff0000; font-family: georgia, palatino, serif;\"><img loading=\"lazy\" decoding=\"async\" class=\"alignnone wp-image-16654 size-full\" src=\"http:\/\/recettes-gourmandes-de-joce.fr\/wp-content\/uploads\/2020\/01\/logitech-gaming-software-14112014-121223.jpg\" alt=\"\" width=\"640\" height=\"144\" srcset=\"http:\/\/recettes-gourmandes-de-joce.fr\/wp-content\/uploads\/2020\/01\/logitech-gaming-software-14112014-121223.jpg 640w, http:\/\/recettes-gourmandes-de-joce.fr\/wp-content\/uploads\/2020\/01\/logitech-gaming-software-14112014-121223-300x68.jpg 300w\" sizes=\"auto, (max-width: 640px) 100vw, 640px\" \/><\/span><\/p>\n","protected":false},"excerpt":{"rendered":"<p>Une de mes recettes \u00a0 Ingr\u00e9dients pour deux personnes 2 belles truites 6 pommes de terre 1 oignon 1 c \u00e0 s de fumet de poisson 1 c \u00e0 s rase d&rsquo;herbes de Provence 100ml de vin blanc 100ml d&rsquo;eau Sel et poivre\u00a0 Recette de la sauce sur ce lien -&gt; Sauce aux trois poivrons &hellip; <\/p>\n<p><a class=\"more-link btn\" href=\"http:\/\/recettes-gourmandes-de-joce.fr\/index.php\/index\/poissons-coquillages\/poissons-entiers\/truites-au-four-sauce-aux-poivrons-et-ses-pommes-de-terre\/\">Lire la suite<\/a><\/p>\n","protected":false},"author":2,"featured_media":85438,"parent":187,"menu_order":0,"comment_status":"open","ping_status":"closed","template":"","meta":{"footnotes":""},"class_list":["post-20809","page","type-page","status-publish","has-post-thumbnail","hentry","nodate","item-wrap"],"_links":{"self":[{"href":"http:\/\/recettes-gourmandes-de-joce.fr\/index.php\/wp-json\/wp\/v2\/pages\/20809","targetHints":{"allow":["GET"]}}],"collection":[{"href":"http:\/\/recettes-gourmandes-de-joce.fr\/index.php\/wp-json\/wp\/v2\/pages"}],"about":[{"href":"http:\/\/recettes-gourmandes-de-joce.fr\/index.php\/wp-json\/wp\/v2\/types\/page"}],"author":[{"embeddable":true,"href":"http:\/\/recettes-gourmandes-de-joce.fr\/index.php\/wp-json\/wp\/v2\/users\/2"}],"replies":[{"embeddable":true,"href":"http:\/\/recettes-gourmandes-de-joce.fr\/index.php\/wp-json\/wp\/v2\/comments?post=20809"}],"version-history":[{"count":9,"href":"http:\/\/recettes-gourmandes-de-joce.fr\/index.php\/wp-json\/wp\/v2\/pages\/20809\/revisions"}],"predecessor-version":[{"id":85439,"href":"http:\/\/recettes-gourmandes-de-joce.fr\/index.php\/wp-json\/wp\/v2\/pages\/20809\/revisions\/85439"}],"up":[{"embeddable":true,"href":"http:\/\/recettes-gourmandes-de-joce.fr\/index.php\/wp-json\/wp\/v2\/pages\/187"}],"wp:featuredmedia":[{"embeddable":true,"href":"http:\/\/recettes-gourmandes-de-joce.fr\/index.php\/wp-json\/wp\/v2\/media\/85438"}],"wp:attachment":[{"href":"http:\/\/recettes-gourmandes-de-joce.fr\/index.php\/wp-json\/wp\/v2\/media?parent=20809"}],"curies":[{"name":"wp","href":"https:\/\/api.w.org\/{rel}","templated":true}]}}