{"id":18563,"date":"2020-03-19T17:03:46","date_gmt":"2020-03-19T17:03:46","guid":{"rendered":"http:\/\/recettes-gourmandes-de-joce.fr\/?page_id=18563"},"modified":"2024-07-14T20:16:57","modified_gmt":"2024-07-14T20:16:57","slug":"confiture-de-peches","status":"publish","type":"page","link":"http:\/\/recettes-gourmandes-de-joce.fr\/index.php\/index\/conserves-paniers-gourmands\/confitures\/confiture-de-peches\/","title":{"rendered":"Confiture de p\u00eaches."},"content":{"rendered":"<p style=\"text-align: center;\"><span style=\"color: #ff9900; font-size: 14pt; font-family: georgia, palatino, serif;\"><img loading=\"lazy\" decoding=\"async\" class=\"alignnone wp-image-18554\" src=\"http:\/\/recettes-gourmandes-de-joce.fr\/wp-content\/uploads\/2020\/03\/Copie-de-P9070287-150x150.jpg\" alt=\"\" width=\"150\" height=\"200\" srcset=\"http:\/\/recettes-gourmandes-de-joce.fr\/wp-content\/uploads\/2020\/03\/Copie-de-P9070287-225x300.jpg 225w, http:\/\/recettes-gourmandes-de-joce.fr\/wp-content\/uploads\/2020\/03\/Copie-de-P9070287.jpg 412w\" sizes=\"auto, (max-width: 150px) 100vw, 150px\" \/> <img loading=\"lazy\" decoding=\"async\" class=\"alignnone wp-image-18553\" src=\"http:\/\/recettes-gourmandes-de-joce.fr\/wp-content\/uploads\/2020\/03\/Copie-de-P9070283-150x150.jpg\" alt=\"\" width=\"241\" height=\"200\" srcset=\"http:\/\/recettes-gourmandes-de-joce.fr\/wp-content\/uploads\/2020\/03\/Copie-de-P9070283-300x249.jpg 300w, http:\/\/recettes-gourmandes-de-joce.fr\/wp-content\/uploads\/2020\/03\/Copie-de-P9070283.jpg 550w\" sizes=\"auto, (max-width: 241px) 100vw, 241px\" \/> <img loading=\"lazy\" decoding=\"async\" class=\"alignnone wp-image-18565\" src=\"http:\/\/recettes-gourmandes-de-joce.fr\/wp-content\/uploads\/2020\/03\/Copie-de-P9070287-001-150x150.jpg\" alt=\"\" width=\"135\" height=\"200\" srcset=\"http:\/\/recettes-gourmandes-de-joce.fr\/wp-content\/uploads\/2020\/03\/Copie-de-P9070287-001-202x300.jpg 202w, http:\/\/recettes-gourmandes-de-joce.fr\/wp-content\/uploads\/2020\/03\/Copie-de-P9070287-001.jpg 253w\" sizes=\"auto, (max-width: 135px) 100vw, 135px\" \/><\/span><\/p>\n<p style=\"text-align: center;\"><span style=\"font-family: georgia, palatino, serif; color: #ff9900; font-size: 18pt;\"><span style=\"text-decoration: underline;\"><em>Ingr\u00e9dients pour\u00a03 pots de 300ml<\/em><\/span><\/span><\/p>\n<p style=\"text-align: center;\"><span style=\"color: #ff9900; font-size: 14pt; font-family: georgia, palatino, serif;\"><img loading=\"lazy\" decoding=\"async\" class=\"alignnone wp-image-18555\" src=\"http:\/\/recettes-gourmandes-de-joce.fr\/wp-content\/uploads\/2020\/03\/Copie-de-P9060237-150x150.jpg\" alt=\"\" width=\"319\" height=\"180\" srcset=\"http:\/\/recettes-gourmandes-de-joce.fr\/wp-content\/uploads\/2020\/03\/Copie-de-P9060237-300x169.jpg 300w, http:\/\/recettes-gourmandes-de-joce.fr\/wp-content\/uploads\/2020\/03\/Copie-de-P9060237.jpg 550w\" sizes=\"auto, (max-width: 319px) 100vw, 319px\" \/><\/span><\/p>\n<p style=\"text-align: center;\"><span style=\"font-family: georgia, palatino, serif; color: #ff9900; font-size: 14pt;\"><em>750 g net de p\u00eaches (nettoy\u00e9es sans noyau)<\/em><\/span><\/p>\n<p style=\"text-align: center;\"><span style=\"font-family: georgia, palatino, serif; color: #ff9900; font-size: 14pt;\"><em>600 g de confisuc<\/em><em>\u00a0<\/em><\/span><\/p>\n<p style=\"text-align: center;\"><span style=\"color: #ff9900; font-size: 14pt; font-family: georgia, palatino, serif;\"><em>M\u00e9thode avec du confisuc, si vous utilisez du sucre normal <\/em><em>la cuisson est beaucoup plus longue.<\/em><\/span><\/p>\n<p style=\"text-align: center;\"><span style=\"font-family: georgia, palatino, serif; color: #ff9900; font-size: 14pt;\"><span style=\"text-decoration: underline;\"><em>La veille<\/em><\/span><\/span><\/p>\n<p style=\"text-align: center;\"><span style=\"color: #ff9900; font-size: 14pt; font-family: georgia, palatino, serif;\"><img loading=\"lazy\" decoding=\"async\" class=\"alignnone wp-image-18556\" src=\"http:\/\/recettes-gourmandes-de-joce.fr\/wp-content\/uploads\/2020\/03\/Copie-de-P9060240-150x150.jpg\" alt=\"\" width=\"250\" height=\"160\" srcset=\"http:\/\/recettes-gourmandes-de-joce.fr\/wp-content\/uploads\/2020\/03\/Copie-de-P9060240-300x192.jpg 300w, http:\/\/recettes-gourmandes-de-joce.fr\/wp-content\/uploads\/2020\/03\/Copie-de-P9060240.jpg 550w\" sizes=\"auto, (max-width: 250px) 100vw, 250px\" \/> <img loading=\"lazy\" decoding=\"async\" class=\"alignnone wp-image-18557\" src=\"http:\/\/recettes-gourmandes-de-joce.fr\/wp-content\/uploads\/2020\/03\/Copie-de-P9060242-150x150.jpg\" alt=\"\" width=\"214\" height=\"160\" srcset=\"http:\/\/recettes-gourmandes-de-joce.fr\/wp-content\/uploads\/2020\/03\/Copie-de-P9060242-300x225.jpg 300w, http:\/\/recettes-gourmandes-de-joce.fr\/wp-content\/uploads\/2020\/03\/Copie-de-P9060242.jpg 550w\" sizes=\"auto, (max-width: 214px) 100vw, 214px\" \/><\/span><\/p>\n<p style=\"text-align: center;\"><span style=\"font-family: georgia, palatino, serif; color: #ff9900; font-size: 14pt;\"><em>Laver les p\u00eaches, ouvrez les et enlever le noyau et les <\/em><em>\u00e9ventuelles parties abim\u00e9es. <\/em><em>\u00a0<\/em><em>Mettre une petite soucoupe et une cuill\u00e8re au r\u00e9frig\u00e9rateur qui <\/em><em>vous serviront le lendemain \u00e0 v\u00e9rifier la cuisson de votre confiture. <\/em><em>Mettre vos p\u00eaches dans un grand saladier et recouvrez les avec <\/em><em>le confisuc, m\u00e9langer et laisser ainsi jusqu&rsquo;au lendemain <\/em><em>\u00e0 temp\u00e9rature ambiante.<\/em><\/span><\/p>\n<p style=\"text-align: center;\"><span style=\"font-family: georgia, palatino, serif; color: #ff9900; font-size: 14pt;\"><em><img loading=\"lazy\" decoding=\"async\" class=\"alignnone wp-image-18516\" src=\"http:\/\/recettes-gourmandes-de-joce.fr\/wp-content\/uploads\/2020\/03\/Confiture-de-prunes-amandes-et-sirop-d\u00e9rable-N3a-150x150.jpg\" alt=\"\" width=\"174\" height=\"160\" srcset=\"http:\/\/recettes-gourmandes-de-joce.fr\/wp-content\/uploads\/2020\/03\/Confiture-de-prunes-amandes-et-sirop-d\u00e9rable-N3a-300x276.jpg 300w, http:\/\/recettes-gourmandes-de-joce.fr\/wp-content\/uploads\/2020\/03\/Confiture-de-prunes-amandes-et-sirop-d\u00e9rable-N3a-768x707.jpg 768w, http:\/\/recettes-gourmandes-de-joce.fr\/wp-content\/uploads\/2020\/03\/Confiture-de-prunes-amandes-et-sirop-d\u00e9rable-N3a.jpg 800w\" sizes=\"auto, (max-width: 174px) 100vw, 174px\" \/><\/em><em> <img loading=\"lazy\" decoding=\"async\" class=\"alignnone wp-image-18560\" src=\"http:\/\/recettes-gourmandes-de-joce.fr\/wp-content\/uploads\/2020\/03\/Copie-de-P9070254-1-150x150.jpg\" alt=\"\" width=\"224\" height=\"160\" srcset=\"http:\/\/recettes-gourmandes-de-joce.fr\/wp-content\/uploads\/2020\/03\/Copie-de-P9070254-1-300x214.jpg 300w, http:\/\/recettes-gourmandes-de-joce.fr\/wp-content\/uploads\/2020\/03\/Copie-de-P9070254-1.jpg 550w\" sizes=\"auto, (max-width: 224px) 100vw, 224px\" \/>\u00a0<\/em><\/span><\/p>\n<p style=\"text-align: center;\"><span style=\"font-family: georgia, palatino, serif; color: #ff9900; font-size: 14pt;\"><span style=\"text-decoration: underline;\"><em>Le lendemain ,<\/em><\/span><\/span><\/p>\n<p style=\"text-align: center;\"><span style=\"font-family: georgia, palatino, serif; color: #ff9900; font-size: 14pt;\"><em>St\u00e9riliser vos pots et couvercles <\/em><em>dans une marmite d&rsquo;eau \u00e0 \u00e9bullition et laisser les bouillir <\/em><em>20 minutes, retournez les ensuite sur un torchon propre.<\/em><\/span><\/p>\n<p style=\"text-align: center;\"><span style=\"font-family: georgia, palatino, serif; color: #ff9900; font-size: 14pt;\"><em>Mettre vos p\u00eaches dans votre bassine \u00e0 confiture ou dans <\/em><em>un wok par exemple . <\/em><em>Portez \u00e0 \u00e9bullition pendant environ 10 \u00e0 15 minutes.<\/em><\/span><\/p>\n<p style=\"text-align: center;\"><span style=\"font-family: georgia, palatino, serif; color: #ff9900; font-size: 14pt;\"><em> <img loading=\"lazy\" decoding=\"async\" class=\"alignnone wp-image-18558\" src=\"http:\/\/recettes-gourmandes-de-joce.fr\/wp-content\/uploads\/2020\/03\/Copie-de-P9070250-150x150.jpg\" alt=\"\" width=\"214\" height=\"160\" srcset=\"http:\/\/recettes-gourmandes-de-joce.fr\/wp-content\/uploads\/2020\/03\/Copie-de-P9070250-300x225.jpg 300w, http:\/\/recettes-gourmandes-de-joce.fr\/wp-content\/uploads\/2020\/03\/Copie-de-P9070250.jpg 550w\" sizes=\"auto, (max-width: 214px) 100vw, 214px\" \/> <img loading=\"lazy\" decoding=\"async\" class=\"alignnone wp-image-18559\" src=\"http:\/\/recettes-gourmandes-de-joce.fr\/wp-content\/uploads\/2020\/03\/Copie-de-P9070253-150x150.jpg\" alt=\"\" width=\"214\" height=\"160\" srcset=\"http:\/\/recettes-gourmandes-de-joce.fr\/wp-content\/uploads\/2020\/03\/Copie-de-P9070253-300x225.jpg 300w, http:\/\/recettes-gourmandes-de-joce.fr\/wp-content\/uploads\/2020\/03\/Copie-de-P9070253.jpg 550w\" sizes=\"auto, (max-width: 214px) 100vw, 214px\" \/> <img loading=\"lazy\" decoding=\"async\" class=\"alignnone wp-image-18561\" src=\"http:\/\/recettes-gourmandes-de-joce.fr\/wp-content\/uploads\/2020\/03\/Copie-de-P9070255-150x150.jpg\" alt=\"\" width=\"214\" height=\"160\" srcset=\"http:\/\/recettes-gourmandes-de-joce.fr\/wp-content\/uploads\/2020\/03\/Copie-de-P9070255-300x225.jpg 300w, http:\/\/recettes-gourmandes-de-joce.fr\/wp-content\/uploads\/2020\/03\/Copie-de-P9070255.jpg 550w\" sizes=\"auto, (max-width: 214px) 100vw, 214px\" \/><\/em><\/span><\/p>\n<p style=\"text-align: center;\"><span style=\"font-family: georgia, palatino, serif; color: #ff9900; font-size: 14pt;\"><em>Pour v\u00e9rifier la cuisson de votre confiture sortez votre <\/em><em>assiette et votre cuill\u00e8re du r\u00e9frig\u00e9rateur et versez une goutte <\/em><em>de confiture dans l&rsquo;assiette elle doit fig\u00e9e rapidement <\/em><em>et ne couler que sur un cm environ.<\/em><\/span><\/p>\n<p style=\"text-align: center;\"><span style=\"font-family: georgia, palatino, serif; color: #ff9900; font-size: 14pt;\"><em><em><img loading=\"lazy\" decoding=\"async\" class=\"alignnone wp-image-18562\" src=\"http:\/\/recettes-gourmandes-de-joce.fr\/wp-content\/uploads\/2020\/03\/Copie-de-P9070257-150x150.jpg\" alt=\"\" width=\"149\" height=\"160\" srcset=\"http:\/\/recettes-gourmandes-de-joce.fr\/wp-content\/uploads\/2020\/03\/Copie-de-P9070257-279x300.jpg 279w, http:\/\/recettes-gourmandes-de-joce.fr\/wp-content\/uploads\/2020\/03\/Copie-de-P9070257.jpg 410w\" sizes=\"auto, (max-width: 149px) 100vw, 149px\" \/><\/em><\/em><\/span><\/p>\n<p style=\"text-align: center;\"><span style=\"font-family: georgia, palatino, serif; color: #ff9900; font-size: 14pt;\"><em>Ecraser la confiture au presse pur\u00e9e si vous le d\u00e9sirez . Retourner vos pots et remplissez les \u00e0 l&rsquo;aide d&rsquo;un entonnoir <\/em><em>\u00e0 confiture ou d&rsquo;une petite louche \u00e0 cr\u00eape. <\/em><em>Essuyer les bords et fermez les imm\u00e9diatement. <\/em><em>Retournez les et laisser compl\u00e8tement refroidir. <\/em><\/span><\/p>\n<p style=\"text-align: center;\"><span style=\"font-family: georgia, palatino, serif; color: #ff9900; font-size: 14pt;\"><em>Lorsqu&rsquo;ils sont froids, \u00e9tiqueter les en inscrivant la date et le nom de la confiture.<\/em><\/span><\/p>\n<p><span style=\"color: #ff9900; font-size: 14pt; font-family: georgia, palatino, serif;\"><em><a style=\"color: #ff9900;\" title=\"titre de l'image\" href=\"http:\/\/jocelyne.debon.free.fr\/confitures-fraises\/confiture-fraises17.JPG\" rel=\"iframe\"><img decoding=\"async\" class=\"lazy-loaded aligncenter\" src=\"http:\/\/jocelyne.debon.free.fr\/confitures-fraises\/confiture-fraises17.JPG\" alt=\"\" width=\"230\" data-lazy-type=\"image\" data-src=\"http:\/\/jocelyne.debon.free.fr\/confitures-fraises\/confiture-fraises17.JPG\" \/><\/a><\/em><\/span><\/p>\n<p style=\"text-align: center;\"><span style=\"color: #ff9900; font-size: 14pt; font-family: georgia, palatino, serif;\"><em>Si vos \u00e9tiquettes ne sont pas adh\u00e9sives, pas besoin de colle un peu de lait fera l\u2019affaire, trempez-les l\u00e9g\u00e8rement dedans et appliquer sur le pot c\u2019est coll\u00e9.<\/em><\/span><\/p>\n<p style=\"text-align: center;\"><span style=\"font-family: georgia, palatino, serif; color: #ff9900; font-size: 14pt;\"><em>Bonne d\u00e9gustation!<\/em><\/span><\/p>\n<p style=\"text-align: center;\"><span style=\"color: #ff9900; font-size: 14pt; font-family: georgia, palatino, serif;\"><img loading=\"lazy\" decoding=\"async\" class=\"alignnone wp-image-18565\" src=\"http:\/\/recettes-gourmandes-de-joce.fr\/wp-content\/uploads\/2020\/03\/Copie-de-P9070287-001-150x150.jpg\" alt=\"\" width=\"135\" height=\"200\" srcset=\"http:\/\/recettes-gourmandes-de-joce.fr\/wp-content\/uploads\/2020\/03\/Copie-de-P9070287-001-202x300.jpg 202w, http:\/\/recettes-gourmandes-de-joce.fr\/wp-content\/uploads\/2020\/03\/Copie-de-P9070287-001.jpg 253w\" sizes=\"auto, (max-width: 135px) 100vw, 135px\" \/> <img loading=\"lazy\" decoding=\"async\" class=\"alignnone wp-image-18553\" src=\"http:\/\/recettes-gourmandes-de-joce.fr\/wp-content\/uploads\/2020\/03\/Copie-de-P9070283-150x150.jpg\" alt=\"\" width=\"241\" height=\"200\" srcset=\"http:\/\/recettes-gourmandes-de-joce.fr\/wp-content\/uploads\/2020\/03\/Copie-de-P9070283-300x249.jpg 300w, http:\/\/recettes-gourmandes-de-joce.fr\/wp-content\/uploads\/2020\/03\/Copie-de-P9070283.jpg 550w\" sizes=\"auto, (max-width: 241px) 100vw, 241px\" \/> <img loading=\"lazy\" decoding=\"async\" class=\"alignnone wp-image-18554\" src=\"http:\/\/recettes-gourmandes-de-joce.fr\/wp-content\/uploads\/2020\/03\/Copie-de-P9070287-150x150.jpg\" alt=\"\" width=\"150\" height=\"200\" srcset=\"http:\/\/recettes-gourmandes-de-joce.fr\/wp-content\/uploads\/2020\/03\/Copie-de-P9070287-225x300.jpg 225w, http:\/\/recettes-gourmandes-de-joce.fr\/wp-content\/uploads\/2020\/03\/Copie-de-P9070287.jpg 412w\" sizes=\"auto, (max-width: 150px) 100vw, 150px\" \/><\/span><\/p>\n<p style=\"text-align: center;\"><img decoding=\"async\" src=\"http:\/\/recettes-gourmandes-de-joce.fr\/wp-content\/uploads\/2019\/09\/logitech-gaming-software-14112014-121223.jpg\" \/><\/p>\n","protected":false},"excerpt":{"rendered":"<p>Ingr\u00e9dients pour\u00a03 pots de 300ml 750 g net de p\u00eaches (nettoy\u00e9es sans noyau) 600 g de confisuc\u00a0 M\u00e9thode avec du confisuc, si vous utilisez du sucre normal la cuisson est beaucoup plus longue. La veille Laver les p\u00eaches, ouvrez les et enlever le noyau et les \u00e9ventuelles parties abim\u00e9es. \u00a0Mettre une petite soucoupe et une &hellip; <\/p>\n<p><a class=\"more-link btn\" href=\"http:\/\/recettes-gourmandes-de-joce.fr\/index.php\/index\/conserves-paniers-gourmands\/confitures\/confiture-de-peches\/\">Lire la suite<\/a><\/p>\n","protected":false},"author":2,"featured_media":87654,"parent":270,"menu_order":0,"comment_status":"open","ping_status":"closed","template":"","meta":{"footnotes":""},"class_list":["post-18563","page","type-page","status-publish","has-post-thumbnail","hentry","nodate","item-wrap"],"_links":{"self":[{"href":"http:\/\/recettes-gourmandes-de-joce.fr\/index.php\/wp-json\/wp\/v2\/pages\/18563","targetHints":{"allow":["GET"]}}],"collection":[{"href":"http:\/\/recettes-gourmandes-de-joce.fr\/index.php\/wp-json\/wp\/v2\/pages"}],"about":[{"href":"http:\/\/recettes-gourmandes-de-joce.fr\/index.php\/wp-json\/wp\/v2\/types\/page"}],"author":[{"embeddable":true,"href":"http:\/\/recettes-gourmandes-de-joce.fr\/index.php\/wp-json\/wp\/v2\/users\/2"}],"replies":[{"embeddable":true,"href":"http:\/\/recettes-gourmandes-de-joce.fr\/index.php\/wp-json\/wp\/v2\/comments?post=18563"}],"version-history":[{"count":5,"href":"http:\/\/recettes-gourmandes-de-joce.fr\/index.php\/wp-json\/wp\/v2\/pages\/18563\/revisions"}],"predecessor-version":[{"id":87656,"href":"http:\/\/recettes-gourmandes-de-joce.fr\/index.php\/wp-json\/wp\/v2\/pages\/18563\/revisions\/87656"}],"up":[{"embeddable":true,"href":"http:\/\/recettes-gourmandes-de-joce.fr\/index.php\/wp-json\/wp\/v2\/pages\/270"}],"wp:featuredmedia":[{"embeddable":true,"href":"http:\/\/recettes-gourmandes-de-joce.fr\/index.php\/wp-json\/wp\/v2\/media\/87654"}],"wp:attachment":[{"href":"http:\/\/recettes-gourmandes-de-joce.fr\/index.php\/wp-json\/wp\/v2\/media?parent=18563"}],"curies":[{"name":"wp","href":"https:\/\/api.w.org\/{rel}","templated":true}]}}