{"id":15519,"date":"2020-01-14T18:16:19","date_gmt":"2020-01-14T18:16:19","guid":{"rendered":"http:\/\/recettes-gourmandes-de-joce.fr\/?page_id=15519"},"modified":"2024-07-04T12:01:33","modified_gmt":"2024-07-04T12:01:33","slug":"vinaigres-maison-et-aromatises","status":"publish","type":"page","link":"http:\/\/recettes-gourmandes-de-joce.fr\/index.php\/index\/sauces-assaisonnements\/marinades\/vinaigres-maison-et-aromatises\/","title":{"rendered":"Vinaigres maison et aromatis\u00e9s."},"content":{"rendered":"<p style=\"text-align: center;\"><span style=\"text-decoration: underline; color: #993366;\"><em><span style=\"font-family: georgia, palatino, serif; font-size: 18pt;\">Une de mes recettes<\/span><\/em><\/span><\/p>\n<p style=\"text-align: center;\"><span style=\"color: #993366;\"><em><span style=\"font-family: georgia, palatino, serif; font-size: 14pt;\"><img loading=\"lazy\" decoding=\"async\" class=\"alignnone wp-image-15516 size-medium\" src=\"http:\/\/recettes-gourmandes-de-joce.fr\/wp-content\/uploads\/2020\/01\/huiles_et_vinaigres_aromatises_003-225x300.jpg\" alt=\"\" width=\"225\" height=\"300\" srcset=\"http:\/\/recettes-gourmandes-de-joce.fr\/wp-content\/uploads\/2020\/01\/huiles_et_vinaigres_aromatises_003-225x300.jpg 225w, http:\/\/recettes-gourmandes-de-joce.fr\/wp-content\/uploads\/2020\/01\/huiles_et_vinaigres_aromatises_003.jpg 412w\" sizes=\"auto, (max-width: 225px) 100vw, 225px\" \/> <img loading=\"lazy\" decoding=\"async\" class=\"alignnone wp-image-15511 size-medium\" src=\"http:\/\/recettes-gourmandes-de-joce.fr\/wp-content\/uploads\/2020\/01\/vinaigre-de-vin-01-joce77-209x300.jpg\" alt=\"\" width=\"209\" height=\"300\" srcset=\"http:\/\/recettes-gourmandes-de-joce.fr\/wp-content\/uploads\/2020\/01\/vinaigre-de-vin-01-joce77-209x300.jpg 209w, http:\/\/recettes-gourmandes-de-joce.fr\/wp-content\/uploads\/2020\/01\/vinaigre-de-vin-01-joce77.jpg 445w\" sizes=\"auto, (max-width: 209px) 100vw, 209px\" \/><\/span><\/em><\/span><\/p>\n<p style=\"text-align: center;\"><span style=\"text-decoration: underline; color: #993366;\"><em><span style=\"font-family: georgia, palatino, serif; font-size: 18pt;\">Fabrication<\/span><\/em><\/span><\/p>\n<p style=\"text-align: center;\"><span style=\"color: #993366;\"><em><span style=\"font-family: georgia, palatino, serif; font-size: 14pt;\">Pour r\u00e9aliser votre propre vinaigre, il suffit de r\u00e9cup\u00e9rer ce que l&rsquo;on appelle un m\u00e8re \u00e0 vinaigre, un d\u00e9p\u00f4t \u00e9pais qui se forme au fond d&rsquo;une bouteille de vinaigre de vin du commerce.<\/span><\/em><\/span><\/p>\n<p style=\"text-align: center;\"><span style=\"color: #993366;\"><em><span style=\"font-family: georgia, palatino, serif; font-size: 14pt;\"><img loading=\"lazy\" decoding=\"async\" class=\"alignnone wp-image-15512\" src=\"http:\/\/recettes-gourmandes-de-joce.fr\/wp-content\/uploads\/2020\/01\/vinaigre-de-vin-01-joce77-001-150x150.jpg\" alt=\"\" width=\"302\" height=\"180\" srcset=\"http:\/\/recettes-gourmandes-de-joce.fr\/wp-content\/uploads\/2020\/01\/vinaigre-de-vin-01-joce77-001-300x179.jpg 300w, http:\/\/recettes-gourmandes-de-joce.fr\/wp-content\/uploads\/2020\/01\/vinaigre-de-vin-01-joce77-001.jpg 494w\" sizes=\"auto, (max-width: 302px) 100vw, 302px\" \/><\/span><\/em><\/span><\/p>\n<p style=\"text-align: center;\"><span style=\"color: #993366;\"><em><span style=\"font-family: georgia, palatino, serif; font-size: 14pt;\">Placer cette m\u00e8re dans un vinaigrier ou un pot en c\u00e9ramique mais \u00e0 l&rsquo;abris de la lumi\u00e8re et versez du vin doucement et laisser agir la m\u00e8re environ 3 semaines, remettre r\u00e9guli\u00e8rement du vin dans le vinaigrier mais par petites quantit\u00e9s. Il faudra ensuite de temps en temps enlever un peu de m\u00e8re \u00e0 vinaigre car elle se multiplie.<\/span><\/em><\/span><\/p>\n<p style=\"text-align: center;\"><span style=\"color: #993366;\"><em><span style=\"font-family: georgia, palatino, serif; font-size: 14pt;\"><img loading=\"lazy\" decoding=\"async\" class=\"alignnone wp-image-15513\" src=\"http:\/\/recettes-gourmandes-de-joce.fr\/wp-content\/uploads\/2020\/01\/vinaigrier-01-joce77-150x150.jpg\" alt=\"\" width=\"240\" height=\"180\" srcset=\"http:\/\/recettes-gourmandes-de-joce.fr\/wp-content\/uploads\/2020\/01\/vinaigrier-01-joce77-300x225.jpg 300w, http:\/\/recettes-gourmandes-de-joce.fr\/wp-content\/uploads\/2020\/01\/vinaigrier-01-joce77.jpg 640w\" sizes=\"auto, (max-width: 240px) 100vw, 240px\" \/><\/span><\/em><\/span><\/p>\n<p style=\"text-align: center;\"><span style=\"color: #993366;\"><em><span style=\"font-family: georgia, palatino, serif; font-size: 14pt;\"><span style=\"text-decoration: underline;\"> IMPORTANT:<\/span> Pas du vin de mauvaise qualit\u00e9 type villageoise, n&rsquo;oubliez pas un mauvais vin fera un mauvais vinaigre comme il fera un mauvais plat (trop de personne pense que parce qu&rsquo;il cuit pas besoin de mettre du bon vin! Sans se ruiner un vin dans les 2\u20ac suffit mais \u00e0 bannir le vin en bouteille plastique ou cubi)<\/span><\/em><\/span><\/p>\n<p style=\"text-align: center;\"><span style=\"text-decoration: underline; color: #993366; font-size: 18pt;\"><em><span style=\"font-family: georgia, palatino, serif;\">Pour le vinaigre aromatis\u00e9<\/span><\/em><\/span><\/p>\n<p style=\"text-align: center;\"><span style=\"color: #993366;\"><em><span style=\"font-family: georgia, palatino, serif; font-size: 14pt;\">Remplir les flacons de vinaigre.<\/span><\/em><\/span><\/p>\n<p style=\"text-align: center;\"><span style=\"color: #993366;\"><em><span style=\"font-family: georgia, palatino, serif; font-size: 14pt;\"> Dans le premier, ajouter deux \u00e9chalotes pel\u00e9es et coup\u00e9es en morceaux, fermer et \u00e9tiqueter. <\/span><\/em><\/span><\/p>\n<p style=\"text-align: center;\"><span style=\"color: #993366;\"><em><span style=\"font-family: georgia, palatino, serif; font-size: 14pt;\">Dans le deuxi\u00e8me ajouter des branches d&rsquo;estragon lav\u00e9es et s\u00e9ch\u00e9es, fermer et \u00e9tiqueter<\/span><\/em><\/span><\/p>\n<p style=\"text-align: center;\"><span style=\"color: #993366;\"><em><span style=\"font-family: georgia, palatino, serif; font-size: 14pt;\">\u00a0Les vinaigres aromatis\u00e9s seront conserv\u00e9s au r\u00e9frig\u00e9rateur ou dans une cave pour une meilleur conservation.<\/span><\/em><\/span><\/p>\n<p style=\"text-align: center;\"><span style=\"color: #993366;\"><em><span style=\"font-family: georgia, palatino, serif; font-size: 14pt;\">Laisser libre court \u00e0 vos go\u00fbts pour cr\u00e9er de nouvelles saveurs!<\/span><\/em><\/span><\/p>\n<p style=\"text-align: center;\"><img loading=\"lazy\" decoding=\"async\" class=\"alignnone wp-image-15520\" src=\"http:\/\/recettes-gourmandes-de-joce.fr\/wp-content\/uploads\/2020\/01\/photos-nouveau-site2-300x178.jpg\" alt=\"\" width=\"421\" height=\"250\" srcset=\"http:\/\/recettes-gourmandes-de-joce.fr\/wp-content\/uploads\/2020\/01\/photos-nouveau-site2-300x178.jpg 300w, http:\/\/recettes-gourmandes-de-joce.fr\/wp-content\/uploads\/2020\/01\/photos-nouveau-site2.jpg 640w\" sizes=\"auto, (max-width: 421px) 100vw, 421px\" \/><\/p>\n<p style=\"text-align: center;\"><img loading=\"lazy\" decoding=\"async\" class=\"alignnone size-full wp-image-59803\" src=\"http:\/\/recettes-gourmandes-de-joce.fr\/wp-content\/uploads\/2024\/01\/logitech-gaming-software-14112014-121223.jpg\" alt=\"\" width=\"640\" height=\"144\" \/><\/p>\n<p style=\"text-align: center;\">\n","protected":false},"excerpt":{"rendered":"<p>Une de mes recettes Fabrication Pour r\u00e9aliser votre propre vinaigre, il suffit de r\u00e9cup\u00e9rer ce que l&rsquo;on appelle un m\u00e8re \u00e0 vinaigre, un d\u00e9p\u00f4t \u00e9pais qui se forme au fond d&rsquo;une bouteille de vinaigre de vin du commerce. Placer cette m\u00e8re dans un vinaigrier ou un pot en c\u00e9ramique mais \u00e0 l&rsquo;abris de la lumi\u00e8re &hellip; <\/p>\n<p><a class=\"more-link btn\" href=\"http:\/\/recettes-gourmandes-de-joce.fr\/index.php\/index\/sauces-assaisonnements\/marinades\/vinaigres-maison-et-aromatises\/\">Lire la suite<\/a><\/p>\n","protected":false},"author":2,"featured_media":86631,"parent":219,"menu_order":0,"comment_status":"open","ping_status":"closed","template":"","meta":{"footnotes":""},"class_list":["post-15519","page","type-page","status-publish","has-post-thumbnail","hentry","nodate","item-wrap"],"_links":{"self":[{"href":"http:\/\/recettes-gourmandes-de-joce.fr\/index.php\/wp-json\/wp\/v2\/pages\/15519","targetHints":{"allow":["GET"]}}],"collection":[{"href":"http:\/\/recettes-gourmandes-de-joce.fr\/index.php\/wp-json\/wp\/v2\/pages"}],"about":[{"href":"http:\/\/recettes-gourmandes-de-joce.fr\/index.php\/wp-json\/wp\/v2\/types\/page"}],"author":[{"embeddable":true,"href":"http:\/\/recettes-gourmandes-de-joce.fr\/index.php\/wp-json\/wp\/v2\/users\/2"}],"replies":[{"embeddable":true,"href":"http:\/\/recettes-gourmandes-de-joce.fr\/index.php\/wp-json\/wp\/v2\/comments?post=15519"}],"version-history":[{"count":5,"href":"http:\/\/recettes-gourmandes-de-joce.fr\/index.php\/wp-json\/wp\/v2\/pages\/15519\/revisions"}],"predecessor-version":[{"id":86632,"href":"http:\/\/recettes-gourmandes-de-joce.fr\/index.php\/wp-json\/wp\/v2\/pages\/15519\/revisions\/86632"}],"up":[{"embeddable":true,"href":"http:\/\/recettes-gourmandes-de-joce.fr\/index.php\/wp-json\/wp\/v2\/pages\/219"}],"wp:featuredmedia":[{"embeddable":true,"href":"http:\/\/recettes-gourmandes-de-joce.fr\/index.php\/wp-json\/wp\/v2\/media\/86631"}],"wp:attachment":[{"href":"http:\/\/recettes-gourmandes-de-joce.fr\/index.php\/wp-json\/wp\/v2\/media?parent=15519"}],"curies":[{"name":"wp","href":"https:\/\/api.w.org\/{rel}","templated":true}]}}