{"id":14455,"date":"2020-01-02T14:08:01","date_gmt":"2020-01-02T14:08:01","guid":{"rendered":"http:\/\/recettes-gourmandes-de-joce.fr\/?page_id=14455"},"modified":"2024-06-20T17:44:26","modified_gmt":"2024-06-20T17:44:26","slug":"brochettes-de-coeurs-de-canards-et-courgettes-poelees","status":"publish","type":"page","link":"http:\/\/recettes-gourmandes-de-joce.fr\/index.php\/index\/viandes\/abats-charcuterie\/brochettes-de-coeurs-de-canards-et-courgettes-poelees\/","title":{"rendered":"Brochettes de coeurs de canards et courgettes po\u00eal\u00e9es."},"content":{"rendered":"<p style=\"text-align: center;\"><span style=\"text-decoration: underline; color: #993300;\"><span style=\"font-family: georgia, palatino, serif; font-size: 18pt;\"><em>Une de mes recettes<\/em><\/span><\/span><\/p>\n<p style=\"text-align: center;\"><img loading=\"lazy\" decoding=\"async\" class=\"alignnone wp-image-84474\" src=\"http:\/\/recettes-gourmandes-de-joce.fr\/wp-content\/uploads\/2024\/06\/brochettes_de_coeur_de_canard_aux_courgettes_-1.jpg\" alt=\"\" width=\"278\" height=\"180\" \/>\u00a0<img loading=\"lazy\" decoding=\"async\" class=\"alignnone wp-image-84471\" src=\"http:\/\/recettes-gourmandes-de-joce.fr\/wp-content\/uploads\/2024\/06\/brochettes_de_coeur_de_canard_aux_courgettes_17.jpg\" alt=\"\" width=\"218\" height=\"180\" \/><img loading=\"lazy\" decoding=\"async\" class=\"alignnone wp-image-84463\" src=\"http:\/\/recettes-gourmandes-de-joce.fr\/wp-content\/uploads\/2024\/06\/brochettes_de_coeur_de_canard_aux_courgettes_8.jpg\" alt=\"\" width=\"289\" height=\"180\" \/><\/p>\n<p style=\"text-align: center;\"><span style=\"text-decoration: underline; color: #993300;\"><span style=\"font-family: georgia, palatino, serif; font-size: 18pt;\"><em>Pour 8 petites brochettes ou 4 grandes<\/em><\/span><\/span><\/p>\n<p style=\"text-align: center;\"><img loading=\"lazy\" decoding=\"async\" class=\"alignnone wp-image-84472\" src=\"http:\/\/recettes-gourmandes-de-joce.fr\/wp-content\/uploads\/2024\/06\/brochettes_de_coeur_de_canard_aux_courgettes_.jpg\" alt=\"\" width=\"178\" height=\"200\" \/><\/p>\n<p style=\"text-align: center;\"><span style=\"font-family: georgia, palatino, serif; font-size: 14pt; color: #993300;\"><em>16 c\u0153urs de canards<\/em><\/span><\/p>\n<p style=\"text-align: center;\"><span style=\"font-family: georgia, palatino, serif; font-size: 14pt; color: #993300;\"><em>1 belle tomate<\/em><\/span><\/p>\n<p style=\"text-align: center;\"><span style=\"font-family: georgia, palatino, serif; font-size: 14pt; color: #993300;\"><em>1 petite courgette<\/em><\/span><\/p>\n<p style=\"text-align: center;\"><span style=\"font-family: georgia, palatino, serif; font-size: 14pt; color: #993300;\"><em>1 oignon<\/em><\/span><\/p>\n<p style=\"text-align: center;\"><span style=\"font-family: georgia, palatino, serif; font-size: 14pt; color: #993300;\"><em>1 c \u00e0 s d\u2019herbes de Provence<\/em><\/span><\/p>\n<p style=\"text-align: center;\"><span style=\"font-family: georgia, palatino, serif; font-size: 14pt; color: #993300;\"><em>Sel et poivre<\/em><\/span><\/p>\n<p style=\"text-align: center;\"><span style=\"font-family: georgia, palatino, serif; font-size: 14pt; color: #993300;\"><em>Huile d\u2019olive<\/em><\/span><\/p>\n<p style=\"text-align: center;\"><strong><span style=\"text-decoration: underline; color: #993300;\"><span style=\"font-family: georgia, palatino, serif; font-size: 14pt;\"><em>Pour la garniture aux courgettes<\/em><\/span><\/span><\/strong><\/p>\n<p style=\"text-align: center;\"><span style=\"font-family: georgia, palatino, serif; font-size: 14pt; color: #993300;\"><em>2 courgettes<\/em><\/span><\/p>\n<p style=\"text-align: center;\"><span style=\"font-family: georgia, palatino, serif; font-size: 14pt; color: #993300;\"><em>1 tomate<\/em><\/span><\/p>\n<p style=\"text-align: center;\"><span style=\"font-family: georgia, palatino, serif; font-size: 14pt; color: #993300;\"><em>1 oignon<\/em><\/span><\/p>\n<p style=\"text-align: center;\"><span style=\"font-family: georgia, palatino, serif; font-size: 14pt; color: #993300;\"><em>1 c \u00e0 c de piment d\u2019Espelette<\/em><\/span><\/p>\n<p style=\"text-align: center;\"><span style=\"font-family: georgia, palatino, serif; font-size: 14pt; color: #993300;\"><em>1 c \u00e0 s d\u2019herbes de Provence<\/em><\/span><\/p>\n<p style=\"text-align: center;\"><span style=\"font-family: georgia, palatino, serif; font-size: 14pt; color: #993300;\"><em>Sel et poivre<\/em><\/span><\/p>\n<p style=\"text-align: center;\"><span style=\"font-family: georgia, palatino, serif; font-size: 14pt; color: #993300;\"><em>Huile d\u2019olive<\/em><\/span><\/p>\n<p style=\"text-align: center;\"><span style=\"font-family: georgia, palatino, serif; font-size: 14pt; color: #993300;\"><em>8 piques \u00e0 brochette en bois<\/em><\/span><\/p>\n<p style=\"text-align: center;\"><span style=\"font-family: georgia, palatino, serif; font-size: 14pt; color: #993300;\"><em>Vous pouvez cuire ces brochettes \u00e9galement au barbecue ou\u00a0<\/em><em>\u00e0 la plancha.<\/em><\/span><\/p>\n<p style=\"text-align: center;\"><img loading=\"lazy\" decoding=\"async\" class=\"alignnone wp-image-84460\" src=\"http:\/\/recettes-gourmandes-de-joce.fr\/wp-content\/uploads\/2024\/06\/brochettes_de_coeur_de_canard_aux_courgettes_4.jpg\" alt=\"\" width=\"229\" height=\"180\" \/>\u00a0<img loading=\"lazy\" decoding=\"async\" class=\"alignnone wp-image-84475\" src=\"http:\/\/recettes-gourmandes-de-joce.fr\/wp-content\/uploads\/2024\/06\/brochettes_de_coeur_de_canard_aux_courgettes_2.jpg\" alt=\"\" width=\"152\" height=\"180\" \/> <img loading=\"lazy\" decoding=\"async\" class=\"alignnone wp-image-84477\" src=\"http:\/\/recettes-gourmandes-de-joce.fr\/wp-content\/uploads\/2024\/06\/brochettes_de_coeur_de_canard_aux_courgettes_3.jpg\" alt=\"\" width=\"159\" height=\"180\" \/><\/p>\n<p style=\"text-align: center;\"><span style=\"font-family: georgia, palatino, serif; font-size: 14pt; color: #993300;\"><em>Couper la tomate, la courgette et l\u2019oignon en 8,\u00a0<\/em><em>sur chaque pique \u00e0 brochette, mettre un morceau\u00a0<\/em><em>de courgette, un c\u0153ur de canard, un morceau de\u00a0<\/em><em>tomate, un c\u0153ur et un morceau d\u2019oignon.\u00a0<\/em><em>Saler et poivrer les brochettes sur chaque face et saupoudrer\u00a0<\/em><em>des herbes de Provence, ajouter un filet d\u2019huile d\u2019olive.<\/em><\/span><\/p>\n<p style=\"text-align: center;\"><img loading=\"lazy\" decoding=\"async\" class=\"alignnone wp-image-84476\" src=\"http:\/\/recettes-gourmandes-de-joce.fr\/wp-content\/uploads\/2024\/06\/brochettes_de_coeur_de_canard_aux_courgettes_-2.jpg\" alt=\"\" width=\"232\" height=\"170\" \/> <img loading=\"lazy\" decoding=\"async\" class=\"alignnone wp-image-84461\" src=\"http:\/\/recettes-gourmandes-de-joce.fr\/wp-content\/uploads\/2024\/06\/brochettes_de_coeur_de_canard_aux_courgettes_6.jpg\" alt=\"\" width=\"232\" height=\"170\" \/>\u00a0<img loading=\"lazy\" decoding=\"async\" class=\"alignnone wp-image-84462\" src=\"http:\/\/recettes-gourmandes-de-joce.fr\/wp-content\/uploads\/2024\/06\/brochettes_de_coeur_de_canard_aux_courgettes_7.jpg\" alt=\"\" width=\"232\" height=\"170\" \/><\/p>\n<p style=\"text-align: center;\"><span style=\"font-family: georgia, palatino, serif; font-size: 14pt; color: #993300;\"><em>\u00a0\u00a0<\/em><em>Dans un po\u00eale, mettre un filet d\u2019huile d\u2019olive \u00e0 chauffer\u00a0<\/em><em>y mettre ensuite les brochettes \u00e0 dorer<\/em><em>. Pendant ce temps pr\u00e9parer les courgettes pour la garniture.\u00a0<\/em><em>Couper les courgettes, la tomate et l\u2019oignon en petits\u00a0<\/em><em>morceaux.<\/em><\/span><\/p>\n<p style=\"text-align: center;\"><img loading=\"lazy\" decoding=\"async\" class=\"alignnone wp-image-84463\" src=\"http:\/\/recettes-gourmandes-de-joce.fr\/wp-content\/uploads\/2024\/06\/brochettes_de_coeur_de_canard_aux_courgettes_8.jpg\" alt=\"\" width=\"273\" height=\"170\" \/> <img loading=\"lazy\" decoding=\"async\" class=\"alignnone wp-image-84473\" src=\"http:\/\/recettes-gourmandes-de-joce.fr\/wp-content\/uploads\/2024\/06\/brochettes_de_coeur_de_canard_aux_courgettes_1.jpg\" alt=\"\" width=\"176\" height=\"170\" \/> <img loading=\"lazy\" decoding=\"async\" class=\"alignnone wp-image-84464\" src=\"http:\/\/recettes-gourmandes-de-joce.fr\/wp-content\/uploads\/2024\/06\/brochettes_de_coeur_de_canard_aux_courgettes_9.jpg\" alt=\"\" width=\"241\" height=\"170\" \/><\/p>\n<p style=\"text-align: center;\"><span style=\"font-family: georgia, palatino, serif; font-size: 14pt; color: #993300;\"><em>Lorsque les brochettes sont cuites (le c\u0153ur\u00a0se mange saignant\u00a0<\/em><em>mais vous pouvez selon les go\u00fbts le cuire \u00e0 point)\u00a0<\/em><em>les r\u00e9server au chaud.\u00a0<\/em><em>Mettre les oignons \u00e0 dorer dans un filet d\u2019huile d\u2019olive dans le wok.<\/em><\/span><\/p>\n<p style=\"text-align: center;\"><img loading=\"lazy\" decoding=\"async\" class=\"alignnone wp-image-84465\" src=\"http:\/\/recettes-gourmandes-de-joce.fr\/wp-content\/uploads\/2024\/06\/brochettes_de_coeur_de_canard_aux_courgettes_10.jpg\" alt=\"\" width=\"241\" height=\"170\" \/> <img loading=\"lazy\" decoding=\"async\" class=\"alignnone wp-image-84466\" src=\"http:\/\/recettes-gourmandes-de-joce.fr\/wp-content\/uploads\/2024\/06\/brochettes_de_coeur_de_canard_aux_courgettes_11.jpg\" alt=\"\" width=\"233\" height=\"170\" \/> <img loading=\"lazy\" decoding=\"async\" class=\"alignnone wp-image-84467\" src=\"http:\/\/recettes-gourmandes-de-joce.fr\/wp-content\/uploads\/2024\/06\/brochettes_de_coeur_de_canard_aux_courgettes_12.jpg\" alt=\"\" width=\"246\" height=\"170\" \/><\/p>\n<p style=\"text-align: center;\"><span style=\"font-family: georgia, palatino, serif; font-size: 14pt; color: #993300;\"><em>Lorsqu\u2019ils sont dor\u00e9s ajouter les d\u00e9s de tomate. <\/em><em>Ajouter ensuite les courgettes, faite suer quelques minutes. <\/em><em>Saler\u00a0<\/em><em>et poivrer, ajouter les herbes de Provence.\u00a0<\/em><\/span><\/p>\n<p style=\"text-align: center;\"><img loading=\"lazy\" decoding=\"async\" class=\"alignnone wp-image-84468\" src=\"http:\/\/recettes-gourmandes-de-joce.fr\/wp-content\/uploads\/2024\/06\/brochettes_de_coeur_de_canard_aux_courgettes_13.jpg\" alt=\"\" width=\"237\" height=\"170\" \/> <img loading=\"lazy\" decoding=\"async\" class=\"alignnone wp-image-84469\" src=\"http:\/\/recettes-gourmandes-de-joce.fr\/wp-content\/uploads\/2024\/06\/brochettes_de_coeur_de_canard_aux_courgettes_14.jpg\" alt=\"\" width=\"242\" height=\"170\" \/><\/p>\n<p style=\"text-align: center;\"><span style=\"font-family: georgia, palatino, serif; font-size: 14pt; color: #993300;\"><em>Ajouter ensuite le piment d\u2019Espelette remuer. <\/em><em>Ajouter\u00a0<\/em><em>un demi verre d\u2019eau.\u00a0<\/em><em>Laisser mijoter en remuant de temps en temps 25 minutes.\u00a0<\/em><em>Servir les brochettes accompagn\u00e9es des courgettes et\u00a0<\/em><em>d\u2019un peu de riz si vous voulez.<\/em><\/span><\/p>\n<p style=\"text-align: center;\"><span style=\"font-family: georgia, palatino, serif; font-size: 14pt; color: #993300;\"><em>Bon app\u00e9tit!<\/em><\/span><\/p>\n<p style=\"text-align: center;\"><img loading=\"lazy\" decoding=\"async\" class=\"alignnone wp-image-84463\" src=\"http:\/\/recettes-gourmandes-de-joce.fr\/wp-content\/uploads\/2024\/06\/brochettes_de_coeur_de_canard_aux_courgettes_8.jpg\" alt=\"\" width=\"289\" height=\"180\" \/><\/p>\n<p style=\"text-align: center;\"><img loading=\"lazy\" decoding=\"async\" class=\"alignnone wp-image-84471\" src=\"http:\/\/recettes-gourmandes-de-joce.fr\/wp-content\/uploads\/2024\/06\/brochettes_de_coeur_de_canard_aux_courgettes_17.jpg\" alt=\"\" width=\"218\" height=\"180\" \/> \u00a0<img loading=\"lazy\" decoding=\"async\" class=\"alignnone wp-image-84474\" src=\"http:\/\/recettes-gourmandes-de-joce.fr\/wp-content\/uploads\/2024\/06\/brochettes_de_coeur_de_canard_aux_courgettes_-1.jpg\" alt=\"\" width=\"278\" height=\"180\" \/><\/p>\n<h3 style=\"text-align: left;\"><span style=\"font-family: georgia, palatino, serif; font-size: 14pt; color: #000000;\">Commentaires\u00a0<small>(1)<\/small><\/span><\/h3>\n<div class=\"items-container\">\n<div class=\"item item-comment media\">\n<div class=\"pull-left\" style=\"text-align: left;\"><span style=\"font-family: georgia, palatino, serif; font-size: 14pt; color: #000000;\"><img decoding=\"async\" class=\"media-object lazy-loaded\" src=\"https:\/\/www.gravatar.com\/avatar\/e7a3bf9e874b88ba0e0813baa7304eaa?d=http%3A%2F%2Frecettesgourmandesdejoce.e-monsite.com%2Fmedias%2Fstatic%2Fmanager%2Fim%2Favatar.png?s=50&amp;d=mm\" alt=\"MAMIE JAJA\" width=\"50\" data-lazy-type=\"image\" data-src=\"https:\/\/www.gravatar.com\/avatar\/e7a3bf9e874b88ba0e0813baa7304eaa?d=http%3A%2F%2Frecettesgourmandesdejoce.e-monsite.com%2Fmedias%2Fstatic%2Fmanager%2Fim%2Favatar.png?s=50&amp;d=mm\" \/><\/span><\/div>\n<div class=\"media-body\">\n<ul class=\"inline item-infos\" style=\"text-align: left;\">\n<li><span style=\"font-family: georgia, palatino, serif; font-size: 14pt; color: #000000;\"><span class=\"comment-number\">1.<\/span>\u00a0<span class=\"comment-author\"><strong>MAMIE JAJA<\/strong><\/span>\u00a0<span class=\"comment-date\">| 02\/06\/2011<\/span><\/span><\/li>\n<\/ul>\n<div class=\"comment-content\" style=\"text-align: left;\"><span style=\"font-family: georgia, palatino, serif; font-size: 14pt; color: #000000;\">Tr\u00e8s bonne recette, je vais faire les brochettes au barbecue la prochaine fois et tr\u00e8s bonne id\u00e9e les courgettes pour l\u2019accompagnement.<\/span><br \/>\n<span style=\"font-family: georgia, palatino, serif; font-size: 14pt; color: #000000;\">Merci encore<\/span><br \/>\n<span style=\"font-family: georgia, palatino, serif; font-size: 14pt; color: #000000;\">bisous<\/span><br \/>\n<span style=\"font-family: georgia, palatino, serif; font-size: 14pt; color: #000000;\">MAMIE JAJA<\/span><\/div>\n<\/div>\n<\/div>\n<\/div>\n","protected":false},"excerpt":{"rendered":"<p>Une de mes recettes \u00a0 Pour 8 petites brochettes ou 4 grandes 16 c\u0153urs de canards 1 belle tomate 1 petite courgette 1 oignon 1 c \u00e0 s d\u2019herbes de Provence Sel et poivre Huile d\u2019olive Pour la garniture aux courgettes 2 courgettes 1 tomate 1 oignon 1 c \u00e0 c de piment d\u2019Espelette 1 &hellip; <\/p>\n<p><a class=\"more-link btn\" href=\"http:\/\/recettes-gourmandes-de-joce.fr\/index.php\/index\/viandes\/abats-charcuterie\/brochettes-de-coeurs-de-canards-et-courgettes-poelees\/\">Lire la suite<\/a><\/p>\n","protected":false},"author":2,"featured_media":84479,"parent":136,"menu_order":0,"comment_status":"open","ping_status":"closed","template":"","meta":{"footnotes":""},"class_list":["post-14455","page","type-page","status-publish","has-post-thumbnail","hentry","nodate","item-wrap"],"_links":{"self":[{"href":"http:\/\/recettes-gourmandes-de-joce.fr\/index.php\/wp-json\/wp\/v2\/pages\/14455","targetHints":{"allow":["GET"]}}],"collection":[{"href":"http:\/\/recettes-gourmandes-de-joce.fr\/index.php\/wp-json\/wp\/v2\/pages"}],"about":[{"href":"http:\/\/recettes-gourmandes-de-joce.fr\/index.php\/wp-json\/wp\/v2\/types\/page"}],"author":[{"embeddable":true,"href":"http:\/\/recettes-gourmandes-de-joce.fr\/index.php\/wp-json\/wp\/v2\/users\/2"}],"replies":[{"embeddable":true,"href":"http:\/\/recettes-gourmandes-de-joce.fr\/index.php\/wp-json\/wp\/v2\/comments?post=14455"}],"version-history":[{"count":8,"href":"http:\/\/recettes-gourmandes-de-joce.fr\/index.php\/wp-json\/wp\/v2\/pages\/14455\/revisions"}],"predecessor-version":[{"id":84478,"href":"http:\/\/recettes-gourmandes-de-joce.fr\/index.php\/wp-json\/wp\/v2\/pages\/14455\/revisions\/84478"}],"up":[{"embeddable":true,"href":"http:\/\/recettes-gourmandes-de-joce.fr\/index.php\/wp-json\/wp\/v2\/pages\/136"}],"wp:featuredmedia":[{"embeddable":true,"href":"http:\/\/recettes-gourmandes-de-joce.fr\/index.php\/wp-json\/wp\/v2\/media\/84479"}],"wp:attachment":[{"href":"http:\/\/recettes-gourmandes-de-joce.fr\/index.php\/wp-json\/wp\/v2\/media?parent=14455"}],"curies":[{"name":"wp","href":"https:\/\/api.w.org\/{rel}","templated":true}]}}