{"id":11651,"date":"2019-12-04T01:29:58","date_gmt":"2019-12-04T01:29:58","guid":{"rendered":"http:\/\/recettes-gourmandes-de-joce.fr\/?page_id=11651"},"modified":"2023-08-27T13:07:43","modified_gmt":"2023-08-27T13:07:43","slug":"durcir-des-biscuits-ramollis","status":"publish","type":"page","link":"http:\/\/recettes-gourmandes-de-joce.fr\/index.php\/index-divers\/trucs-et-astuces\/durcir-des-biscuits-ramollis\/","title":{"rendered":"Durcir des biscuits ramollis."},"content":{"rendered":"<p style=\"text-align: center;\"><span style=\"font-family: georgia,serif;\"><span style=\"text-decoration: underline; color: #ff6600;\"><span style=\"font-size: x-large;\"><em><strong>Durcir des biscuits ramollis<\/strong><\/em><\/span><\/span><\/span><\/p>\n<p style=\"text-align: center;\"><span style=\"font-family: georgia,serif;\"><span style=\"color: #ff6600; font-size: large;\"><em><strong><\/strong><\/em><\/span><img decoding=\"async\" src=\"data:image\/jpeg;base64,\/9j\/4AAQSkZJRgABAQAAAQABAAD\/2wCEAAkGBxMTEhUTExMWFhUXGR0aGRgYFxgYFxobHx0dHhgaGxoYIigiGRolHR0YIjEhJSkrLi4wGCAzODMtNygtLisBCgoKDg0OGxAQGzAmHyYtLy8vLy0tLS0tLS0tLS0tLS8tLS0tLS0tLS0tLS0tLy0tLS0vLS0tLS0tLS0tLS0tLf\/AABEIARgAtAMBIgACEQEDEQH\/xAAcAAACAwEBAQEAAAAAAAAAAAAABAMFBgIBBwj\/xAA8EAABAgQEAwYEBQQBBAMAAAABAhEAAyExBAUSQVFhgQYTInGR8DKhscFCctHh8RQjUmIzFlOCsgdDkv\/EABkBAAIDAQAAAAAAAAAAAAAAAAIDAAEEBf\/EACkRAAICAgICAQQCAgMAAAAAAAABAhEDIRIxBEEiEzJRYRSRobEzgfD\/2gAMAwEAAhEDEQA\/APuMEEEQgQQQRCBBBFbMzuU7IJmKqGljVUXD2HrEsg\/OmhKSpRZIDk8BFRh8aueCpB7tIUzMNZFK1LChJ6tcNEePxE6dJITJASqh1KdRTuwS7HqbGIspwykpqH2cUtRq14F\/kIW5bCosk5akBguZzJmzCeh1cH+UczcnlKovWoO4eYs\/Ux4mW34FDrfhv5x54hQBab3UG+cXf6Kogk9nJSWJqRUEua7KLm+\/B3iWRkMhI092lnJr9ntQQ2jFhg5ryc3tXyjpGKBIG52q\/wBIvRNiRyeSkJCZaQQXBYO7veE05XKFO7TYh2qzMedni9mCkKhIFzFMtFVOyuVYS0gvsB6RBLTMlVlKPhdkEkpNT4SCaPS0PYieAWF+VTEKJalhyGape7C9PdIDbLL\/AAs7WhKwGCkhTeYeJYSyUD+nlM7aEmt6gGHYagAgggiyBBBBEIEEEEQgQQQRCBBBBEIVPaJatCQCQlSglZF9Jeg3DlhTjDGFMpIAQyUiyaACJ8bhEzUFCrHhcHYjmDFFh8UslSZg8aBpVTcbjkQxsLwEnxdhJWXMyeniK\/OEP68BRCQ5pvu5t6w7hwlSbex9IrczksQtqChrQvb5\/aKd9kQyZilCvRnf3v0jiZLBdy\/F6xxKm0g1VeKsss5EsafMVHu0CQCpqOPWr9do9SWTCcpfjUQW9DwfyP6Qdgj01VHiqwizOKiaAKUBVuIFvrDE5SggsQQxAFvnaKWTNqCH5\/V\/fCAky0X0rCoR8KR6B48xCgAWZ+EIS8Qs7g+d\/lEjLU4o97lolkPMNKWj\/iVa6CToPl\/ib2a9Xi2wuJTMDpILFjyO4PP9Yr5EiaN0\/Pr+0dZEFETJigRqWwBIskAbUvqruG5QUW+iMtIIIIMEIIIIhAgggiECCCCIQIIIIhAilz+RpacH0ikwDdOyrfhLHyeLqOVpBBBAINCDUEbgxTVlp0U+Wz2JSdwPJ+sNZgk6SB53ZtyYqDIMqcUGoqoc0k\/Yltuu1zKmBSX34VOzfaFxeqYTKfDLpS8SoPvrEKUlKlIsxLU2uLQwE\/pFELKf8Fug+3WKaaLE8T58vpFrifhDnccopcyxemVqZSmGph9niTddlJWOyZZ0k61BzxLfPeKpbd4wqwDO5q3HZuDQ7hMYqYgLSU90B4SHclvEGbZTjpEKZACxtqZTfQhrbQp5E+kHxrsbwyKRZ4RLB+MIBJA8Pze3v6RLgZiwTqmBaW4FJFPRoKORXRTjoYx0wnShBZSyzi6Q1VdBx3Ih2VLCUhIsAwjMJw2ImBeIlzNCmI0kBTgVABV8Fo7k9pirCyJpGhU2b3dtQBClBVL10lvMRUfIjttPq1+1\/wC\/Jbxv0aeCFsTiwhSEs5UW\/eJVTkgsTX36Ro5K6F0ySCCCCKCCCCIQIIIIhAgggiECCCCIQQzjL+9SNJAWkukl+oLGxFPntCOXz7Vo5B2qDUF+b+kXsUWeyjLPfJ+E\/wDJdw3wqHAbG3GFTVfIJO9EuYymUFcaen7QijMJfeGXrSFBqOHfg3p6w3PnhUpzUp33ewtxBMUBSiVq7xIVJmKckiqFKb5PV9or2WjUYwgy3BumhvcUMUUplMnkA16RPh5ywFy3JAS8tY\/EkilT+IHnEOVjUpPKtTRmrT09Ij2yl0UOIliRNmSypSEhIVLSFnTWhJHMglhGjweM1pSlwopfUoGg4B9\/2it7bTpae7K2SoksVEAaU33q9x9oykztdreVIJlgOHoF8iBsDxI3jFGH0m1qv8mi\/qUvZuMVnMuQB3swAksXUHA4sS5D8HiqzDtvIdAAUUlQExkN4Nme+r5AnePm+fYz+4laS5surktYqUbkufQRVYjNRqDIIvexSdj1i7bqg1CKbU+z7RL7W4RRXLC5qBunRqcb6SkmkWONylE3DSDhNJTLmCahLsF3cFWxJJJfePg2Hx8wHWotp3Dh\/TztH1D\/AOIe0RWubhlzNQPjlUNKDvE+pB89XGGY0n8ZewJxcdx9f6NrhET14hK5yNACTpShboTsQssNajcUYR5iMwAKlg0DJXLJZXA0+4i2xeJRKQqZMUEoSHKjYCMX217Q4dCUmSiVMmzEgpm6Uq0hnSQoiquHCDyx4R093exUZW9o28geEM9t7x3HxVPaydqlCZNP9nxfGtSibly7kudNSBpDWMbDsBnuIxM+cZq0hBDplE\/3AQWdI\/wYgHm3Fy2GVPSQDRuoIIIcCEEEEQgQQQRCGPzrtXMwc5aZsvvJfxAoosIPAGimYipFRD+VdtcDiNOieEqUAyZgMtVdmUz9HiLt5gtUjvAKy3ez6SGatL6T0j4\/MxMkCWVgNqO1gflx2jJlyzxzrtGrFhhkjd0z9CIWCHBBHEVEE2WFApUHBBBBsQbiPz3keaSQj\/nUhjspaWuAxGxf5QzM7ZYiWFtjphAoDq1eTaheL\/k+nFg\/x9J8ls+qIkmQsyll03lkO5RXwnipPHhWIcAAoqlqr3aiBu6SCz8mJj5Tiu3k06HxUxVXqEPqAbZNKEjyiOZ2wng94MTMSojSWRLZn5ji\/pAxyfqiSx17R9BzrGpwxlalvLJckFwhwQtO1NTNzG0I4LthIkyphWsa0oKk0IJ4AOKkkx8rxmeT5s1ClLWsllDUdydkkMCS9uMS9p8XPm6JapYQJfiBZlNv4qAjfrF8nyQKj8bO+0WdT8bNTMmsVJDJADJSHc0\/yJqTx6QnKUW1aFalOmjurVt14RoMn7NKntMMsyZZAdOo6lnc+J9Iv+0bHAdnpMogpQHSxBcu4q\/scrRnyZ4xdD1j5L9GMlYIFASmWsOwZjuLCl+XlEGE7P4pKlAyipA2UwJcbA9Y+nlVOrtesd6y0IXkR2qHNPTXo+QTJC0+HQoJJJAUKirEP67xYZDmQwkwLDCZLWCKXdnA3s7jmY+nT0BSdJSNPD1EZTN+yKFIKpSjLIqqxBbdz8O9rtDo54N10JnGdC3a3tpMxXeIStXdKVRBCRpHAt+JqGpF6xkpx1LQhFpdAHfxcfl8ucR5jlc+QspmUBU+rjZ2hvLMCla0SzdVEt8RPC1z57Rp\/ZkdotcHk6xq77wajRS0lnZkkJF+pHWPsHYDCyxISoBZWhPd6lkEGz6GajtcA0jF9jOwk5U0LnrmpEpYOlYVpWklykBdNmPnH12XLCQyQABsAwg8WPd+iNnUEEEaAQgggiECCCCIQixMhMxCkKDpUCCORj4Xn2R9wZ6ZzKKFukN8QNlDg4ILbOXNI+8xRdpc2kyZZmGUJygdOlIStQ8xdhWE5oKStvobhyOD0fn3B4XDFTlbHYEgfzEOLy6WFEGYCgDiD5BwftyhrtljZU7FKXLToS\/gSJYRpSLhSNzzcvFNPmJ0h00SX1Joo1qNVj5G0Z+DvTYz6qquKOVyJGkFyakW22b94bRmMmQWSNVB4ixL1tsk1T6RXHDaiAjU13VSlPU+2htOXp71SEOoghIJart94PivbKeX8KiTL8PNxs6ZNdCdKdR1EhwNk7aiWFSKqjc5LkYmlMzEArUkWVYHhWuzlw1m3hXsxlAQSkuCAFqDUJooAb08NN420poy+Tmr4x7GYoN7fRyiQEhkgAcBHRHziXTC0\/EJQpKVFiqiX3LWA5Rz6bZpPecdCYBu0eqkHf6xX5xlQmIKiVDTUEFmAqSN7P6RcVvZbeiTAZmZkyYjSNMthqFPEQSQz2AA9YemqAoQ8ZXIMHiJMtMwAzErOrSQO8BNCxO1Qd7bO0aNTty3JofP5Q7LHi9A4vl2cYrDomjSpOocLdRW4r9N2N\/2XyjCLQlK5SFTkEq1EMo1fUDctQMbdYpkhhZ\/0hnCzGZaPiSXDOCT\/j826w7x8rhKvQObCpKz6DBC2W4wTpaZgBTq2NxsYZjrp2rRzWqCCCCLIEEEEQhxPnJQkqWoJSKlSiAAOJJtHzztp297vQcJMlrSQdaVy5lQd0qo1H\/fbZZtj5QSqWU94SKoFv8AzVZIfrwBj5Dn+AVMn9zLlpSCpQcVSCTZ9kgUHEwjLKXUQ0jMyO1eKlzycLPmStTKCdWuWTw0K8J3q0VeIzOcpZmLKgtyVKqCSaqLvd\/m8ajOOzSpZSJYUVqSCT+E1ZkE71YtTw84hn9mSHkqVp0AqX4VFyCyjVnTfoOcKlUe0TbMlicSpbEKUtW7kkDfd3pV4i\/o1qBNwlTOATUn5m\/pGoTlqZCVsk6leBNLi6yTtSjDj62vZ\/s+uXOlmbLUlCFKUX3YdKPW9QIJSvohnMoyszFBKQtXiAelgHJqwFt+O8fRsqyaWlASpCTpKWJSHSRVRfmWD8hwiwwvZ7uNc0tqmF0IqGLuAWppYi4uBaO8VMEqUrV\/ir1YsT1b1i2qIhDCStOupLkklx6D5Q7JVCUiaHUx3sanm7fi984nlTSLRxZybm7OnCPxJczVNCP7ISVPZT8NgLn0jIY7PdWJR3yFSxL1EB9GqngOoEFOsBg9ieMa7vop8mwRSuYZiUkEpCfypACQzUs\/mYfiklbYM8cn0avD4hExAWhSVINXBBBHGPSZa3QWUCCFC4Yiurg4iomTAiWUy0hPkAGpy9IzOAziZJmlKioKfd9K+sLc6ehkMPJU3s3wQEJ0pASAGowHCnCEpiBv0pc9bRFg8wE1LE+LcU8+NYkmE+kU53sii4unoiSjZ\/R3Pk1usS4c1DUB4fy4hHF4vR4mIABJINAwq\/nakSZdPKwFkaXq36nerxTdKy2\/TNl2cxZ1zZR2ZaaKHxPrvRgWtuTu8X0ZTIJh79J4pUPOx+ojVx2vGnyxpnLzKpsIIII0CgipzrHlJTKQWWtyVf4IHxK89h67RbExkJ+ahJWvTqmTPhSkh9KbElxpSxTe5NtyE5cVYUVZzPnkDuwoaS5Ju4c2Kqq4lRcu7NRk9QQfAkE3cj7b+xBhpCkgFZdZrfUB9K+3iYSuPv39452byGtR7NWPD7Yji0FbkqNLBPgCXYqbSxqa1PpCUzDqBJSVgmj61KLcPE8WszFIQpKCWUqwr1tTblDCkRicsj3bHqMFqjP4VKpVdKFAAjSqWHA4hTXvtXewhmbnySpKVyWWWrWpDJR4gGTc9BD8xDPCM6U1RSjU4cPKHR8qcO9oF4IvrRpJeDUvxlQWpTs1EgbJSPvvXojm2TgaUn8ctYJYfFcVNeVPlCGT40yVOFKCN0OSKMTpchiW+tKxpMYhOLkAy1O7EHgQ7X3Bu0dHFkjljcTJODg6ZgsOpKVG7EBtVTZvVw0MzA1j8opsQsy5plsQy1JZVFVLg6R1MWSS+xjkZFxyNM6OF3FEiDwc++V6\/WJWbfz+4jgLdLeZG3IkekR4PEJdRSoMl0qIIYNcXozRehzY2qW4984Tm5NLWwUHFbiz8DcHyMWUsVpHb7QPuxbZmpuXTJPjlhRQNiXUnm4uCOsW+VZmmYljQgMR7A9IfmmFsUpKEKWAVFrBgTdmJoPOKcU5a7CeW41IizGR3iVIcp1AjVtVqEPU+6GGsNJCEpDUAp5RU5XhZuozpjBa7gfhDghNRe7sbkxZTJ0VN18bFR3svezyv76A+yjtwF\/URr4wGQZiETitSSUpSxUKlLtUNcMKi++8b8GO14f\/ABI5+f72EEEEahJTdrcx7jDKVuohCb3Ua2\/11HpGTygKU8yYXJruNqDyFqbAbxYdtZyZk+TI1J8I7wjd3ZPR2PTnCuJmiWnSG8gBzp74xz\/Inct9L\/ZtwY9ftnU2fV3\/AGjj+rf384rQuouWPG+9ecAXXeObJt7N6x6KLP8AM5upC+6KTKUdPjUddQCT4bAkbi9I02UYrErJM5CEpIBSEkk8nJv8rQrjMMJyDLUogHgfLjF3hpbAC9qndqVhznFxSSMzxuMrs7mpDRWLVxiyxKgxq3yaMfmmaFOIQklIlkG+nxFwxd6OSoAf6HjCXFydIJSSVss1TKe\/f8xLkGcGRNYkhCqEUvQA8hXa9Irzi5ZfStK2vpUFNwtCC1qUo6KJYgk+lB7tAYsjxSthZIKcaRru2GWpmATkgbBRZmH4SfIt0JjK4Ofq5EXHp9YUmYZQSkCbMoaMtQALu4AoC\/ARWSSuWoAmgolVqf4r4vRieEPy5YZtx7BxQlj76NclYZm3Hv3whFOUjve9Se7U+rwj4jV9Y\/ELWYxJg8SFUeu49384eROjPHK4jpJMr8yxWLlq1SUIWg3BKtT8mNPSJ8lzGZNIK5SpdLEuSQ1XevUPS+0O96CX+to61Jv7\/Ywz6sWqoU4u7FcaMTMVpSpEuW4ZYdUyxJoQwNx1iXKctTJBAUsvcqU5P2H7mJDiRHM2eAKnrAyy6oihsnXNAiuxeK0jmaCwrte8Q4jFgHclxQXrS1z5CpjNzszK8QETBoaxcgpANiRSr8SACeJiYsTyP9EnNRNnlGEmCWplgTSSrUR4QWFGeooBzc+UansZmylvKmHxB2BIOkiipYIuwYje\/CKbBI0s3iFwaU6i7AsPKIMZOOHmoxCA41DXUje\/nUp8lGOp406VMy5sftH0qCOZa3AI3DwR0DGYEHvMXiZig41lKXYgaGRpf8wKrbwtjTrUSOg3+URYDHajOUQEkqKvDZ1HUadfrHsmYKVY\/TyPGONly+vzs6uCFbQLWNWo\/JixAHHyax67wrAJoKG3ltDE+ocVNA1BvU+V4RwOME1yni1mLi9Nv2hMnaHp0Tf1IRUxNg+0MtQF0g7kfbY+cRz8JrDO0VY7MKDlCiDWxo\/kaekKXL0X8H95ppx7xNCQ4uLjrsYx2f8AZpKynQahTAFZUNNyS43JP6xOifiZAIAUxpSvyH24iLSQ5Yq+I7\/aCWaUdoVkxR6uyqwuVIllWgAajVt2sK7frDqJQHSHDh2q0QYgtGObbdyDSSVIWXLcwvisMlThhX0htNIYl4eld4pJ+i7MuqXMl+EArTwdlj8qvsYak5mNWnYCiVeFZIsE\/hO28Xa8EC59\/OIJmWJNGHJw45Uh6lf3IGvwLf1lPECnkX+0cHNUN8VByPsRJMyFNSAf\/ElP\/r7rFJnnZ8Kl6gqZR38SjTe5owgowxt02ym5VosJ2bpTQudx5fUmuwjrDTZ85tKNI3JLem79GhDJ8D3SNSylTfiAFuBa\/wC0O4HtUhL1RwLuD9YKop6V0FGMpL8F7g8t08STckUdzwtHX\/TqDr7wBWrfdtLAVFGdVuL+SSe16VD\/AOstwV7rz5Q1hu0JUzSyUl0gjUXIuxNCW+kOhlSer\/oqWCVbX+UOYbBiShKEPoB4ufJzs0MT5YXKIJAAFfT9axHKXqDkFJNQFN4RsKXs8MSl0UCHCg16n3x5w2Mt79gOOjUdlMQV4WWTUgFLu76SQ78KQRi+zHaVOHTOllC1f3iQzMAUop6uesEdTHL4qzlzXyZU5ZOLMT18vf0ixA4Qnj8GJGImg+FOtRSOT+dtJTtzh5EwEOC\/t\/oRHAzwcJtHUxTuKApUzD2YrhlpTiBNQoDUnSoVYm4NLsNUWgWGIjkzKUgY5HEOVSPcLmckqKUrSVC4BDjzq7Q7q98ozmYZKmapKwpUte6ks54PSvqLmO5mGnoQnRMC1sHUpL6rvQFk\/PpDtOqYvfsbzBepQTsKkN0FImRKCRFDk2JmKKjMDKCm2PLZtg\/CsXSphIo+zg9fX94S47aYyK5bGVrcbesIrluYk1DUwB8vY848nTQgaiPNqnoBvAyhYTVHAlEs20NJEdSa2jmYoO3ygVGgLs90x4RHaaxxMU0FRRLIDhogxUtw32jgYwCserxDq\/SI2qDUWUKZbEy2oDQBrXEWuTZVLQFGjndqjmITxaQmYGo4am7F3MWmBmgcgLwUHUi5r4lhJwCDQpBF2IBc7bfPlEmJRLlAqbwgB2ag2I3LVtxVxjhePlo+JYDX\/iI81yxM\/QFKOj8aQSNYB8KabVU\/tt2N62ZJN+hfAYkzUmYAydR0u\/iFCksagsR53FCInK29784fTLSBQD2APoAIWxRABJEBkq9DYS1syk6WCtZ06nVdk+W\/N\/WCHp8pmpcPwuTfnBHUjCkjmydtst+3GAUqZMUkBSkELCQXJSU6SGNA9fMp5UyWWYrVZagaEhTkqe5Y12IpZo+n5vhyZsxTN4UMpn3LgHbZ4y3aTs2Qe+RL1yiHKQ5Uk1JKeRJPhH3jP5OHkm12NxTpqytTilgOUpZ2cK4EhmU1SWF7mJZOOS4Sp0qUaBSWsDvaEZEpNKl2ofEAbsWPERxiJagkgq1pFgQyn3qL+HUOojkJRuno2260aEsAIgnTae3iry3HvKASHag8gWF+keow85RdSgngE+Jup3rsIv3QV6FcnYBZBqo2N+pJL3qecXMsVBJADGps8UOESJcxSVGrAijHd6DnFsJ7t5RJSSm7G4+hpJBS4bkGYi3CI0zS1dg0VkjNkrWqUXStJdlAeJLXS21vWHkK9+\/dYk212XprQ0vEaASOB9axmcHnSlTVuSWPwl\/h4h7Hfo2wi+LKDGotCWY5OiYklOlKxVKmYvW\/EFzFRaemDGk9l9g5yVI1JNIVmrcsA\/WKHJ8eqUoy1gg\/iT52KTvFoZn4iHetfmSIjbTphPHTv0cKq5DtS9G2Lt1rHqJR5hq3AuxB8midKwVOSVb1atrj1jlVKUPKzDl84JxVF8hHMpHeIYKUguCCk1p9YYkYPwaNRe2pNCxLsGsNqRxipoK0IA4k+Q39R8oaTyMR3BJC3TZPlmVyJVUoGolypXiWW5qt+8W4Wffn79IqMPO9IdE9vSGrI32JcEuhjUYVmIM2YmUi61MSPwgfGeVHHmYjmYmhIBURUpSHVdvhuS5HrF12cWiWHmFQnLSaFKkgMH0pJAq1f4h\/j4ebuXQrNk4ql2I4ns9NnLWUsAkhHiJckJSXsXvdzHsaPJF6hNI3mPX8iPTygjqqKezDdHeZn+6QP+0S1G+IVO\/CG8KNUsO9U8SPnfrC2Ykickl9Ilrrs9P2twEey8QmXI1rLJAJUamgobV6CB6bI\/Rle2GSy5aVLSpQVpURLqvWWUQEpdxpvQMAmr1jMyMvUoJUsN\/q7kdd\/wCYs8ZPVNm94Wb8I8LJclRbSSCok1U9TEia3Ecby8sZz+KN+CElHZBLw4SKU91t1jo0hkJeJhKBjJxs0XRmM1wbKTMSPhBYChr8T+gI68YZw8wFD09f0hzHzEBC1a0ugFxqDhg5d7X5xnMpzIqBOkiWpStB4VLauD3i5Y5cbfouORJ0h7F5Yic2r4k2UksoeR4cogxKp6S6E60gW\/GSLhzRvKLOSt7DjEgTt9rwpZGqvaGSSd\/krMDmIKSpTpYAuzAilRdx+u8B7RSLd6ngzG56X5Xiwmp2\/cdYWVg0JU4SLN790aDvG7bv\/oVUhXNZ8lTJmL0rd07qralyHDNyjvJpS5iJqdZCxQEpI0nixu3GxakWUuWm7V47+vCJZQCUpSmgSAkckgMB5NDYyiol3Lr0VWDwipRLlS5ii5Ubf7BIFhQfvFnh5O\/S0ShOo\/eFM5nlgiUplmhqxANHZ38i0SNylbLc0lSK2XiE97NXqcOwNdNPCQDvU\/OGhjBWopfhy6xzh8nSGehAA8LptazV57w9LwhH4lDrFz4yYEbSOZEwA1BUOtOD0aOxO1kpQ78gFWICiCHAYlPrEYy8EsuvmXG4t1hqWnuWVLSmhBUCdKVWfUwqWDVtqPGG4ODl8gMnOtGk7O4LumWUGZMKakJUlxqJHxsNTlr2SnlDuNwbhKlJCUS\/gQL6iNNTwDkBuTRP2dzVM9BUKHV8LkkOASCTT4iqgcAU2IHfaGayAOJjtLio6OY75bPez+GKULJ\/EsltwwCa8\/DBHXZj\/gH5lf8AseMewyPRT7DNz\/clAFiRMA4Ppe27NGQ7TZgQUYdBIfxKN2AAbzB4BqoVeNdnpIMlTlgpQYVJeWtmG5\/WPnuZ4rvMQ4LgApfhpURV6VBenHlGPzJ8IOh2CPKSJMNKAAADCHGAMRINPfrGez5E+VqnS1qWkVEpnGqwP5au3J9o40I83VnQk+Ks0EnFoUtaAQVIPiHDg+wptD5JIp5Rkuy+LUkd3OkrRNWTMUopdCnICdKhRtOkXYM0a2Uffu8Mlj4y4gKXJWZDtVkXfz5aEJOsuVLGpJCWr4gSipA8JD05w3gcgnSU6JhSuXpuaENQJCRQ0uX\/AFjWISOH6+sE8uKCHznyhxAhCp2YiYlclnJUnjvY3EMycQlQdKgYuZ2GChYVpWKTHZICSqWe7O7DwtxYc2jI8HI2kyplPYiBc0jewitmysUh6BYDUBZTbXow4g3hJOfJSQJoUl+A1H5U+cB\/Gn62VyiuzUSJlBHSpvo32ijl50hgJcuao8SkpTyPi6R1Imz5pZQCE8E\/E3n+kR45LsFNMtpmP0eFIdR66RZy27n5R1gsKxJNSqpJu9fTaO8DgUosK+sWeHk2gopvSKdHKJEMSpEMoRaPZhCUkkgAb8IcoIW5WJzZKQp6vCuJWH0s1Kc+UQZjmafhlkk8RalabE8v4PGWYdYPeLUFL60D\/wD5I5N9RFrb0PWPirkOYTHJwswTmLfCpLmoJ+IhqkV+ca7ErTNZaS4rYuHdtubxlMYNb\/C5udjSoY2Gz\/vFhkuJeWZarILCpPhuHKi\/qfpG\/wAbI\/sOf5EN8jS9mf8AgH5l7v8AiLwR32fS0kClFLt+Y\/OCN8ekY5dkXaZKu7QpN0zEn1dH1UI+XJkFE1QWp1OXHB1PR7u8fXszk65SxyceYqk+oEfOc6lBUwzkEs7KcUsKj\/W3UmsY\/Og5Q0afFa5EaDERlpW2uoBCgDxSQ3zYx0Unfelb1+\/7RziSA4NWJrUHha38RyIwcdnV4pqh9E8BgOJ4nm9Y6Xj0IbUQl7P5tFahRHOK3O5S1F00NxRx5RTm7K+nG6fRsMPPSsEguOPu38RKEUb9YwOG\/qUAK0hXk6T1EO4TtSUlluC9SoNy8jTrasGpv2v6I8EX9kv70adKbjd6RwonUSRV7V82EKK7QSCgrKgGBLGgpwPGF8Bmapvj0KQk1QTcp2URs7w1T1foCmnUux9eHA3u9HYuOP2jI9qMEO8kkAAORSp422F6niY1h8RHt6xWZ3KBWhPBzzqK\/aAeRLZH+CqwGFoKORvF7gMM1G97xBhgAG3+sNInlNRxjNHbthSTa0PysPDEuWwhVGMpUN9+XnEqJj+6RqSSENMkxeJTLSVKIA90jOY\/NVzFCWixo254vwEWuaZcZ8ttxzbr5x52WycSnK07PVyd9zf0i1jc3voOGSGON1bF8pygoIUoOWPSrAWoNodx+KRLSSomjUAKj4iyaCu8Xc9qfr8opcXlZmTEqUTpFWDVVQpNnox34Q7glr0Kllcts8TJcfrdokwbImAf5DkLfzDKkM\/3hBM18QlH+qiainiYGnkT1g8EfnYGeVxNzkg\/tcfEr6mCPMj\/AOIfmVx\/yPGCOpHpHPfY+oPSPleIxvdYhcpQLAtWpFtjvUWrYtWv1WPn\/bjKApS1gEqSQoPY66LAYAsCEmpNvUMyuOg8bp7K+ekpVwFw+4F7WhbGTy1EkFtR4kCrVvUP8o6ybHpmStCvEQGQasQaVIdhU1ewruzEvCakm5UHABu4O5GzOKbkRyZ429xOpDIqqRR4fM5ay3wqoClQIIJ8xuz0h8FjWhPOIjhwVORUUt8\/MVDxHmGXS5pBWC+xCim1rRjlxcvaGy5UPSSDZiPlCeJxsl1IQjvJlQwQWcAO6gGcOBfqGMS4DC927E+JiQSVMd2J26cfINSgA7AB70v58YGLgn+QHy9HIyOSoOZYBNwKB+jPaHkYZKAAmgHUR5LxAMczJ9IuUvZFfsmHv7xlcyzEqxDBtABSGH4hc8DcCL+XiKhNXUoJSOJJ+m8JZvkXchCVL1Ca5BBBOsaSohmYE6f1h+LC543IVLJxmkKyyXevDg8WktimhFd7nmzWihws6pFaU99IukTm4bUD2O\/V\/nCsS49mluz2ZsRDOGmPyhWctzen3N7RAjNJKCdUxIZtwx\/jcwy7lop1Wy\/w6jwhozGBL\/xFFi84VLSAiWpalWZh8zyrvQR7lqcRr1zlDSzJSEgFtisimqpsGHWHK0uzLLbIMTmSsQtUnDqqmqleE2Fk6jpUUqYny4xpMMvwjVdg7359YVwqEywyEhLVYAC947SX84ZyXSBp+xhRBVwF94qsEvXiFqGxADHh4n2FvSsWOZzO6kFnKjQNc1tW1TeF8pkaUKULlKlPVipVE7k3I3jVjg1oRkkmjYZEgCRLbcPvvXeCHJEvSlKaUAFLR5G1KlRmZJFJnkr+7LU7BSVINWLtqRXkyr8RF3Fbn8kKkl\/wlJs+4f1BI6xJdEXZ85zvKzKmKmISWQkg38OlHhU4DqB8JepB3pDeDx3egzU0mADUkbuR4m3sRGqxGC1gTE1qRsLcA\/GjUjO4nIJksmZKS1GEs+EaqHws7FgoMaVuGjJLG7tGiOT0xbGICxql1O4DcfV4r0zIdnakAr0kBxqCqFJqG39XhaboWNco8HTV33LHYHzjm+RgcncezXjypaZ7rG0dhUV65yQogmrs3MRInFitWa\/LaOfxlfRotV2PJXAZgAcnl12A4k7CPcIgzaSg6ttbpR6gF2HAekars5kIlHVNZa9iwYE3AGwpQ3qeu3B4csj+WkZ8ueMVog7MdnyP7s9CSSGShSQVJB3VwURcbWi\/zHAJmoKFAV3IBY7EP7pDiVuH5PHrx3YY4wjxRzZTcnbPkec5SqXN0XrSYzJXRiKWWCCG5QphpqqjcUU9D1EfXcfl0uanSpIZ3tvxHPnGAzbs5OkgEapiAHdvEkXZSUUVSlOHCOd5Phe8ZtweVWpFWkPzeje9oWRlMkKfukEi3hS43pTy9I9SopLEg2ZgXepLg1ENJWQWNd\/3jncMkDW5xkO4ctck7h29\/wAmGO9hWWXDivkelxDcrDFtSrXbj58IZjxzn0gJTiuxmUpw9gIkwAKllRs7AMfWtOkJzZ6VHu0CoKQHCglnA4FxYxe4JKJSPEa\/mFTSlN\/nWOhiwpPfoy5MlrRHPy1U6bqNUpDJBANXqRzo\/WGsdlTYddWICTenhUFEE8KQ6Myq0uVMXb8BSK2qpgL77R6JeJmJ0kJkggup9a6\/4iw3uSzC8bUl6MrbLVCgQCLGogiPCSNCEod2DOd49hiAJY5WgEMQCDsbQQRZCuVkcpmSZifyzF8GapItAvK1sAjETAeKghb9CBXnHkEDxRdsTxuQzFWmS1clyw13Pw3cwkOzKklxLlkm+hRlh6VNC+\/yggiuCL5MVm9ltSyVySSpqpXQGt2ILNtW0H\/TMsA\/2VpBNGS5ApQsSWerCloIIH6KL+oyVCG+FEwecqYBzsnesdzMTLQQFTFJ\/wAnRMBFKUI3p8oIInCichtGPlPpE0k0b4iCbJD2Yl62gl51J1AazpZ9TKu40hIZyD4q7NzEeQRChg59hv8AucNizM9wOEdozSXMSCAtQIqUImEPuHAggiJt6IJYgyVqUf6ea5FT3KgSn\/FwmtRY82NhCJycEakYaYQq4J0EdHFKb1ggi3C+yKVdHUrIcQANKEh7gqAbkWFfWGx2ZmqPjnhI4JT8iT9oIIixRLc2x+R2akJfVrX+ZRp5BLCLGRgpaH0S0pcuWSA54x7BBqKXQNsngggiyggggiEP\/9k=\" alt=\"R\u00e9sultat de recherche d'images pour &quot;gif anim\u00e9 biscuit&quot;\" \/><\/span><\/p>\n<p>&nbsp;<\/p>\n<p style=\"text-align: center;\"><span style=\"font-family: georgia,serif;\"><span style=\"color: #ff6600; font-size: large;\"><em><strong>Les disposer sur une feuille de sopalin en couronne sur une assiette, les couvrir d&rsquo;une deuxi\u00e8me feuille de sopalin.<\/strong><\/em><\/span><\/span><\/p>\n<p style=\"text-align: center;\"><span style=\"font-family: georgia,serif;\"><span style=\"color: #ff6600; font-size: large;\"><em><strong>et mettre au micro-ondes 1 minute \u00e0 70% de la puissance de celui ci.<\/strong><\/em><\/span><\/span><\/p>\n<p style=\"text-align: center;\"><span style=\"font-family: georgia,serif;\"><span style=\"color: #ff6600; font-size: large;\"><em><strong>Bonne d\u00e9gustation!<\/strong><\/em><\/span><\/span><\/p>\n<p><img loading=\"lazy\" decoding=\"async\" class=\"aligncenter wp-image-44943 size-full\" src=\"http:\/\/recettes-gourmandes-de-joce.fr\/wp-content\/uploads\/2022\/05\/logitech-gaming-software-14112014-121223.jpg\" alt=\"\" width=\"640\" height=\"144\" srcset=\"http:\/\/recettes-gourmandes-de-joce.fr\/wp-content\/uploads\/2022\/05\/logitech-gaming-software-14112014-121223.jpg 640w, http:\/\/recettes-gourmandes-de-joce.fr\/wp-content\/uploads\/2022\/05\/logitech-gaming-software-14112014-121223-300x68.jpg 300w\" sizes=\"auto, (max-width: 640px) 100vw, 640px\" \/><\/p>\n","protected":false},"excerpt":{"rendered":"<p>Durcir des biscuits ramollis &nbsp; Les disposer sur une feuille de sopalin en couronne sur une assiette, les couvrir d&rsquo;une deuxi\u00e8me feuille de sopalin. et mettre au micro-ondes 1 minute \u00e0 70% de la puissance de celui ci. Bonne d\u00e9gustation!<\/p>\n","protected":false},"author":2,"featured_media":8495,"parent":303,"menu_order":0,"comment_status":"open","ping_status":"closed","template":"","meta":{"footnotes":""},"class_list":["post-11651","page","type-page","status-publish","has-post-thumbnail","hentry","nodate","item-wrap"],"_links":{"self":[{"href":"http:\/\/recettes-gourmandes-de-joce.fr\/index.php\/wp-json\/wp\/v2\/pages\/11651","targetHints":{"allow":["GET"]}}],"collection":[{"href":"http:\/\/recettes-gourmandes-de-joce.fr\/index.php\/wp-json\/wp\/v2\/pages"}],"about":[{"href":"http:\/\/recettes-gourmandes-de-joce.fr\/index.php\/wp-json\/wp\/v2\/types\/page"}],"author":[{"embeddable":true,"href":"http:\/\/recettes-gourmandes-de-joce.fr\/index.php\/wp-json\/wp\/v2\/users\/2"}],"replies":[{"embeddable":true,"href":"http:\/\/recettes-gourmandes-de-joce.fr\/index.php\/wp-json\/wp\/v2\/comments?post=11651"}],"version-history":[{"count":3,"href":"http:\/\/recettes-gourmandes-de-joce.fr\/index.php\/wp-json\/wp\/v2\/pages\/11651\/revisions"}],"predecessor-version":[{"id":56335,"href":"http:\/\/recettes-gourmandes-de-joce.fr\/index.php\/wp-json\/wp\/v2\/pages\/11651\/revisions\/56335"}],"up":[{"embeddable":true,"href":"http:\/\/recettes-gourmandes-de-joce.fr\/index.php\/wp-json\/wp\/v2\/pages\/303"}],"wp:featuredmedia":[{"embeddable":true,"href":"http:\/\/recettes-gourmandes-de-joce.fr\/index.php\/wp-json\/wp\/v2\/media\/8495"}],"wp:attachment":[{"href":"http:\/\/recettes-gourmandes-de-joce.fr\/index.php\/wp-json\/wp\/v2\/media?parent=11651"}],"curies":[{"name":"wp","href":"https:\/\/api.w.org\/{rel}","templated":true}]}}