{"id":11648,"date":"2019-12-04T01:25:42","date_gmt":"2019-12-04T01:25:42","guid":{"rendered":"http:\/\/recettes-gourmandes-de-joce.fr\/?page_id=11648"},"modified":"2023-08-27T13:07:37","modified_gmt":"2023-08-27T13:07:37","slug":"enlever-les-vers-des-cepes","status":"publish","type":"page","link":"http:\/\/recettes-gourmandes-de-joce.fr\/index.php\/index-divers\/trucs-et-astuces\/enlever-les-vers-des-cepes\/","title":{"rendered":"Enlever les vers des c\u00e8pes."},"content":{"rendered":"<p style=\"text-align: center;\"><span style=\"font-family: georgia,serif;\"><span style=\"text-decoration: underline; color: #993300; font-size: x-large;\"><em><strong>Enlever les vers<\/strong><\/em><\/span><span style=\"text-decoration: underline; color: #993300; font-size: x-large;\"><em><strong> des c\u00e8pes<\/strong><\/em><\/span><\/span><\/p>\n<p style=\"text-align: center;\"><span style=\"font-family: georgia,serif;\"><img decoding=\"async\" src=\"https:\/\/encrypted-tbn0.gstatic.com\/images?q=tbn:ANd9GcQqqa9uEdc6fWgQNkE8lj3U28azhiAxMA0T3mTDCGL8HutawX9N6w\" alt=\"R\u00e9sultat de recherche d'images pour &quot;gif anim\u00e9 c\u00e8pes&quot;\" \/><\/span><\/p>\n<p style=\"text-align: center;\"><span style=\"font-family: georgia,serif;\"><span style=\"font-size: large;\"><em><strong><span style=\"color: #993300;\">Etaler vos c\u00e8pes sur un plat apr\u00e8s les avoir nettoy\u00e9s, les espacer, les recouvrir ensuite de film alimentaire que l&rsquo;on ferme herm\u00e9tiquement, laisser les ainsi pendant 1 \u00e0 2 h, les vers priv\u00e9s ainsi d&rsquo;air viendront tout simplement se coller au film alimentaire qu&rsquo;il ne restera plus qu&rsquo;\u00e0 jeter<\/span><\/strong><\/em><\/span><\/span><\/p>\n<p style=\"text-align: center;\"><span style=\"font-family: georgia,serif;\"><span style=\"font-size: large;\"><em><strong><span style=\"color: #993300;\">Bonne cueillette!<\/span><\/strong><\/em><\/span><\/span><\/p>\n<p style=\"text-align: center;\"><img loading=\"lazy\" decoding=\"async\" class=\"alignnone wp-image-44943 size-full\" src=\"http:\/\/recettes-gourmandes-de-joce.fr\/wp-content\/uploads\/2022\/05\/logitech-gaming-software-14112014-121223.jpg\" alt=\"\" width=\"640\" height=\"144\" srcset=\"http:\/\/recettes-gourmandes-de-joce.fr\/wp-content\/uploads\/2022\/05\/logitech-gaming-software-14112014-121223.jpg 640w, http:\/\/recettes-gourmandes-de-joce.fr\/wp-content\/uploads\/2022\/05\/logitech-gaming-software-14112014-121223-300x68.jpg 300w\" sizes=\"auto, (max-width: 640px) 100vw, 640px\" \/><\/p>\n<h3>Commentaires\u00a0<small>(1)<\/small><\/h3>\n<div class=\"items-container\">\n<div class=\"item item-comment media\">\n<div class=\"pull-left\">\n<p>&nbsp;<\/p>\n<p><img decoding=\"async\" class=\"media-object\" src=\"https:\/\/www.gravatar.com\/avatar\/f2225ddd92536988ccfd84bf5f5fba06?d=https%3A%2F%2Fwww.recettes-gourmandes-de-joce.com%2Fmedias%2Fstatic%2Fmanager%2Fim%2Favatar.png?s=50&amp;d=mm\" alt=\"joelle\" width=\"50\" \/><\/p>\n<\/div>\n<div class=\"media-body\">\n<ul class=\"inline item-infos\">\n<li><span class=\"comment-number\">1.<\/span>\u00a0<span class=\"comment-author\"><strong>joelle<\/strong><\/span>\u00a0<span class=\"comment-date\">| 27\/11\/2011<\/span><\/li>\n<\/ul>\n<div class=\"comment-content\">Coucou ma petite Joce,<br \/>\nH\u00e9 ! super id\u00e9e, enfin pour ceux qui en ramasse car moi n&rsquo;y connais fifre et donc laisse les connaisseurs sans charger lol ! moi je mange plus facile non ? mdr<br \/>\nBisous et bon dimanche<br \/>\nLabiloutte<span style=\"text-align: center;\">9<\/span><span style=\"font-size: large;\"><em><strong><span style=\"color: #993300;\"><\/span><\/strong><\/em><\/span><\/div>\n<\/div>\n<\/div>\n<\/div>\n","protected":false},"excerpt":{"rendered":"<p>Enlever les vers des c\u00e8pes Etaler vos c\u00e8pes sur un plat apr\u00e8s les avoir nettoy\u00e9s, les espacer, les recouvrir ensuite de film alimentaire que l&rsquo;on ferme herm\u00e9tiquement, laisser les ainsi pendant 1 \u00e0 2 h, les vers priv\u00e9s ainsi d&rsquo;air viendront tout simplement se coller au film alimentaire qu&rsquo;il ne restera plus qu&rsquo;\u00e0 jeter Bonne &hellip; <\/p>\n<p><a class=\"more-link btn\" href=\"http:\/\/recettes-gourmandes-de-joce.fr\/index.php\/index-divers\/trucs-et-astuces\/enlever-les-vers-des-cepes\/\">Lire la suite<\/a><\/p>\n","protected":false},"author":2,"featured_media":11649,"parent":303,"menu_order":0,"comment_status":"open","ping_status":"closed","template":"","meta":{"footnotes":""},"class_list":["post-11648","page","type-page","status-publish","has-post-thumbnail","hentry","nodate","item-wrap"],"_links":{"self":[{"href":"http:\/\/recettes-gourmandes-de-joce.fr\/index.php\/wp-json\/wp\/v2\/pages\/11648","targetHints":{"allow":["GET"]}}],"collection":[{"href":"http:\/\/recettes-gourmandes-de-joce.fr\/index.php\/wp-json\/wp\/v2\/pages"}],"about":[{"href":"http:\/\/recettes-gourmandes-de-joce.fr\/index.php\/wp-json\/wp\/v2\/types\/page"}],"author":[{"embeddable":true,"href":"http:\/\/recettes-gourmandes-de-joce.fr\/index.php\/wp-json\/wp\/v2\/users\/2"}],"replies":[{"embeddable":true,"href":"http:\/\/recettes-gourmandes-de-joce.fr\/index.php\/wp-json\/wp\/v2\/comments?post=11648"}],"version-history":[{"count":3,"href":"http:\/\/recettes-gourmandes-de-joce.fr\/index.php\/wp-json\/wp\/v2\/pages\/11648\/revisions"}],"predecessor-version":[{"id":56334,"href":"http:\/\/recettes-gourmandes-de-joce.fr\/index.php\/wp-json\/wp\/v2\/pages\/11648\/revisions\/56334"}],"up":[{"embeddable":true,"href":"http:\/\/recettes-gourmandes-de-joce.fr\/index.php\/wp-json\/wp\/v2\/pages\/303"}],"wp:featuredmedia":[{"embeddable":true,"href":"http:\/\/recettes-gourmandes-de-joce.fr\/index.php\/wp-json\/wp\/v2\/media\/11649"}],"wp:attachment":[{"href":"http:\/\/recettes-gourmandes-de-joce.fr\/index.php\/wp-json\/wp\/v2\/media?parent=11648"}],"curies":[{"name":"wp","href":"https:\/\/api.w.org\/{rel}","templated":true}]}}