{"id":11633,"date":"2019-12-04T01:03:47","date_gmt":"2019-12-04T01:03:47","guid":{"rendered":"http:\/\/recettes-gourmandes-de-joce.fr\/?page_id=11633"},"modified":"2024-04-29T12:16:23","modified_gmt":"2024-04-29T12:16:23","slug":"comment-nettoyer-et-assainir-un-lave-vaisselle","status":"publish","type":"page","link":"http:\/\/recettes-gourmandes-de-joce.fr\/index.php\/index-divers\/trucs-et-astuces\/comment-nettoyer-et-assainir-un-lave-vaisselle\/","title":{"rendered":"Comment nettoyer et assainir un lave vaisselle!"},"content":{"rendered":"<p style=\"text-align: center;\"><span style=\"font-family: georgia, palatino, serif;\"><img loading=\"lazy\" decoding=\"async\" src=\"http:\/\/1.bp.blogspot.com\/-V6sQNZZc69A\/TifiwH9ovlI\/AAAAAAAACtU\/zaKWwxic7sg\/s1600\/5yv9javb.gif\" alt=\"\" width=\"172\" height=\"216\" data-cke-saved-src=\"http:\/\/1.bp.blogspot.com\/-V6sQNZZc69A\/TifiwH9ovlI\/AAAAAAAACtU\/zaKWwxic7sg\/s1600\/5yv9javb.gif\" \/><\/span><\/p>\n<p style=\"text-align: center;\"><span style=\"font-family: georgia, palatino, serif;\"><em>Remplisser le r\u00e9servoir de poudre de lavage par du vinaigre blanc et faite tourner \u00e0 vide votre lave vaisselle, il sera n\u00e9ttoy\u00e9 et d\u00e9barras\u00e9 de ses mauvaises odeurs<\/em><\/span><\/p>\n<p style=\"text-align: center;\"><span style=\"font-family: georgia, palatino, serif;\"><em>Vous pouvez \u00e9galement pour une vaisselle plus brillante remplacer le liquide de rin\u00e7age par du vinaigre blanc<\/em><\/span><\/p>\n<p style=\"text-align: center;\"><span style=\"font-family: georgia, palatino, serif;\"><img loading=\"lazy\" decoding=\"async\" src=\"http:\/\/artemias.a.r.pic.centerblog.net\/9404ee77.gif\" alt=\"\" width=\"150\" height=\"119\" data-cke-saved-src=\"http:\/\/artemias.a.r.pic.centerblog.net\/9404ee77.gif\" \/><\/span><\/p>\n<p><span style=\"font-family: georgia, palatino, serif;\"><\/span><\/p>\n<h3>Commentaires\u00a0<small>(3)<\/small><\/h3>\n<div class=\"items-container\">\n<div class=\"item item-comment media\">\n<div class=\"pull-left\">\n<p>&nbsp;<\/p>\n<p><img decoding=\"async\" class=\"media-object\" src=\"https:\/\/www.gravatar.com\/avatar\/99b4c12d52643f53668d70459ff2b8b5?d=https%3A%2F%2Fwww.recettes-gourmandes-de-joce.com%2Fmedias%2Fstatic%2Fmanager%2Fim%2Favatar.png?s=50&amp;d=mm\" alt=\"Djak\" width=\"50\" \/><\/p>\n<\/div>\n<div class=\"media-body\">\n<ul class=\"inline item-infos\">\n<li><span class=\"comment-number\">1.<\/span>\u00a0<span class=\"comment-author\"><strong>Djak<\/strong><\/span>\u00a0<span class=\"comment-date\">| 19\/03\/2014<\/span><\/li>\n<\/ul>\n<div class=\"comment-content\">coucou, M&rsquo;Dame<br \/>\nj&rsquo;esp\u00e8re que vous allez bien ! ici \u00e7a va, comme dab !<br \/>\nje suis tr\u00e8s prise par les comp\u00e9titions de Tir cet apm j&rsquo; entraine les enfants de 7 \u00e0 12 ans j&rsquo;aime \u00e7a bonne journ\u00e9e je vais vite chercher mon vinaigre bisous Djak\n<\/div>\n<div class=\"item item-comment media by-webmaster\">\n<div class=\"pull-left\"><\/div>\n<div class=\"media-body\">\n<ul class=\"inline item-infos\">\n<li><span class=\"comment-author\"><strong>jocelyne debon<\/strong>\u00a0(<a rel=\"nofollow\">site web<\/a>)<\/span>\u00a0<span class=\"comment-date\">| 19\/03\/2014<\/span><\/li>\n<\/ul>\n<div class=\"comment-content\">Coucou<\/div>\n<div class=\"comment-content\">Je vais tr\u00e8s bien heureuse de vous lire, je vous souhaite une belle journ\u00e9e au Tir avec les enfants<\/div>\n<div class=\"comment-content\">A bient\u00f4t , bisouss<\/div>\n<div class=\"comment-content\">Amicalement Joce<\/div>\n<\/div>\n<\/div>\n<\/div>\n<\/div>\n<div class=\"item item-comment media\">\n<div class=\"pull-left\">\n<p>&nbsp;<\/p>\n<\/div>\n<div class=\"media-body\">\n<ul class=\"inline item-infos\">\n<li><span class=\"comment-number\">2.<\/span>\u00a0<span class=\"comment-author\"><strong>zizi3<\/strong><\/span>\u00a0<span class=\"comment-date\">| 11\/11\/2011<\/span><\/li>\n<\/ul>\n<div class=\"comment-content\">tr\u00e8s bonne astuce et qui fonctionne tr\u00e8s bien je le fais depuis bien longtemps dans le lave linge aussi il remplace l&rsquo;assouplissant et le linge ne sent pas le vinaigre<\/div>\n<\/div>\n<\/div>\n<\/div>\n<p>&nbsp;<\/p>\n","protected":false},"excerpt":{"rendered":"<p>Remplisser le r\u00e9servoir de poudre de lavage par du vinaigre blanc et faite tourner \u00e0 vide votre lave vaisselle, il sera n\u00e9ttoy\u00e9 et d\u00e9barras\u00e9 de ses mauvaises odeurs Vous pouvez \u00e9galement pour une vaisselle plus brillante remplacer le liquide de rin\u00e7age par du vinaigre blanc Commentaires\u00a0(3) &nbsp; 1.\u00a0Djak\u00a0| 19\/03\/2014 coucou, M&rsquo;Dame j&rsquo;esp\u00e8re que vous allez &hellip; <\/p>\n<p><a class=\"more-link btn\" href=\"http:\/\/recettes-gourmandes-de-joce.fr\/index.php\/index-divers\/trucs-et-astuces\/comment-nettoyer-et-assainir-un-lave-vaisselle\/\">Lire la suite<\/a><\/p>\n","protected":false},"author":2,"featured_media":11634,"parent":303,"menu_order":0,"comment_status":"open","ping_status":"closed","template":"","meta":{"footnotes":""},"class_list":["post-11633","page","type-page","status-publish","has-post-thumbnail","hentry","nodate","item-wrap"],"_links":{"self":[{"href":"http:\/\/recettes-gourmandes-de-joce.fr\/index.php\/wp-json\/wp\/v2\/pages\/11633","targetHints":{"allow":["GET"]}}],"collection":[{"href":"http:\/\/recettes-gourmandes-de-joce.fr\/index.php\/wp-json\/wp\/v2\/pages"}],"about":[{"href":"http:\/\/recettes-gourmandes-de-joce.fr\/index.php\/wp-json\/wp\/v2\/types\/page"}],"author":[{"embeddable":true,"href":"http:\/\/recettes-gourmandes-de-joce.fr\/index.php\/wp-json\/wp\/v2\/users\/2"}],"replies":[{"embeddable":true,"href":"http:\/\/recettes-gourmandes-de-joce.fr\/index.php\/wp-json\/wp\/v2\/comments?post=11633"}],"version-history":[{"count":8,"href":"http:\/\/recettes-gourmandes-de-joce.fr\/index.php\/wp-json\/wp\/v2\/pages\/11633\/revisions"}],"predecessor-version":[{"id":75027,"href":"http:\/\/recettes-gourmandes-de-joce.fr\/index.php\/wp-json\/wp\/v2\/pages\/11633\/revisions\/75027"}],"up":[{"embeddable":true,"href":"http:\/\/recettes-gourmandes-de-joce.fr\/index.php\/wp-json\/wp\/v2\/pages\/303"}],"wp:featuredmedia":[{"embeddable":true,"href":"http:\/\/recettes-gourmandes-de-joce.fr\/index.php\/wp-json\/wp\/v2\/media\/11634"}],"wp:attachment":[{"href":"http:\/\/recettes-gourmandes-de-joce.fr\/index.php\/wp-json\/wp\/v2\/media?parent=11633"}],"curies":[{"name":"wp","href":"https:\/\/api.w.org\/{rel}","templated":true}]}}